{"text_format":"1","workbook":"xlsx","n_sheets":21,"sheets":["HOME","Region","Country","Multiple Countries","InputNewDisaster","EditRegionCountry","InputEPP","Output_Truc","Multiple_Truc","OL","OLM","ItemRequirementsQ1","Master","StatTrucOut","StatWithOut","ButtonOutputs","GF","Outliers","EPP","ItemData","DisasterSupplyBasis"],"not_rendered":{"charts":4,"images":1,"macros":1,"external_links":0,"defined_names":3,"comments":2,"pivot_tables":0},"unopened":[],"bounds":{"document_bytes":16777216,"sheet_cells":100000,"rows_first":2000,"rows_last":500,"rows_between":2000,"halvings":0,"cell_chars":16384,"cell_head_chars":4096},"cells_cut":0,"cells_raw":0,"read":"whole","date_system":"1900"}

{"sheet":"HOME","index":0,"n_rows":21,"n_cols":6,"rows_kept":21,"cut":false,"hidden":false,"merged":[[2,1,2,4],[14,1,14,3],[36,1,36,2],[37,1,37,2],[38,1,38,2],[35,1,35,2],[36,3,36,4],[37,3,37,4],[38,3,38,4],[35,3,35,4],[20,1,20,3],[44,3,44,4],[40,3,40,4],[48,5,48,7],[46,1,46,2],[40,1,40,2],[41,1,41,2],[42,1,42,2],[43,1,43,2],[44,1,44,2],[45,1,45,2],[45,3,45,4],[46,3,46,4],[41,5,41,7],[42,5,42,7],[43,5,43,7],[39,3,39,4],[41,8,41,9],[35,8,35,9],[35,5,35,7],[36,5,36,7],[37,5,37,7],[38,5,38,7],[39,5,39,7],[40,5,40,7],[40,8,40,9],[41,10,41,11],[42,8,42,9],[43,8,43,9],[41,3,41,4],[42,3,42,4],[43,3,43,4],[36,10,36,11],[37,10,37,11],[38,10,38,11],[39,10,39,11],[40,10,40,11],[50,3,50,4],[47,1,47,2],[48,1,48,2],[49,1,49,2],[50,1,50,2],[49,3,49,4],[47,3,47,4],[48,3,48,4],[44,8,44,9],[49,5,49,7],[50,5,50,7],[45,5,45,7],[46,5,46,7],[47,8,47,9],[45,8,45,9],[46,8,46,9],[44,5,44,7],[47,5,47,7],[46,10,46,11],[47,10,47,11],[47,12,47,14],[44,12,44,14],[45,12,45,14],[46,12,46,14],[43,12,43,14],[42,10,42,11],[43,10,43,11],[44,10,44,11],[45,10,45,11],[8,5,12,6],[14,5,18,6],[20,5,24,6],[41,12,41,14],[42,12,42,14],[36,12,36,14],[37,12,37,14],[38,12,38,14],[39,12,39,14],[40,12,40,14],[35,10,35,11],[35,12,35,14],[36,8,36,9],[37,8,37,9],[38,8,38,9],[39,8,39,9]]}
[]
[]
[null,"View Disaster Statisitcs By:"]
[]
[]
[]
[]
[]
[null,"Input New Disaster Data",null,null,null,"Insert a new disaster occurrence into the database. All new disasters inserted will be used for calculaing disaster statistics."]
[]
[]
[]
[]
[]
[null,"Input EPP Data",null,null,null,"When viewing disaster statistics, if the location/disaster combination lists \"No EPP Record,\" you can insert new EPP data here for that location/disaster."]
[]
[]
[]
[]
[]
[null,"Settings",null,null,null,"The settings allow you to change the region of a country or to insert a new country into the drop down boxes."]

{"sheet":"Region","index":1,"n_rows":5,"n_cols":8,"rows_kept":5,"cut":false,"hidden":false,"merged":[]}
[]
[]
[null,null,"Select a Region",null,null,null,null,"Select a Disaster"]
[]
[null,null,"Region:",null,null,null,null,"Disaster:"]

{"sheet":"Country","index":2,"n_rows":5,"n_cols":8,"rows_kept":5,"cut":false,"hidden":false,"merged":[[2,2,2,4],[2,7,2,9]]}
[]
[]
[null,null,"Select a Country",null,null,null,null,"Select a Disaster"]
[]
[null,null,"Country:",null,null,null,null,"Disaster:"]

{"sheet":"Multiple Countries","index":3,"n_rows":13,"n_cols":8,"rows_kept":13,"cut":false,"hidden":false,"merged":[[2,2,2,4],[2,7,2,9]]}
[]
[]
[null,null,"Select multiple countries:",null,null,null,null,"Select a Disaster:"]
[]
[null,null,"Country 1:",null,null,null,null,"Disaster:"]
[]
[null,null,"Country 2:"]
[]
[null,null,"Country 3:"]
[]
[null,null,"Country 4:"]
[]
[null,null,"Country 5:"]

{"sheet":"InputNewDisaster","index":4,"n_rows":22,"n_cols":9,"rows_kept":22,"cut":false,"hidden":false,"merged":[[0,0,0,1],[0,3,1,5],[3,4,6,4]]}
["Input New Disaster Form",null,null,"Important Notes",null,null,"month","day","year"]
[null,null,null,null,null,null,1,1,2009]
["Disaster Date",null,null,null,null,null,2,2,2010]
["Day",null,null,null,"If you insert disasters in the database, enter all disaters that have occurred in the specified country since your last update. If you only enter some disasters, the data will become skewed and the calculations will not be correct.                                         Updated Dec. 12, 2009 from http://emdat.be/",null,3,3,2011]
["Month",null,null,null,null,null,4,4,2012]
["Year",null,null,null,null,null,5,5,2013]
["Disaster Data",null,null,null,null,null,6,6,2014]
["Country  ",null,null,null,null,null,7,7,2015]
["Disaster Type",null,null,null,"Go to \"Settings\" tab to insert new countries not in the drop-down.",null,8,8,2016]
["Number of People Killed",null,null,null,null,null,null,9,2017]
["Total Number of People Affected  (Not Killed)",null,null,null,null,null,null,20]
[null,null,null,null,null,null,null,21]
[null,null,null,null,null,null,null,22]
[null,null,null,null,null,null,null,23]
[null,null,null,null,null,null,null,24]
[null,null,null,null,null,null,null,25]
[null,null,null,null,null,null,null,26]
[null,null,null,null,null,null,null,27]
[null,null,null,null,null,null,null,28]
[null,null,null,null,null,null,null,29]
[null,null,null,null,null,null,null,30]
[null,null,null,null,null,null,null,31]

{"sheet":"EditRegionCountry","index":5,"n_rows":65,"n_cols":7,"rows_kept":65,"cut":false,"hidden":false,"merged":[[3,6,5,6],[7,6,9,6],[0,5,1,7],[11,6,12,6]]}
["List of Regions","List of Disasters","Country","Change Region for Country",null,"Use this form to:"]
[]
["Asia","Earthquake","Afghanistan","Asia"]
["East and Central Africa","Flood","Angola","Southern Africa",null,null,"Add a new Country: Type country name into first empty cell at the bottom of the left column. Select all country and region cells and use Excel 'Data' menu to alphabetize the list."]
["Latin America and Carribean","Mass Movement","Bangladesh","Asia"]
["Middle East and Europe","Storm","Benin","West Africa"]
["Southern Africa","Volcano","Bolivia","Latin America and Carribean"]
["West Africa","Aggregate","Bosnia-Hercegovenia","Middle East and Europe",null,null,"Assign Countries to Regions: Click on region and select from the drop down list which region you would like the country to be assigned to."]
[null,null,"Brazil","Latin America and Carribean"]
[null,null,"Burundi","East and Central Africa"]
[null,null,"Cambodia","Asia"]
[null,null,"Cameroon","West Africa",null,null,"Click \"Update Database\" button after making changes to this page"]
[null,null,"Chad","West Africa"]
[null,null,"Colombia","Latin America and Carribean"]
[null,null,"Cuba","Latin America and Carribean"]
[null,null,"East Timor","Asia"]
[null,null,"Ecuador","Latin America and Carribean"]
[null,null,"Egypt","Middle East and Europe"]
[null,null,"El Salvador","Latin America and Carribean"]
[null,null,"Ethiopia","East and Central Africa"]
[null,null,"Georgia","Middle East and Europe"]
[null,null,"Ghana","West Africa"]
[null,null,"Guatemala","Latin America and Carribean"]
[null,null,"Haiti","Latin America and Carribean"]
[null,null,"Honduras","Latin America and Carribean"]
[null,null,"India","Asia"]
[null,null,"Indonesia","Asia"]
[null,null,"Jordan","Middle East and Europe"]
[null,null,"Kenya","East and Central Africa"]
[null,null,"Lao P Dem Rep","Asia"]
[null,null,"Liberia","West Africa"]
[null,null,"Madagascar","Southern Africa"]
[null,null,"Malawi","Southern Africa"]
[null,null,"Mali","West Africa"]
[null,null,"Morocco","West Africa"]
[null,null,"Mozambique","Southern Africa"]
[null,null,"Myanmar","Asia"]
[null,null,"Nepal","Asia"]
[null,null,"Nicaragua","Latin America and Carribean"]
[null,null,"Niger","West Africa"]
[null,null,"Pakistan","Asia"]
[null,null,"Papua New Guinea","Asia"]
[null,null,"Peru","Latin America and Carribean"]
[null,null,"Rwanda","East and Central Africa"]
[null,null,"Serbia","Middle East and Europe"]
[null,null,"Serbia Montenegro","Middle East and Europe"]
[null,null,"Sierra Leone","West Africa"]
[null,null,"Somalia","East and Central Africa"]
[null,null,"South Africa","Southern Africa"]
[null,null,"Sri Lanka","Asia"]
[null,null,"Tanzania Uni Rep","East and Central Africa"]
[null,null,"Thailand","Asia"]
[null,null,"Timor-Leste","Asia"]
[null,null,"Togo","West Africa"]
[null,null,"Uganda","East and Central Africa"]
[null,null,"Viet Nam","Asia"]
[null,null,"Yemen","Middle East and Europe"]
[null,null,"Zambia","Southern Africa"]
[null,null,"Zimbabwe","Southern Africa"]
[]
[]
[]
[]
[]
[null,null,null,null,"*See user manual to add more countries beyond here."]

{"sheet":"InputEPP","index":6,"n_rows":7,"n_cols":1,"rows_kept":7,"cut":false,"hidden":false,"merged":[[0,0,0,1]]}
["Input EPP Data"]
[]
["Disaster Data"]
["Country  "]
["Disaster Type"]
["Number of People Killed"]
["Estimated Total Number of People Affected (Not Killed)"]

{"sheet":"Output_Truc","index":7,"n_rows":59,"n_cols":18,"rows_kept":59,"cut":false,"hidden":false,"merged":[[11,1,21,1],[11,3,11,5],[13,3,13,5],[15,3,15,5],[17,3,17,5],[19,3,19,5],[21,3,21,5],[37,2,37,6],[58,2,58,6],[8,7,10,8],[2,5,2,6],[4,5,4,6],[23,3,23,5],[25,3,25,5],[27,3,27,5],[29,3,29,5]]}
[]
[]
[null,"Location","Latin America and Carribean",null,null,"EPP: Population Affected",null,null,"No EPP Record"]
[]
[null,"Disaster","Flood",null,null,"(EMDAT-EPP)% Difference",null,null,"No EPP Record"]
[]
[null,"Mean",122335.40901913044,null,null,null,null,null,null,null,null,null,null,null,null,null,null,0.1]
[null,null,null,null,null,null,null,null,null,null,null,null,null,null,null,null,null,0.2]
[null,"Count",338,null,true,null,"Enter Response Level","Choose a percentage of population affected to respond to.",null,null,null,null,null,null,null,null,null,0.3]
[null,null,null,null,null,null,1,null,null,null,null,null,null,null,null,null,null,0.4]
[null,null,null,null,null,null,"Response Population",null,null,null,null,null,null,null,null,null,null,0.5]
[null,"The population affected is expected to be less than:",null,null,null,null,{"$f":"C12*$G$10","v":0},null,null,null,null,null,null,null,null,null,null,0.6]
[null,null,null,null,null,null,null,null,null,null,null,null,null,null,null,null,null,0.7]
[null,null,4287,"for 20% of disasters",null,null,{"$f":"C14*G10","v":4287},null,null,null,null,null,null,null,null,null,null,0.8]
[null,null,null,null,null,null,null,null,null,null,null,null,null,null,null,null,null,0.9]
[null,null,null,"for 30% of disasters",null,null,{"$f":"C16*G10","v":0},null,null,null,null,null,null,null,null,null,null,1]
[]
[null,null,17973,"for 40% of disasters",null,null,{"$f":"C18*G10","v":17973}]
[]
[null,null,34814,"for 50% of disasters",null,null,{"$f":"C20*G10","v":34814}]
[]
[null,null,60891,"for 60% of disasters",null,null,{"$f":"C22*G10","v":60891}]
[]
[]
[]
[null,null,154808,"for 80% of disasters",null,null,{"$f":"C26*G10","v":154808}]
[]
[null,null,null,null,null,null,{"$f":"C28*G10","v":0}]
[]
[null,null,901538,"for 99% of disasters",null,null,{"$f":"C30*G10","v":901538}]
[]
[]
[]
[]
[]
[]
[]
[null,null,"Seasonality: Number of Disasters By Month"]
[]
[]
[]
[]
[]
[]
[]
[]
[]
[]
[]
[]
[]
[]
[]
[]
[]
[]
[]
[]
[null,null,"Average Population Affected by Disaster Per Year"]

{"sheet":"Multiple_Truc","index":8,"n_rows":61,"n_cols":18,"rows_kept":61,"cut":false,"hidden":false,"merged":[[8,7,10,8],[11,1,21,1],[11,3,11,5],[13,3,13,5],[15,3,15,5],[17,3,17,5],[19,3,19,5],[21,3,21,5],[60,2,60,6],[2,2,2,4],[39,2,39,6],[23,3,23,5],[25,3,25,5],[27,3,27,5],[29,3,29,5],[2,5,2,6],[4,5,4,6]]}
[]
[]
[null,"Locations","Benin, Haiti, Guatemala",null,null,"EPP: Population Affected",null,null,"No EPP Record"]
[]
[null,"Disaster","Flood",null,null,"(EMDAT-EPP)% Difference",null,null,"No EPP Record"]
[]
[null,"Mean",60242.248528712917,null,null,null,null,null,null,null,null,null,null,null,null,null,null,0.1]
[null,null,null,null,null,null,null,null,null,null,null,null,null,null,null,null,null,0.2]
[null,"Count",60,null,true,null,"Enter Response Level","Choose a percentage of population affected to respond to.",null,null,null,null,null,null,null,null,null,0.3]
[null,null,null,null,null,null,1,null,null,null,null,null,null,null,null,null,null,0.4]
[null,null,null,null,null,null,"Response Population",null,null,null,null,null,null,null,null,null,null,0.5]
[null,"The population affected is expected to be less than:",null,null,null,null,{"$f":"C12*$G$10","v":0},null,null,null,null,null,null,null,null,null,null,0.6]
[null,null,null,null,null,null,null,null,null,null,null,null,null,null,null,null,null,0.7]
[null,null,2127,"for 20% of disasters",null,null,{"$f":"C14*G10","v":2127},null,null,null,null,null,null,null,null,null,null,0.8]
[null,null,null,null,null,null,null,null,null,null,null,null,null,null,null,null,null,0.9]
[null,null,null,"for 30% of disasters",null,null,{"$f":"C16*G10","v":0},null,null,null,null,null,null,null,null,null,null,1]
[]
[null,null,9996,"for 40% of disasters",null,null,{"$f":"C18*G10","v":9996}]
[]
[null,null,16667,"for 50% of disasters",null,null,{"$f":"C20*G10","v":16667}]
[]
[null,null,28228,"for 60% of disasters",null,null,{"$f":"C22*G10","v":28228}]
[]
[]
[]
[null,null,89068,"for 80% of disasters",null,null,{"$f":"C26*G10","v":89068}]
[]
[null,null,null,null,null,null,{"$f":"C28*G10","v":0}]
[]
[null,null,381449,"for 99% of disasters",null,null,{"$f":"C30*G10","v":381449}]
[]
[]
[]
[]
[]
[]
[]
[]
[]
[null,null,"Seasonality: Number of Disasters By Month"]
[]
[]
[]
[]
[]
[]
[]
[]
[]
[]
[]
[]
[]
[]
[]
[]
[]
[]
[]
[]
[null,null,"Average Population Affected by Disaster Per Year"]

{"sheet":"OL","index":9,"n_rows":8,"n_cols":6,"rows_kept":8,"cut":false,"hidden":false,"merged":[[3,1,3,5]]}
[]
[]
[]
[null,"Outlier Disasters"]
[null,"Date (M/D/Y)","Region","Country","Disaster Type","Population Affected"]
[null,"11/0/1970","Latin America and Carribean","Colombia","Flood",10531035.741250584]
[null,"1/0/1983","Latin America and Carribean","Brazil","Flood",4403719.7733618664]
[null,"1988-02-02","Latin America and Carribean","Brazil","Flood",4018897.8525434942]

{"sheet":"OLM","index":10,"n_rows":5,"n_cols":6,"rows_kept":5,"cut":false,"hidden":false,"merged":[[3,1,3,5]]}
[]
[]
[]
[null,"Outlier Disasters"]
[null,"Date (M/D/Y)","Region","Country","Disaster Type","Population Affected"]

{"sheet":"ItemRequirementsQ1","index":11,"n_rows":29,"n_cols":9,"rows_kept":29,"cut":false,"hidden":false,"merged":[[3,1,3,5],[8,1,8,5],[20,1,22,1],[21,2,21,5],[12,2,12,5],[15,2,15,5],[5,2,5,5],[10,1,16,1],[4,1,6,1],[18,7,19,8],[10,8,12,8],[3,7,3,8],[4,7,4,8],[14,8,16,8]]}
[]
[]
[null,"ITEM",null,"REQUIREMENT","UNIT","PEOPLE/UNIT"]
[null,"FOOD",null,null,null,null,null,"POPULATION RECEIVING AID"]
[null,1,"BP5",1495546.2184873947,"Bars",2.3800000000000002E-2,null,35594]
[null,null,"<OR>"]
[null,null,"PLUMPY NUT",1495546.2184873947,"Satchets",2.3800000000000002E-2]
[]
[null,"WATER"]
[null,2,"Tap Stands",23.729333333333333,"Tap Stands",1500]
[null,3,"Nor Aid Sanitation Module",1,"Pump Set","All",null,null,"These quantities can be changed to alter number of filtration units"]
[null,null,"Nor Aid Sanitation Filters",3.9548888888888887,"Filters",9000]
[null,null,"<OR>"]
[null,null,"EmWat Unit",1,"Kit","All"]
[null,null,"EmWat Unit Filters",1.7797000000000001,"Filters",20000,null,null,"These quantities can                 be changed to alter               item coverage."]
[null,null,"<OR>"]
[null,null,"PUR Relief Kits",997030.81232492987,"Packets",3.5700000000000003E-2]
[null,4,"Jerry Can",14237.6,"Cans",2.5]
[null,null,null,null,null,null,null,"All calculations will update upon returning to this page."]
[null,"SHELTER"]
[null,5,"Family Tent",7118.8,"Tents",5]
[null,null,"<OR>"]
[null,null,"Plastic Sheeting (4X6 m)",7118.8,"Sheets",5]
[null,6,"Blanket",21442.168674698798,"Blankets",1.66]
[null,7,"Mosquito Net",14237.6,"Nets",2.5]
[null,8,"Plastic Sleeping Mat",14237.6,"Mats",2.5]
[]
[null,"HYGIENE"]
[null,9,"Hygiene Kit",7118.8,"Kits",5]

{"sheet":"Master","index":12,"n_rows":2594,"n_cols":16,"rows_kept":2594,"cut":false,"hidden":true,"merged":[]}
["Day","Month","Year","End  ","Region","Country  ","Location  ","Type  ","Sub Type  ","Killed  ","Tot. Affected  ","Total Population Affected (Killed + Affected)","popVarnum","PopVar Totalpopaffected","E[x] + X*σ T/F","MaxVal"]
[2,1,1902,"1902-02-01","Latin America and Carribean","El Salvador",null,"Earthquake","Tsunami",185,null,185,9.535248041775457,1764.0208877284595,0,402]
[8,4,1902,"1902-08-04","Latin America and Carribean","Guatemala",null,"Volcano","Volcanic eruption",1000,null,1000,10.423076923076923,10423.076923076924,0,6599]
[18,4,1902,"18/04/1902","Latin America and Carribean","Guatemala","Quezaltenango, San Marcos ...","Earthquake","Earthquake (ground shaking)",2000,null,2000,10.423076923076923,20846.153846153848,0,106084]
[4,5,1902,"1902-04-05","Asia","Myanmar","Rangoon","Storm","Tropical cyclone",600,null,600,4.7681344603892271,2860.8806762335362,0,359999]
[24,10,1902,"24/10/1902","Latin America and Carribean","Guatemala",null,"Volcano","Volcanic eruption",6000,null,6000,10.423076923076923,62538.461538461539,0,6599]
[5,4,1905,"1905-05-04","Asia","India","Kangra","Earthquake","Earthquake (ground shaking)",20000,null,20000,5.0173560015489,100347.120030978,0,18701103]
[31,1,1906,"31/01/1906","Latin America and Carribean","Colombia","Tumako","Earthquake","Earthquake (ground shaking)",400,null,400,11.056778389194598,4422.7113556778395,0,86069]
[4,2,1906,"1906-04-02","Latin America and Carribean","Nicaragua","Masaya","Earthquake","Earthquake (ground shaking)",1000,null,1000,12.543933054393305,12543.933054393305,0,24882]
[4,2,1907,"1907-04-02","Asia","Indonesia","Aceh coast (North Sumatra ...","Earthquake","Tsunami",400,null,400,5.6839938239835304,2273.5975295934122,0,455328]
[0,0,1909,"00/00/1909","Asia","Indonesia","Java","Volcano","Volcanic eruption",5500,null,5500,5.6839938239835304,31261.966031909418,0,12865]
[21,1,1909,"21/01/1909","West Africa","Morocco","Tetouan","Earthquake","Earthquake (ground shaking)",100,null,100,6.7810982911835689,678.10982911835686,0,31]
[15,10,1909,"15/10/1909","Asia","Bangladesh","Bakerganj","Storm","Tropical cyclone",172,null,172,5.6926854984892925,979.14190574015834,0,1590000]
[12,11,1909,"1909-12-11","Latin America and Carribean","Haiti","Cul de Sac,Leogane","Storm","Tropical cyclone",150,null,150,5.8993589743589743,884.90384615384619,0,1165220]
[4,10,1913,"1913-04-10","Latin America and Carribean","Peru","Albancay","Earthquake","Earthquake (ground shaking)",150,null,150,7.8889475072540227,1183.3421260881034,0,5070]
[12,8,1915,"1915-12-08","Latin America and Carribean","Haiti","South, Southwest area","Storm","Tropical cyclone",1600,null,1600,5.8993589743589743,9438.9743589743593,0,1165220]
[21,11,1916,"21/11/1916","Asia","India","Cuddalore, Pondicherry","Storm","Tropical cyclone",300,null,300,4.0944733938749147,1228.3420181624745,0,1010100]
[21,1,1917,"21/01/1917","Asia","Indonesia","Bali","Earthquake","Earthquake (ground shaking)",15000,null,15000,4.3060476242287438,64590.714363431158,0,455328]
[29,12,1917,"29/12/1917","Latin America and Carribean","Guatemala","Guatemala city","Earthquake","Earthquake (ground shaking)",2650,null,2650,7.493451563593025,19857.646643521515,0,106084]
[0,5,1919,"00/05/1919","Asia","Indonesia","Small Island between Java ...","Volcano","Volcanic eruption",5000,null,5000,4.3060476242287438,21530.23812114372,0,12865]
[7,5,1923,"1923-07-05","Asia","Bangladesh","Cox's Bazar, Chittagong","Storm","Tropical cyclone",6,25000,25006,4.5777759525921464,114471.86547051922,0,1590000]
[23,9,1924,"23/09/1924","Asia","India","Punjab province","Storm","Tropical cyclone",1242,1000000,1001242,4.0944733938749147,4099558.7298301072,0,1010100]
[2,12,1924,"1924-02-12","Asia","Indonesia","Wonosobo (Central Java)","Earthquake","Earthquake (ground shaking)",727,11250,11977,4.3060476242287438,51573.532395387665,0,455328]
[19,5,1926,"19/05/1926","Asia","Myanmar","Arrakan","Storm","Tropical cyclone",2700,40000,42700,3.6287049559745808,154945.70162011459,0,359999]
[20,10,1926,"20/10/1926","Latin America and Carribean","Cuba","Havana and suburbs","Storm","Tropical cyclone",600,null,600,4.4530596786956824,2671.8358072174096,0,498895]
[5,11,1926,"1926-05-11","Latin America and Carribean","Colombia","Pereira","Mass Movement","Landslide",100,null,100,7.4350920931480236,743.50920931480232,0,4500]
[11,7,1927,"1927-11-07","Middle East and Europe","Jordan","Nablus","Earthquake","Earthquake (ground shaking)",242,null,242,15.694834888546943,3798.15004302836,0,242]
[23,7,1927,"23/07/1927","Asia","India","Gujarat, Ahmedabad, Barod ...","Storm","Tropical cyclone",56,40010,40066,4.0944733938749147,164049.17099899234,0,1010100]
[1,11,1927,"1927-01-11","Asia","India","Nellore","Storm","Tropical cyclone",629,null,629,4.0944733938749147,2575.4237647473215,0,1010100]
[1,12,1927,"1927-01-12","Asia","Indonesia","Sulawesi, Donggala","Earthquake","Earthquake (ground shaking)",50,50,100,4.3060476242287438,430.60476242287439,0,455328]
[4,8,1928,"1928-04-08","Asia","Indonesia","Flores sea","Earthquake","Tsunami",128,null,128,4.3060476242287438,551.1740959012792,0,455328]
[19,10,1928,"19/10/1928","Asia","India","Godavari, Vizagapatnam","Flood",null,36,2000,2036,4.0944733938749147,8336.3478299293256,0,5500325]
[0,0,1929,"00/00/1929","Latin America and Carribean","Guatemala",null,"Volcano","Volcanic eruption",5000,null,5000,7.493451563593025,37467.257817965125,0,6599]
[0,0,1930,"00/00/1930","Asia","Indonesia",null,"Volcano","Volcanic eruption",1369,null,1369,4.3060476242287438,5894.9791975691505,0,12865]
[5,5,1930,"1930-05-05","Asia","Myanmar","Pegu, Rangoon","Earthquake","Earthquake (ground shaking)",500,null,500,3.6287049559745808,1814.3524779872903,0,91070]
[31,3,1931,"31/03/1931","Latin America and Carribean","Nicaragua","Managua","Earthquake","Earthquake (ground shaking)",1000,null,1000,9.0023854707303492,9002.385470730349,0,24882]
[10,9,1931,"1931-10-09","Latin America and Carribean","Honduras",null,"Storm","Tropical cyclone",1500,null,1500,10.780404612159328,16170.606918238993,0,608000]
[13,12,1931,"13/12/1931","Asia","Indonesia",null,"Volcano","Volcanic eruption",1300,null,1300,4.3060476242287438,5597.8619114973671,0,12865]
[14,5,1932,"14/05/1932","Asia","Indonesia","Tondano (North Sulawesi)","Earthquake","Earthquake (ground shaking)",6,3075,3081,4.3060476242287438,13266.93273024876,0,455328]
[9,11,1932,"1932-09-11","Latin America and Carribean","Cuba","Santa Cruz Del Sur (Camag ...","Storm","Tropical cyclone",2500,null,2500,4.4530596786956824,11132.649196739207,0,498895]
[15,1,1934,"15/01/1934","Asia","India","Bihar province","Earthquake","Earthquake (ground shaking)",6000,null,6000,4.0944733938749147,24566.840363249488,0,18701103]
[15,1,1934,"15/01/1934","Asia","Nepal","Eastern Nepal","Earthquake","Earthquake (ground shaking)",9040,null,9040,4.6194613044085218,41759.93019185304,0,80147]
[8,6,1934,"1934-08-06","Latin America and Carribean","El Salvador",null,"Storm","Tropical cyclone",2000,null,2000,6.6500982476918526,13300.196495383705,0,256336]
[0,0,1935,"00/00/1935","Asia","India",null,"Storm","Tropical cyclone",60000,null,60000,4.0944733938749147,245668.40363249488,0,1010100]
[31,5,1935,"31/05/1935","Asia","Pakistan","Quetta (Baluchistan)","Earthquake","Earthquake (ground shaking)",60000,null,60000,5.8926010907168536,353556.06544301123,0,1266453]
[28,9,1935,"28/09/1935","Latin America and Carribean","Cuba",null,"Storm","Tropical cyclone",35,500,535,4.4530596786956824,2382.3869281021903,0,498895]
[21,10,1935,"21/10/1935","Latin America and Carribean","Haiti",null,"Storm","Tropical cyclone",2150,null,2150,4.4354721897949219,9536.2652080590815,0,1165220]
[13,11,1935,"13/11/1935","Asia","India","Madras, Negapatam","Storm",null,100,null,100,4.0944733938749147,409.44733938749147,0,1010100]
[21,4,1936,"21/04/1936","Asia","Myanmar","Arakan Coast","Storm","Tropical cyclone",1000,150000,151000,3.6287049559745808,547934.44835216168,0,359999]
[28,10,1936,"28/10/1936","Asia","India","Guntur (Madras)","Storm","Tropical cyclone",233,null,233,4.0944733938749147,954.01230077285516,0,1010100]
[29,5,1937,"29/05/1937","Asia","Papua New Guinea","Rabaul","Volcano","Volcanic eruption",506,7500,8006,4.3617588075139935,34920.241012957034,0,0]
[20,5,1938,"20/05/1938","Asia","Indonesia","Tomini Gulf (Central Sula ...","Earthquake","Earthquake (ground shaking)",17,4710,4727,4.3060476242287438,20354.687119729271,0,455328]
[24,5,1940,"24/05/1940","Latin America and Carribean","Peru","Callao","Earthquake","Earthquake (ground shaking)",249,null,249,5.903533101196774,1469.9797421979968,0,5070]
[21,5,1941,"21/05/1941","Asia","Bangladesh","Bhola, East Meghna estuar ...","Storm","Tropical cyclone",5000,null,5000,3.4628664066950008,17314.332033475002,0,1590000]
[14,5,1942,"14/05/1942","Latin America and Carribean","Ecuador","Guayas province","Earthquake","Earthquake (ground shaking)",200,null,200,4.3890207715133531,877.80415430267067,0,200000]
[0,10,1942,"00/10/1942","Asia","Bangladesh","West Sundarbans","Storm","Tropical cyclone",61000,null,61000,3.4628664066950008,211234.85080839504,0,1590000]
[14,10,1942,"14/10/1942","Asia","India","Orissa, West Bengal","Storm","Tropical cyclone",40000,null,40000,3.1715907862009298,126863.63144803719,0,1010100]
[30,1,1943,"30/01/1943","Latin America and Carribean","Peru","Yanaoca","Earthquake","Earthquake (ground shaking)",200,null,200,3.9181186951395257,783.62373902790512,0,5070]
[23,7,1943,"23/07/1943","Asia","Indonesia","Jogyakarta (Central Java) ...","Earthquake","Earthquake (ground shaking)",213,16096,16309,2.9281014244739572,47754.406131745767,0,455328]
[24,7,1943,"24/07/1943","Asia","India","Rajputana","Storm","Tropical cyclone",5000,null,5000,3.1715907862009298,15857.953931004649,0,1010100]
[3,10,1943,"1943-03-10","Asia","India","Madras","Storm",null,null,30000,30000,3.1715907862009298,95147.723586027889,0,1010100]
[14,6,1944,"14/06/1944","Asia","India","Assam","Storm","Tropical cyclone",304,null,304,3.1715907862009298,964.16359900508269,0,1010100]
[27,7,1944,"27/07/1944","Asia","Pakistan","Karachi","Storm","Tropical cyclone",null,10000,10000,4.4939413911985397,44939.413911985401,0,536171]
[18,9,1945,"18/09/1945","Asia","India","Gujarat, Punjab","Storm","Tropical cyclone",null,2000,2000,3.1715907862009298,6343.1815724018597,0,1010100]
[27,11,1945,"27/11/1945","Asia","Pakistan","Makran","Earthquake","Earthquake (ground shaking)",4000,null,4000,4.4939413911985397,17975.765564794157,0,1266453]
[0,11,1946,"00/11/1946","Asia","India",null,"Earthquake","Earthquake (ground shaking)",400,null,400,3.1715907862009298,1268.636314480372,0,18701103]
[10,11,1946,"1946-10-11","Latin America and Carribean","Peru","Ancash, Quiches","Earthquake","Earthquake (ground shaking)",1400,null,1400,3.9181186951395257,5485.3661731953362,0,5070]
[21,10,1947,"21/10/1947","Asia","Bangladesh","Cox's Bazar, Chittagong","Storm","Tropical cyclone",500,null,500,3.4628664066950008,1731.4332033475005,0,1590000]
[1,11,1947,"1947-01-11","Latin America and Carribean","Peru","Satipo","Earthquake","Earthquake (ground shaking)",233,null,233,3.9181186951395257,912.92165596750954,0,5070]
[18,9,1948,"18/09/1948","Asia","India","Assam","Mass Movement","Landslide",500,null,500,3.1715907862009298,1585.7953931004649,0,100160]
[5,10,1948,"1948-05-10","Latin America and Carribean","Cuba",null,"Storm","Tropical cyclone",11,300,311,1.983923941227312,617.00034572169398,0,498895]
[0,12,1948,"00/12/1948","Latin America and Carribean","Brazil",null,"Flood",null,200,null,200,3.7629436970229966,752.58873940459932,0,3021023]
[0,0,1949,"00/00/1949","Latin America and Carribean","Colombia",null,"Volcano","Volcanic eruption",1000,null,1000,3.8134057971014492,3813.405797101449,0,7076]
[0,5,1949,"00/05/1949","Latin America and Carribean","Brazil",null,"Storm",null,100,null,100,3.7629436970229966,376.29436970229966,0,270050]
[5,8,1949,"1949-05-08","Latin America and Carribean","Ecuador","Pelileo, Ambato","Earthquake","Earthquake (ground shaking)",6000,100000,106000,4.3890207715133531,465236.20178041543,0,200000]
[0,10,1949,"00/10/1949","Latin America and Carribean","Guatemala","East","Flood",null,40000,null,40000,4.5638262041091275,182553.04816436511,0,476827]
[27,10,1949,"27/10/1949","Asia","India","East & West Godavari dist ...","Storm","Tropical cyclone",1000,null,1000,3.1715907862009298,3171.5907862009299,0,1010100]
[0,0,1950,"00/00/1950","Asia","Pakistan",null,"Flood",null,2900,null,2900,4.4939413911985397,13032.430034475765,0,4800474]
[21,5,1950,"21/05/1950","Latin America and Carribean","Peru","Cusco","Earthquake","Earthquake (ground shaking)",83,200,283,3.9181186951395257,1108.8275907244858,0,5070]
[0,6,1950,"00/06/1950","Asia","India",null,"Flood",null,100,null,100,3.1715907862009298,317.159078620093,0,5500325]
[9,7,1950,"1950-09-07","Latin America and Carribean","Colombia","Santander","Earthquake","Earthquake (ground shaking)",150,40000,40150,3.8134057971014492,153108.2427536232,0,86069]
[11,7,1950,"1950-11-07","Asia","India","Saurashtra","Flood","General flood",45,25000,25045,3.1715907862009298,79432.491240402291,0,5500325]
[15,8,1950,"15/08/1950","Asia","India","Assam province","Earthquake","Earthquake (ground shaking)",1500,null,1500,3.1715907862009298,4757.3861793013948,0,18701103]
[0,0,1951,"00/00/1951","Asia","Indonesia",null,"Volcano","Volcanic eruption",1300,null,1300,2.9281014244739572,3806.5318518161444,0,12865]
[0,1,1951,"00/01/1951","West Africa","Morocco",null,"Flood",null,131,null,131,3.3851011452424276,443.44825002675799,0,266455]
[15,1,1951,"20/01/1951","Asia","Papua New Guinea",null,"Volcano","Volcanic eruption",3000,null,3000,4.2953257790368271,12885.977337110482,0,0]
[0,5,1951,"00/05/1951","Asia","Bangladesh",null,"Storm",null,200,null,200,3.4628664066950008,692.57328133900012,0,1590000]
[6,5,1951,"1951-06-05","Latin America and Carribean","El Salvador","Jucuapa, Chinameca","Earthquake","Earthquake (ground shaking)",1000,null,1000,3.7649484536082474,3764.9484536082473,0,402]
[0,8,1951,"00/08/1951","Latin America and Carribean","Nicaragua",null,"Earthquake","Earthquake (ground shaking)",500,null,500,5.4608378870673953,2730.4189435336975,0,24882]
[0,9,1952,"00/09/1952","Asia","India",null,"Storm",null,350,null,350,3.1715907862009298,1110.0567751703254,0,1010100]
[26,11,1952,"26/11/1952","Asia","India","Tanjore, Tiruchi","Storm","Tropical cyclone",400,1000000,1000400,3.1715907862009298,3172859.42251541,0,1010100]
[0,2,1953,"00/02/1953","Asia","Indonesia",null,"Flood",null,114,null,114,2.6920170627666056,306.88994515539304,0,3183701]
[26,9,1953,"26/09/1953","Asia","Viet Nam","Southern coast","Storm","Tropical cyclone",1000,null,1000,3.2291801860263898,3229.1801860263899,0,1084809]
[10,6,1954,"1954-10-06","Asia","Afghanistan","North Region","Earthquake","Earthquake (ground shaking)",2000,null,2000,3.275334608030593,6550.6692160611856,0,121635]
[12,7,1954,"1954-12-07","Latin America and Carribean","Colombia","Medellin","Mass Movement","Landslide",140,null,140,3.2532381513099793,455.45334118339713,0,4500]
[0,8,1954,"00/08/1954","Asia","Pakistan",null,"Flood",null,300,null,300,3.9896700724670295,1196.9010217401089,0,4800474]
[5,10,1954,"18/10/1954","Latin America and Carribean","Haiti","Southwestern","Storm","Tropical cyclone",410,250000,250410,2.7349182763744428,684850.88558692427,0,1165220]
[22,10,1954,"22/10/1954","Latin America and Carribean","Haiti","Berly","Mass Movement","Landslide",262,null,262,2.7349182763744428,716.548588410104,0,83]
[0,4,1955,"00/04/1955","Asia","Indonesia",null,"Mass Movement","Landslide",405,null,405,2.6920170627666056,1090.2669104204754,0,204817]
[0,6,1955,"00/06/1955","Asia","Thailand",null,"Earthquake","Tsunami",500,null,500,2.8316489701931689,1415.8244850965843,0,700055]
[28,9,1955,"28/09/1955","Asia","India","Punjab","Storm","Tropical cyclone",1500,375000,376500,2.9018077117159904,1092530.6034610705,0,1010100]
[28,11,1955,"28/11/1955","Asia","India","Tanjore","Storm","Tropical cyclone",500,null,500,2.9018077117159904,1450.9038558579953,0,1010100]
[0,12,1955,"00/12/1955","Asia","India",null,"Storm",null,120,null,120,2.9018077117159904,348.21692540591886,0,1010100]
[0,4,1956,"00/04/1956","Southern Africa","Mozambique",null,"Storm","Tropical cyclone",107,null,107,3.2528752580359774,348.05765260984958,0,549405]
[29,5,1956,"29/05/1956","Asia","India","Parganas, Midnapore (West ...","Storm","Tropical cyclone",null,1000000,1000000,2.9018077117159904,2901807.7117159902,0,1010100]
[10,6,1956,"1956-10-06","Asia","Afghanistan","Kabul","Earthquake","Earthquake (ground shaking)",100,2000,2100,3.275334608030593,6878.2026768642454,0,121635]
[21,7,1956,"21/07/1956","Asia","India","Anjar, Kutch area","Earthquake","Earthquake (ground shaking)",113,219,332,2.9018077117159904,963.40016028970877,0,18701103]
[0,8,1956,"00/08/1956","Asia","Pakistan",null,"Flood",null,270,null,270,3.9896700724670295,1077.210919566098,0,4800474]
[1,8,1956,"1956-01-08","Asia","India","Gujarat, Saurashtra, Kutc ...","Flood",null,null,2000,2000,2.9018077117159904,5803.6154234319811,0,5500325]
[9,9,1956,"1956-09-09","Asia","India","Bihar, Uttar Pradesh","Flood",null,100,75000,75100,2.9018077117159904,217925.75914987086,0,5500325]
[0,12,1956,"00/12/1956","Asia","Indonesia",null,"Storm","Tropical cyclone",300,null,300,2.6920170627666056,807.60511882998162,0,556020]
[9,9,1957,"1957-09-09","Asia","India","Madya Pradesh, Uttar Prad ...","Flood",null,42,10000,10042,2.9018077117159904,29139.953041051976,0,5500325]
[0,12,1957,"00/12/1957","Latin America and Carribean","Brazil",null,"Flood",null,112,null,112,3.2554634635930975,364.61190792242689,0,3021023]
[0,12,1957,"00/12/1957","Asia","Papua New Guinea","Manam","Volcano","Volcanic eruption",null,3200,3200,3.9255663430420711,12561.812297734628,0,0]
[25,12,1957,"25/12/1957","Asia","Sri Lanka","Spate","Storm","Tropical cyclone",200,250000,250200,2.4745801702323442,619139.95859213255,0,501325]
[16,10,1958,"16/10/1958","Asia","India","Vishakhapatam","Storm",null,null,20000,20000,2.6338716594109024,52677.433188218049,0,1010100]
[20,10,1958,"20/10/1958","Asia","Bangladesh",null,"Storm","Tropical cyclone",500,null,500,2.8953528840693861,1447.6764420346931,0,1590000]
[15,11,1958,"15/11/1958","Asia","India","Madras city","Flood",null,5,5000,5005,2.6338716594109024,13182.527655351567,0,5500325]
[0,6,1959,"00/06/1959","Latin America and Carribean","Colombia",null,"Flood",null,184,null,184,2.7709521720052654,509.85519964896883,0,1207119]
[0,7,1959,"00/07/1959","Asia","Pakistan",null,"Flood",null,100,null,100,3.518308293805942,351.8308293805942,0,4800474]
[0,7,1959,"00/07/1959","Asia","India",null,"Flood",null,104,null,104,2.6338716594109024,273.92265257873385,0,5500325]
[4,7,1959,"1959-04-07","Asia","India","Kutch","Flood",null,17,13000,13017,2.6338716594109024,34285.107390551719,0,5500325]
[0,9,1959,"00/09/1959","Latin America and Carribean","Brazil",null,"Flood",null,100,null,100,2.8049794267382664,280.49794267382663,0,3021023]
[0,9,1959,"00/09/1959","Asia","India",null,"Flood",null,500,null,500,2.6338716594109024,1316.9358297054512,0,5500325]
[0,0,1960,"00/00/1960","Asia","Bangladesh",null,"Flood",null,10000,null,10000,2.8953528840693861,28953.52884069386,0,4100012]
[29,2,1960,"29/02/1960","West Africa","Morocco","Agadir","Earthquake","Earthquake (ground shaking)",12000,25000,37000,2.5458423891169604,94196.168397327536,0,31]
[17,3,1960,"17/03/1960","Asia","Papua New Guinea","Manam","Volcano","Volcanic eruption",null,2000,2000,3.5302677532013971,7060.5355064027945,0,0]
[0,9,1960,"00/09/1960","Asia","India",null,"Flood",null,155,null,155,2.6338716594109024,408.25010720868988,0,5500325]
[0,10,1960,"00/10/1960","Latin America and Carribean","Nicaragua",null,"Flood",null,325,null,325,4.0160750167448089,1305.224380442063,0,871560]
[9,10,1960,"1960-09-10","Asia","Bangladesh","Noakhali, Off-Shore Islan ...","Storm","Tropical cyclone",3000,null,3000,2.8953528840693861,8686.0586522081576,0,1590000]
[30,10,1960,"30/10/1960","Asia","Bangladesh","Chittagong area, Off-Shor ...","Storm","Tropical cyclone",5149,200000,205149,2.8953528840693861,593978.74881395046,0,1590000]
[10,11,1960,"1960-10-11","Asia","India","Maduri, Madras City","Flood",null,5,160000,160005,2.6338716594109024,421432.63486404147,0,5500325]
[0,3,1961,"00/03/1961","Asia","Bangladesh",null,"Storm",null,266,null,266,2.8953528840693861,770.16386716245665,0,1590000]
[9,5,1961,"1961-09-05","Asia","Bangladesh","Megna Eestuary","Storm","Tropical cyclone",11000,null,11000,2.8953528840693861,31848.881724763247,0,1590000]
[0,7,1961,"00/07/1961","Asia","India","North","Flood",null,2000,null,2000,2.6338716594109024,5267.7433188218047,0,5500325]
[6,9,1961,"1961-06-09","Asia","India","Central, West India","Flood",null,null,2000,2000,2.6338716594109024,5267.7433188218047,0,5500325]
[0,10,1961,"00/10/1961","Latin America and Carribean","Honduras",null,"Storm","Tropical cyclone",275,null,275,4.0927254098360653,1125.499487704918,0,608000]
[0,10,1961,"00/10/1961","Asia","India",null,"Flood",null,1000,null,1000,2.6338716594109024,2633.8716594109023,0,5500325]
[0,11,1961,"00/11/1961","East and Central Africa","Somalia",null,"Flood",null,200,null,200,3.4208389715832204,684.16779431664406,0,299052]
[10,1,1962,"1962-10-01","Latin America and Carribean","Peru","Ranrahirca area","Mass Movement","Landslide",300,30000,30300,3.0114792065250229,91247.819957708198,0,330250]
[0,7,1962,"00/07/1962","Latin America and Carribean","Colombia",null,"Earthquake","Earthquake (ground shaking)",112,null,112,2.7709521720052654,310.34664326458972,0,86069]
[0,8,1962,"00/08/1962","Asia","India",null,"Flood",null,100,null,100,2.6338716594109024,263.38716594109025,0,5500325]
[0,8,1962,"00/08/1962","Latin America and Carribean","Colombia",null,"Flood",null,135,null,135,2.7709521720052654,374.07854322071086,0,1207119]
[16,9,1962,"16/09/1962","Asia","India","Punjab, Delhi, M.P.","Storm",null,null,40000,40000,2.6338716594109024,105354.8663764361,0,1010100]
[27,10,1962,"27/10/1962","Asia","Thailand",null,"Storm","Tropical cyclone",769,null,769,2.4135863046559809,1856.0478682804494,0,450213]
[3,1,1963,"1963-03-01","Asia","Indonesia","Bali","Volcano","Volcanic eruption",1584,78000,79584,2.1937627534897159,174588.41497372556,0,12865]
[0,4,1963,"00/04/1963","Asia","Afghanistan",null,"Flood",null,107,null,107,2.6478450627386798,283.31942171303876,0,300013]
[0,4,1963,"00/04/1963","Asia","India",null,"Storm","Tropical cyclone",112,null,112,2.3700875215167163,265.44980240987223,0,1010100]
[0,5,1963,"00/05/1963","Asia","Indonesia",null,"Volcano","Volcanic eruption",106,null,106,2.1937627534897159,232.53885186990988,0,12865]
[25,5,1963,"25/05/1963","Asia","Myanmar","Akyab","Storm","Tropical cyclone",null,200,200,1.9453422625015038,389.06845250030074,0,359999]
[28,5,1963,"28/05/1963","Asia","Bangladesh","Chittagong, Noakhali","Storm","Tropical cyclone",22000,1000000,1022000,2.6220224271780239,2679706.9205759405,0,1590000]
[0,7,1963,"00/07/1963","Asia","India",null,"Flood",null,200,null,200,2.3700875215167163,474.01750430334329,0,5500325]
[10,8,1963,"1963-10-08","Asia","Nepal","Trisuli","Mass Movement","Landslide",150,null,150,2.6654391456453692,399.81587184680541,0,150]
[8,9,1963,"1963-08-09","Asia","India","Orissa, Uttar Pradesh, Pu ...","Storm",null,200,5000000,5000200,2.3700875215167163,11850911.625087885,0,1010100]
[4,10,1963,"1963-04-10","Latin America and Carribean","Cuba","All country","Storm","Tropical cyclone",1750,null,1750,1.4695262483994878,2571.6709346991038,0,498895]
[4,10,1963,"1963-08-10","Latin America and Carribean","Haiti","South West End Hispaniola ...","Storm","Tropical cyclone",5000,null,5000,2.2479237909135321,11239.618954567661,0,1165220]
[14,11,1963,"15/11/1963","Latin America and Carribean","Haiti","Grand Riviare du Nord","Flood",null,500,null,500,2.2479237909135321,1123.9618954567661,0,1588122]
[0,12,1963,"00/12/1963","West Africa","Morocco","Tanger, Gharb area","Flood",null,100,null,100,2.2484714915398833,224.84714915398834,0,266455]
[0,1,1964,"00/01/1964","Latin America and Carribean","Brazil","Bahia state","Flood",null,100,100000,100100,2.4202159026632808,242263.61185659442,0,3021023]
[0,4,1964,"00/04/1964","Latin America and Carribean","Brazil","Northeastern states","Flood",null,null,15000,15000,2.4202159026632808,36303.238539949212,0,3021023]
[12,4,1964,"1964-12-04","Asia","Bangladesh","Jessore district","Storm","Tropical cyclone",300,800,1100,2.6220224271780239,2884.2246698958261,0,1590000]
[0,5,1964,"00/05/1964","East and Central Africa","Tanzania Uni Rep","Pangani river basin","Flood","General flood",null,13900,13900,3.5293176074136476,49057.514743049702,0,201597]
[0,5,1964,"00/05/1964","East and Central Africa","Kenya","Nyanza, Western Regions","Flood",null,null,15000,15000,4.1938422871504866,62907.6343072573,0,900086]
[7,5,1964,"1964-07-05","East and Central Africa","Tanzania Uni Rep","Northern","Earthquake","Earthquake (ground shaking)",4,500,504,3.5293176074136476,1778.7760741364784,0,6500]
[12,6,1964,"1964-12-06","Asia","Pakistan","Coast, Low Indus valley","Storm","Tropical cyclone",450,400000,400450,3.0833463779459085,1234726.057048439,0,536171]
[0,7,1964,"00/07/1964","Asia","India","Assam, Bihar, Punjab","Flood",null,145,752210,752355,2.3700875215167163,1783147.1972507092,0,5500325]
[0,7,1964,"00/07/1964","Asia","Bangladesh","Rangpur, Comilla","Flood",null,null,1000000,1000000,2.6220224271780239,2622022.4271780238,0,4100012]
[5,7,1964,"1964-05-07","Latin America and Carribean","Brazil","Paraiba, Rio Grande Do No ...","Flood",null,null,5000,5000,2.4202159026632808,12101.079513316405,0,3021023]
[24,8,1964,"24/08/1964","Latin America and Carribean","Haiti","Les Cayes area","Storm","Tropical cyclone",100,80000,80100,2.2479237909135321,180058.69565217392,0,1165220]
[0,9,1964,"00/11/1964","Asia","Viet Nam","China sea coast","Storm","Tropical cyclone",7000,700000,707000,2.4040742927693382,1699680.5249879221,0,1084809]
[0,10,1964,"00/10/1964","Asia","India","Andhra Pradesh","Flood",null,null,18400,18400,2.3700875215167163,43609.610395907577,0,5500325]
[0,10,1964,"00/10/1964","Asia","Pakistan","Lahore district","Flood",null,null,74427,74427,3.0833463779459085,229484.22087138012,0,4800474]
[0,12,1964,"00/12/1964","Asia","Viet Nam",null,"Flood",null,400,null,400,2.4040742927693382,961.62971710773525,0,4079074]
[17,12,1964,"17/12/1964","Asia","India","Rameswaram","Storm","Tropical cyclone",500,null,500,2.3700875215167163,1185.0437607583581,0,1010100]
[22,12,1964,"22/12/1964","Asia","Sri Lanka","Trincomalee, East coast","Storm","Tropical cyclone",206,380000,380206,1.9104875233105407,726378.81928780745,0,501325]
[13,1,1965,"13/01/1965","Middle East and Europe","Jordan","Amman to Ma-An","Flood",null,8,500,508,6.0386427898209236,3067.6305372290294,0,18008]
[0,4,1965,"00/04/1965","Latin America and Carribean","Ecuador","Daule river Valley","Flood",null,null,50000,50000,2.8899960922235248,144499.80461117625,0,700307]
[3,5,1965,"1965-03-05","Latin America and Carribean","El Salvador","San Salvador","Earthquake","Earthquake (ground shaking)",125,139720,139845,2.4201457919151754,338445.28827037773,0,402]
[11,5,1965,"1965-11-05","Asia","Bangladesh","Barisal district","Storm","Tropical cyclone",36000,15600000,15636000,2.6220224271780239,40997942.671355583,1,1590000]
[0,6,1965,"00/06/1965","Asia","Bangladesh",null,"Storm","Tropical cyclone",12047,null,12047,2.6220224271780239,31587.504180213655,0,1590000]
[0,6,1965,"00/06/1965","Latin America and Carribean","Brazil","Pernambuco, Recife","Flood",null,16,30000,30016,2.4202159026632808,72645.200534341042,0,3021023]
[16,8,1965,"16/08/1965","Latin America and Carribean","Brazil","South","Flood",null,6,240000,240006,2.4202159026632808,580866.33793460333,0,3021023]
[23,10,1965,"23/10/1965","Asia","Myanmar","South, Central","Storm","Tropical cyclone",100,500000,500100,1.9453422625015038,972865.66547700204,0,359999]
[15,12,1965,"15/12/1965","Asia","Pakistan","Karachi","Storm","Tropical cyclone",10000,null,10000,3.0833463779459085,30833.463779459085,0,536171]
[15,12,1965,"15/12/1965","Asia","Bangladesh","Chittagong to Teknaf","Storm","Tropical cyclone",874,60000,60874,2.6220224271780239,159612.99323203502,0,1590000]
[11,1,1966,"1966-11-01","Latin America and Carribean","Brazil","Rio, Guanabara","Flood",null,373,53581,53954,2.4202159026632808,130580.32881229465,0,3021023]
[11,1,1966,"1966-11-01","Latin America and Carribean","Brazil","Rio de Janeiro","Mass Movement","Landslide",350,4000000,4000350,2.4202159026632808,9681710.6862190552,1,100100]
[11,3,1966,"1966-11-03","Middle East and Europe","Jordan","Maian","Flood","Flash flood",259,5792,6051,6.0386427898209236,36539.827521206411,0,18008]
[14,3,1966,"14/03/1966","Asia","Indonesia","Central, East Java","Flood","General flood",176,524100,524276,2.1937627534897159,1150137.1613485743,0,3183701]
[20,3,1966,"20/03/1966","East and Central Africa","Uganda","W. Bwamba county","Earthquake","Earthquake (ground shaking)",104,5510,5614,3.9812850160925022,22350.934080343308,0,4000]
[25,4,1966,"25/04/1966","Asia","Indonesia","Margomlujo (East Java)","Volcano","Volcanic eruption",1000,5060,6060,2.1937627534897159,13294.202286147678,0,12865]
[21,5,1966,"21/05/1966","Latin America and Carribean","Brazil","Salvador, Recife","Flood",null,147,154557,154704,2.4202159026632808,374417.08100562019,0,3021023]
[0,6,1966,"00/06/1966","Asia","Bangladesh","Sylhet","Flood",null,39,500000,500039,2.6220224271780239,1311113.4724636718,0,4100012]
[0,6,1966,"00/06/1966","Asia","India","Manipur, Assam","Flood",null,47,900000,900047,2.3700875215167163,2133190.1634785561,0,5500325]
[27,6,1966,"27/06/1966","Asia","Nepal","Nepal-India border","Earthquake","Earthquake (ground shaking)",80,20100,20180,2.6654391456453692,53788.561959123552,0,80147]
[12,8,1966,"1966-12-08","Asia","Indonesia","Sangi Talaud","Volcano","Volcanic eruption",88,42000,42088,2.1937627534897159,92331.08676887516,0,12865]
[25,8,1966,"25/08/1966","Asia","Lao P Dem Rep",null,"Flood","General flood",300,72000,72300,1,72300,0,459031]
[0,9,1966,"00/09/1966","Asia","Thailand","Chiengrai to Ubon","Flood","General flood",6,205200,205206,2.071143409643815,425011.05451936868,0,5000091]
[0,9,1966,"00/09/1966","Asia","Sri Lanka","Southwest","Flood",null,23,352347,352370,1.9104875233105407,673198.48858893523,0,1250003]
[20,9,1966,"20/09/1966","Asia","Viet Nam","Near Cambodia border","Flood","General flood",31,195902,195933,2.4040742927693382,471037.48840517475,0,4079074]
[29,9,1966,"29/09/1966","Latin America and Carribean","Haiti","South Hispaniola","Storm","Tropical cyclone",480,67881,68361,2.2479237909135321,153670.31827063998,0,1165220]
[30,9,1966,"30/09/1966","Latin America and Carribean","Cuba","Guantanamo","Storm","Tropical cyclone",5,174030,174035,1.4695262483994878,255749.00064020485,0,498895]
[1,10,1966,"1966-01-10","Asia","Bangladesh","Chittagong, Sandwip","Storm","Tropical cyclone",850,1800000,1800850,2.6220224271780239,4721869.087983544,0,1590000]
[17,10,1966,"17/10/1966","Latin America and Carribean","Peru","North Coast","Earthquake","Earthquake (ground shaking)",120,108356,108476,2.6080927880003486,282915.47327112581,0,5070]
[3,11,1966,"1966-03-11","Asia","India","Madras state","Storm","Tropical cyclone",18,150000,150018,2.3700875215167163,355555.78980289475,0,1010100]
[0,1,1967,"00/01/1967","Asia","Indonesia","East Java","Flood",null,null,55000,55000,2.1937627534897159,120656.95144193438,0,3183701]
[9,1,1967,"1967-09-01","Asia","Indonesia","Jakarta","Flood",null,null,142000,142000,2.1937627534897159,311514.31099553965,0,3183701]
[23,1,1967,"23/01/1967","Latin America and Carribean","Brazil","(1) Rio, Sao Paulo, Guana ...","Flood",null,785,22093,22878,2.4202159026632808,55369.699421130535,0,3021023]
[8,2,1967,"1967-08-02","Latin America and Carribean","Ecuador","Milagro","Flood",null,null,20500,20500,2.8899960922235248,59244.919890582256,0,700307]
[9,2,1967,"1967-09-02","Latin America and Carribean","Colombia","Neiva (Huila deparment)","Earthquake","Earthquake (ground shaking)",61,40200,40261,2.3707497586613751,95448.756033465615,0,86069]
[19,2,1967,"19/02/1967","Asia","Indonesia","Malang (East Java)","Earthquake","Earthquake (ground shaking)",54,8411,8465,2.1937627534897159,18570.201708290446,0,455328]
[12,3,1967,"1967-12-03","Southern Africa","Malawi","Along Ruo river (South)","Flood",null,null,1200,1200,3.9468574348492589,4736.2289218191108,0,500059]
[19,3,1967,"19/03/1967","Latin America and Carribean","Brazil","Rio de Janeiro","Mass Movement","Landslide",436,null,436,2.4202159026632808,1055.2141335611905,0,100100]
[30,3,1967,"30/03/1967","Latin America and Carribean","Brazil","North-East","Flood",null,null,87000,87000,2.4202159026632808,210558.78353170544,0,3021023]
[11,4,1967,"1967-11-04","Asia","Indonesia","Tinambung (South Sulawesi ...","Earthquake","Earthquake (ground shaking)",71,100,171,2.1937627534897159,375.13343084674142,0,455328]
[2,5,1967,"1967-02-05","Asia","Bangladesh","Dacca","Storm","Tropical cyclone",50,200,250,2.6220224271780239,655.50560679450598,0,1590000]
[16,5,1967,"16/05/1967","Asia","Myanmar","Arakan Coast, West Irraw","Storm","Tropical cyclone",100,130200,130300,1.9453422625015038,253478.09680394595,0,359999]
[0,6,1967,"00/06/1967","Asia","Indonesia","Ambon","Flood",null,null,7000,7000,2.1937627534897159,15356.339274428012,0,3183701]
[24,7,1967,"24/07/1967","Asia","Pakistan","Karachi area","Flood",null,32,150000,150032,3.0833463779459085,462600.62377598055,0,4800474]
[5,9,1967,"1967-05-09","Asia","India","North, Central","Flood",null,300,1000000,1000300,2.3700875215167163,2370798.5477731712,0,5500325]
[20,9,1967,"20/09/1967","Latin America and Carribean","Brazil","Porto Alegre","Flood",null,null,15000,15000,2.4202159026632808,36303.238539949212,0,3021023]
[8,10,1967,"1967-08-10","Asia","India","Orissa","Storm","Tropical cyclone",1000,null,1000,2.3700875215167163,2370.0875215167162,0,1010100]
[18,10,1967,"18/10/1967","Asia","Sri Lanka","(1) Colombo area, (2) Nor ...","Flood",null,24,47000,47024,1.9104875233105407,89838.765296154874,0,1250003]
[23,10,1967,"23/10/1967","Asia","Myanmar","North West Coast-Akyab, M","Storm","Tropical cyclone",178,27319,27497,1.9453422625015038,53491.076192003849,0,359999]
[30,11,1967,"30/11/1967","Asia","Indonesia","Central Java","Flood",null,160,null,160,2.1937627534897159,351.00204055835457,0,3183701]
[11,12,1967,"1967-11-12","Asia","India","Maharashtra, Koynana","Earthquake","Earthquake (ground shaking)",177,52272,52449,2.3700875215167163,124308.72041603025,0,18701103]
[28,12,1967,"28/12/1967","Latin America and Carribean","Brazil","South, South West Bahia","Flood",null,35,65450,65485,2.4202159026632808,158487.83838590494,0,3021023]
[0,1,1968,"00/01/1968","Southern Africa","Madagascar","North-East Andapa, South- ...","Storm","Tropical cyclone",29,75000,75029,3.1454330475908958,235998.69612769733,0,988502]
[4,1,1968,"1968-04-01","Latin America and Carribean","Nicaragua","Managua","Earthquake","Earthquake (ground shaking)",null,2000,2000,2.9206039941548951,5841.2079883097904,0,24882]
[29,1,1968,"29/01/1968","Latin America and Carribean","Colombia","Guadalupe (Huila departme ...","Storm",null,null,1083,1083,2.0627624825011668,2233.9717685487635,0,1207119]
[11,2,1968,"1968-11-02","Latin America and Carribean","Bolivia","Rio Grande Valley","Flood",null,null,475,475,2.2887712839392544,1087.1663598711459,0,485075]
[0,3,1968,"00/03/1968","East and Central Africa","Tanzania Uni Rep","Rufiji river Valley","Flood",null,40,57000,57040,3.0341855580502646,173069.94423118708,0,201597]
[0,4,1968,"00/04/1968","Asia","Indonesia","East Java","Flood",null,12,150000,150012,1.9867857259673569,298041.70032381517,0,3183701]
[11,4,1968,"1968-11-04","Asia","Bangladesh","Madaripur, Faridpur","Storm","Tropical cyclone",118,16138,16256,2.3475962038288456,38162.523889441713,0,1590000]
[7,5,1968,"1968-07-05","East and Central Africa","Ethiopia","Kelafo","Flood",null,1,16000,16001,2.9866300179850014,47789.066917778007,0,361680]
[10,5,1968,"1968-10-05","Asia","Myanmar","North Arakan Coast","Storm","Tropical cyclone",1070,90000,91070,1.7709268791297046,161278.31088234219,0,359999]
[12,6,1968,"1968-12-06","Asia","India","Assam","Flood",null,null,1000000,1000000,2.1179478198700461,2117947.8198700459,0,5500325]
[19,6,1968,"19/06/1968","Latin America and Carribean","Peru","Moyobamba","Earthquake","Earthquake (ground shaking)",11,420,431,2.2668839536117638,977.0269840066702,0,5070]
[0,7,1968,"00/07/1968","West Africa","Ghana","Central, South","Flood",null,null,25000,25000,2.769370804414609,69234.270110365222,0,2000005]
[0,7,1968,"00/07/1968","Asia","India","(1) Rajasthan, Gujarat - ...","Flood","Flash flood",4892,7500000,7504892,2.1179478198700461,15894969.649760149,0,5500325]
[0,7,1968,"00/07/1968","Asia","Bangladesh","Nationwide, 5 Northern di ...","Flood",null,221,15889616,15889837,2.3475962038288456,37302921.020659134,0,4100012]
[0,8,1968,"00/08/1968","Asia","India",null,"Flood",null,1000,null,1000,2.1179478198700461,2117.9478198700463,0,5500325]
[15,8,1968,"15/08/1968","Asia","Indonesia","Donggala","Earthquake","Tsunami",200,null,200,1.9867857259673569,397.35714519347141,0,455328]
[5,9,1968,"1968-05-09","Asia","Lao P Dem Rep","South, along Mekong river ...","Flood",null,2,9600,9602,1,9602,0,459031]
[0,10,1968,"00/10/1968","Asia","India",null,"Flood",null,560,null,560,2.1179478198700461,1186.0507791272257,0,5500325]
[1,10,1968,"1968-01-10","Asia","India","Bihar, Bengal","Mass Movement","Landslide",1000,null,1000,2.1179478198700461,2117.9478198700463,0,100160]
[4,10,1968,"1968-04-10","Asia","Nepal","East","Flood","General flood",276,1000,1276,2.4290628408423527,3099.484184914842,0,800200]
[4,12,1968,"1968-04-12","Asia","India","Ramanathapurum, Thanjavur ...","Storm","Tropical cyclone",7,15000,15007,2.1179478198700461,31784.04293278978,0,1010100]
[0,0,1969,"00/00/1969","Asia","Indonesia","Flores, Timor, Sulawe","Volcano","Volcanic eruption",null,250000,250000,1.9867857259673569,496696.43149183923,0,12865]
[0,1,1969,"00/01/1969","Southern Africa","Malawi","Shire River valley","Flood",null,null,2300,2300,3.4267968056787934,7881.632653061225,0,500059]
[5,2,1969,"1969-05-02","Southern Africa","Madagascar","Nosy Varika","Storm","Tropical cyclone",81,43040,43121,3.1454330475908958,135634.21844516703,0,988502]
[23,2,1969,"23/02/1969","Asia","Indonesia","Majene (Celebes Is)","Earthquake","Tsunami",64,97,161,1.9867857259673569,319.87250188074444,0,455328]
[14,3,1969,"14/03/1969","Latin America and Carribean","Brazil","North East","Flood","Flash flood",316,38305,38621,2.1017411479453201,81171.34487479621,0,3021023]
[29,3,1969,"29/03/1969","East and Central Africa","Ethiopia","Serdo","Earthquake","Earthquake (ground shaking)",24,585,609,2.9866300179850014,1818.8576809528658,0,20000]
[14,4,1969,"14/04/1969","Asia","Bangladesh","Dacca, Comilla","Storm","Tropical cyclone",849,199473,200322,2.3475962038288456,470275.16674340202,0,1590000]
[17,5,1969,"17/05/1969","Asia","India","Guntur, Krishna, Godavari ...","Storm","Tropical cyclone",600,260000,260600,2.1179478198700461,551937.20185813401,0,1010100]
[22,7,1969,"22/07/1969","Asia","India","Kannaman","Storm",null,15,92,107,2.1179478198700461,226.62041672609493,0,1010100]
[1,9,1969,"1969-01-09","Latin America and Carribean","Honduras","Roatan, Utila, Guanaja pr ...","Storm","Tropical cyclone",null,8002,8002,2.8935168417240131,23153.921767475553,0,608000]
[4,9,1969,"1969-04-09","Latin America and Carribean","El Salvador","Rio Lempa, South West Coa ...","Storm","Tropical cyclone",2,4640,4642,2.0266370699223084,9407.6492785793562,0,256336]
[5,9,1969,"1969-05-09","Latin America and Carribean","Guatemala","Pacific Coast region","Storm","Tropical cyclone",269,10200,10469,2.5740881458966567,26948.1287993921,0,98740]
[29,9,1969,"29/09/1969","Southern Africa","South Africa","Cape province","Earthquake","Earthquake (ground shaking)",9,1000,1009,2.1595866314863676,2179.0229111697449,0,3581]
[1,10,1969,"1969-01-10","Latin America and Carribean","Peru","Huancayo, Pariach","Earthquake","Earthquake (ground shaking)",150,3216,3366,2.2668839536117638,7630.3313878571971,0,5070]
[21,10,1969,"21/10/1969","Asia","India","Madras City","Storm",null,null,20000,20000,2.1179478198700461,42358.956397400922,0,1010100]
[4,11,1969,"1969-04-11","Asia","India","Andhra Pradesh","Storm","Tropical cyclone",200,null,200,2.1179478198700461,423.5895639740092,0,1010100]
[0,12,1969,"00/12/1969","Latin America and Carribean","Colombia","Magdalena River area","Flood","General flood",null,70000,70000,2.0627624825011668,144393.37377508168,0,1207119]
[25,12,1969,"25/12/1969","Asia","Sri Lanka","East, North, Central & So ...","Flood",null,62,1000000,1000062,1.704889452413028,1704995.1555590776,0,1250003]
[23,2,1970,"23/02/1970","Southern Africa","Madagascar","Central, South","Storm","Tropical cyclone",70,10000,10070,3.1454330475908958,31674.510789240321,0,988502]
[0,4,1970,"00/04/1970","Latin America and Carribean","Colombia","Leticia (Amazon)","Flood",null,null,4000,4000,2.0627624825011668,8251.0499300046667,0,1207119]
[8,4,1970,"1970-08-04","Latin America and Carribean","Ecuador","Guayas, Emeral, Manabi","Flood",null,20,140500,140520,2.4904866139080655,349963.17898636137,0,700307]
[13,4,1970,"13/04/1970","Asia","Bangladesh",null,"Storm",null,17,110,127,2.3475962038288456,298.14471788626338,0,1590000]
[31,5,1970,"31/05/1970","Latin America and Carribean","Peru","Chimbote","Earthquake","Earthquake (ground shaking)",66794,3216240,3283034,2.2668839536117638,7442257.0937618436,0,5070]
[0,7,1970,"00/07/1970","Asia","Bangladesh",null,"Flood",null,null,10000000,10000000,2.3475962038288456,23475962.038288455,0,4100012]
[0,7,1970,"00/07/1970","Asia","India","North-East, Western, Nort ...","Flood",null,627,10351000,10351627,2.1179478198700461,21924205.836757906,0,5500325]
[21,7,1970,"21/07/1970","Latin America and Carribean","Brazil","Recife, South Pernambuco","Flood",null,172,104371,104543,2.1017411479453201,219722.32482964761,0,3021023]
[15,8,1970,"15/08/1970","Asia","Nepal","South","Flood",null,350,20000,20350,2.4290628408423527,49431.428811141879,0,800200]
[2,9,1970,"1970-02-09","Asia","India","Gujarat, Orissa states","Flood",null,400,null,400,2.1179478198700461,847.17912794801839,0,5500325]
[25,9,1970,"25/09/1970","Latin America and Carribean","Colombia","Pereira (Bahia Solano)","Earthquake","Earthquake (ground shaking)",null,3006,3006,2.0627624825011668,6200.6640223985078,0,86069]
[23,10,1970,"23/10/1970","Asia","Bangladesh","Bay of Bengal districts","Storm",null,300,null,300,2.3475962038288456,704.27886114865373,0,1590000]
[26,10,1970,"26/10/1970","Asia","Viet Nam","North","Flood",null,237,204000,204237,2.1037414566550017,429661.84388284758,0,4079074]
[0,11,1970,"00/11/1970","Latin America and Carribean","Colombia",null,"Earthquake","Earthquake (ground shaking)",430,null,430,2.0627624825011668,886.98786747550173,0,86069]
[0,11,1970,"00/11/1970","Latin America and Carribean","Ecuador","Imbabura province, Guayas ...","Flood",null,null,10100,10100,2.4904866139080655,25153.914800471463,0,700307]
[0,11,1970,"00/11/1970","Latin America and Carribean","Colombia","Magdalena, Cauca Vals","Flood",null,307,5105000,5105307,2.0627624825011668,10531035.741250584,1,1207119]
[12,11,1970,"1970-12-11","Asia","Bangladesh","Khulna, Chittagong","Storm","Tropical cyclone",300000,3648000,3948000,2.3475962038288456,9268309.8127162829,0,1590000]
[19,11,1970,"19/11/1970","Asia","India","Madras city (Tamil Nadu)","Storm",null,null,2000,2000,2.1179478198700461,4235.8956397400925,0,1010100]
[9,12,1970,"1970-09-12","Latin America and Carribean","Peru","Piura,Tumbes","Earthquake","Earthquake (ground shaking)",29,15252,15281,2.2668839536117638,34640.253695141364,0,5070]
[9,12,1970,"1970-09-12","Latin America and Carribean","Ecuador","Loja province","Earthquake","Earthquake (ground shaking)",29,88112,88141,2.4904866139080655,219513.98063647081,0,200000]
[12,12,1970,"1970-12-12","Latin America and Carribean","Colombia","Caldas","Flood",null,100,null,100,2.0627624825011668,206.27624825011668,0,1207119]
[3,2,1971,"1971-03-02","Latin America and Carribean","Nicaragua","North West, near Managua","Volcano","Volcanic eruption",null,3600,3600,2.9206039941548951,10514.174378957623,0,3600]
[26,2,1971,"26/02/1971","Latin America and Carribean","Brazil","Rio de Janeiro","Flood","Flash flood",130,null,130,2.1017411479453201,273.22634923289161,0,3021023]
[21,3,1971,"21/03/1971","Asia","Papua New Guinea","Telefumin","Mass Movement","Landslide",100,null,100,2.739385727190605,273.93857271906052,0,2494]
[26,4,1971,"26/04/1971","Latin America and Carribean","Brazil","Salvador","Flood",null,109,13000,13109,2.1017411479453201,27551.7247084152,0,3021023]
[1,5,1971,"1971-01-05","Asia","Viet Nam","Quang Ngai province","Storm","Tropical cyclone",23,50000,50023,2.1037414566550017,105235.45888625315,0,1084809]
[8,5,1971,"1971-08-05","Asia","Bangladesh","Coastal areas","Storm","Tropical cyclone",163,null,163,2.3475962038288456,382.65818122410184,0,1590000]
[0,6,1971,"00/06/1971","Asia","India","North","Flood",null,1023,null,1023,2.1179478198700461,2166.6606197270571,0,5500325]
[0,6,1971,"00/06/1971","Asia","India","Brahmaputra, Dhemaji, Nor ...","Flood",null,null,130000,130000,2.1179478198700461,275333.21658310597,0,5500325]
[0,7,1971,"00/07/1971","Latin America and Carribean","Ecuador","Putumayo river, North Eas ...","Flood",null,null,2400,2400,2.4904866139080655,5977.1678733793569,0,700307]
[28,7,1971,"28/07/1971","Asia","Afghanistan","Khinjan Pass","Mass Movement","Landslide",100,null,100,2.342611213900732,234.26112139007321,0,271804]
[17,8,1971,"17/08/1971","Asia","Lao P Dem Rep","Vientiane","Flood",null,14,115000,115014,1,115014,0,459031]
[9,9,1971,"1971-09-09","Latin America and Carribean","Nicaragua","Coco River Valley","Storm","Tropical cyclone",35,4650,4685,2.9206039941548951,13683.029712615684,0,300076]
[9,9,1971,"1971-09-09","Asia","India","Uttar Pradesh","Flood",null,300,35000,35300,2.1179478198700461,74763.558041412631,0,5500325]
[27,10,1971,"27/10/1971","Asia","India","East coast, Orissa state","Storm","Tropical cyclone",9658,6900000,6909658,2.1179478198700461,14634295.097147623,0,1010100]
[0,12,1971,"00/12/1971","Latin America and Carribean","Colombia",null,"Mass Movement","Landslide",200,null,200,2.0627624825011668,412.55249650023336,0,4500]
[0,0,1972,"00/00/1972","Asia","India",null,"Earthquake","Earthquake (ground shaking)",100,null,100,2.1179478198700461,211.7947819870046,0,18701103]
[0,1,1972,"00/01/1972","Asia","Afghanistan","West","Flood",null,150,250000,250150,2.342611213900732,586004.19515726808,0,300013]
[14,2,1972,"14/02/1972","Southern Africa","Madagascar","Central","Storm","Tropical cyclone",91,2510056,2510147,3.1454330475908958,7895499.3281111447,1,988502]
[0,3,1972,"00/03/1972","Latin America and Carribean","Peru","Juanjui, Tarapoto","Earthquake","Earthquake (ground shaking)",12,1575000,1575012,2.2668839536117638,3570369.4295459711,0,5070]
[2,4,1972,"1972-02-04","Asia","Bangladesh","Mymensingh","Storm","Local storm",200,25000,25200,2.3475962038288456,59159.424336486911,0,1590000]
[7,8,1972,"1972-07-08","Asia","Nepal",null,"Mass Movement","Landslide",105,null,105,2.4290628408423527,255.05159828844702,0,150]
[10,9,1972,"1972-10-09","Asia","India","Andhra Pradesh, Orissa","Storm","Tropical cyclone",100,4500000,4500100,2.1179478198700461,9530976.9841971938,0,1010100]
[21,10,1972,"21/10/1972","Asia","India","Srinagar, Kashmir","Storm",null,50,75,125,2.1179478198700461,264.74347748375578,0,1010100]
[1,12,1972,"1972-01-12","Asia","India","Madras City","Storm","Tropical cyclone",80,30000,30080,2.1179478198700461,63707.87042169099,0,1010100]
[23,12,1972,"23/12/1972","Latin America and Carribean","Nicaragua","Managua","Earthquake","Earthquake (ground shaking)",10000,720000,730000,2.9206039941548951,2132040.9157330734,0,24882]
[0,2,1973,"00/02/1973","Latin America and Carribean","Ecuador",null,"Flood",null,null,30000,30000,2.1523573923166475,64570.721769499425,0,700307]
[0,3,1973,"00/03/1973","Asia","Bangladesh",null,"Flood",null,427,null,427,2.0756372040497419,886.2970861292398,0,4100012]
[0,4,1973,"00/04/1973","Asia","Bangladesh",null,"Storm",null,700,null,700,2.0756372040497419,1452.9460428348193,0,1590000]
[12,4,1973,"1973-12-04","Asia","Bangladesh","Faridpur district","Storm",null,200,50000,50200,2.0756372040497419,104196.98764329705,0,1590000]
[0,6,1973,"00/06/1973","Asia","Indonesia","Flores","Storm","Tropical cyclone",1650,null,1650,1.7961440652906735,2963.6377077296111,0,556020]
[28,6,1973,"28/06/1973","Latin America and Carribean","Colombia","Bogota","Mass Movement","Landslide",200,null,200,1.8323316062176165,366.46632124352328,0,4500]
[0,8,1973,"00/08/1973","Asia","Pakistan","Punjab, Sind","Flood",null,474,4800000,4800474,2.3728049041653283,11390588.24951815,0,4800474]
[10,10,1973,"1973-10-10","Latin America and Carribean","Colombia",null,"Flood","General flood",9,5172,5181,1.8323316062176165,9493.3100518134706,0,1207119]
[10,11,1973,"1973-10-11","Asia","Viet Nam","Binh Dinh","Storm","Tropical cyclone",100,150000,150100,1.8631513260530421,279659.01404056163,0,1084809]
[9,12,1973,"1973-09-12","Asia","Bangladesh","South coast","Storm","Tropical cyclone",1000,null,1000,2.0756372040497419,2075.6372040497417,0,1590000]
[0,1,1974,"00/01/1974","Asia","Indonesia","Situbondo (West Java)","Storm",null,10,2000,2010,1.7961440652906735,3610.2495712342538,0,556020]
[0,2,1974,"00/02/1974","Latin America and Carribean","Bolivia","Beni, La Paz, Oruro","Flood",null,40,500,540,2.0242165242165244,1093.0769230769231,0,485075]
[0,3,1974,"00/03/1974","Asia","Bangladesh",null,"Storm",null,300,null,300,2.0756372040497419,622.69116121492254,0,1590000]
[0,3,1974,"00/03/1974","Latin America and Carribean","Brazil","Most of the country","Flood",null,205,325000,325205,1.8470320263779056,600664.05013822683,0,3021023]
[0,5,1974,"00/05/1974","East and Central Africa","Tanzania Uni Rep","Ulanga district","Flood",null,25,68000,68025,2.5943150854594998,176478.28368838248,0,201597]
[29,5,1974,"29/05/1974","Asia","India","Midnapore","Storm","Tropical cyclone",null,25000,25000,1.8954021744223433,47385.054360558584,0,1010100]
[0,6,1974,"00/06/1974","East and Central Africa","Rwanda","Countrywide","Flood",null,null,1900000,1900000,2.5375258205187055,4821299.0589855406,1,21726]
[28,6,1974,"28/06/1974","Latin America and Carribean","Colombia","Quebrada Blanca","Mass Movement","Landslide",300,1000,1300,1.8323316062176165,2382.0310880829015,0,4500]
[0,7,1974,"00/07/1974","Asia","Bangladesh",null,"Flood",null,28700,38000000,38028700,2.0756372040497419,78933784.541646421,0,4100012]
[2,7,1974,"1974-02-07","Asia","India","Tinsukia, Dhemaji, Nowgon ...","Flood",null,260,null,260,1.8954021744223433,492.80456534980925,0,5500325]
[15,7,1974,"15/07/1974","Asia","Myanmar","Myitkyina, Mandalay, Saga ...","Flood","General flood",null,1400000,1400000,1.5991758694577221,2238846.2172408109,0,2558366]
[0,8,1974,"00/08/1974","Asia","Bangladesh",null,"Storm","Tropical cyclone",2500,null,2500,2.0756372040497419,5189.0930101243548,0,1590000]
[0,8,1974,"00/08/1974","West Africa","Niger","Central region","Flood",null,null,16000,16000,2.9300608968444362,46880.97434951098,0,80020]
[15,8,1974,"15/08/1974","Asia","India","West Bengal, Madya Prades ...","Storm","Tropical cyclone",20,100,120,1.8954021744223433,227.44826093068119,0,1010100]
[18,9,1974,"21/09/1974","Latin America and Carribean","Honduras","Widespread","Storm","Tropical cyclone",8000,600000,608000,2.7953114065780267,1699549.3351994401,0,608000]
[3,10,1974,"1974-03-10","Latin America and Carribean","Peru","Lima area","Earthquake","Earthquake (ground shaking)",78,43674,43752,1.9726271354132314,86306.382428599696,0,5070]
[28,12,1974,"28/12/1974","Asia","Pakistan","North Indus R. Valley","Earthquake","Earthquake (ground shaking)",4700,50200,54900,2.3728049041653283,130266.98923867653,0,1266453]
[0,0,1975,"00/00/1975","Southern Africa","Mozambique","Incomati river","Flood",null,null,500,500,2.1145404006517778,1057.2702003258889,0,2502240]
[0,0,1975,"00/00/1975","East and Central Africa","Kenya",null,"Flood",null,null,16000,16000,2.9812402292860867,47699.843668577385,0,900086]
[0,1,1975,"00/01/1975","Southern Africa","Madagascar","South (1), Tamatave (2)","Storm","Tropical cyclone",7,10050,10057,2.7987901104681745,28147.432140978432,0,988502]
[3,1,1975,"1975-03-01","Asia","Thailand","South","Flood",null,239,3000093,3000332,1.5708979939439818,4713215.5199659346,0,5000091]
[0,5,1975,"00/05/1975","Asia","Myanmar",null,"Storm","Tropical cyclone",200,null,200,1.5991758694577221,319.8351738915444,0,359999]
[21,6,1975,"21/06/1975","West Africa","Sierra Leone","Atlantic coast","Storm",null,1,10000,10001,1.7313531353135314,17315.262706270627,0,200012]
[0,7,1975,"00/07/1975","Asia","India","Northwest, Bihar","Flood",null,350,34000000,34000350,1.8954021744223433,64444337.321120717,0,5500325]
[18,7,1975,"18/07/1975","Latin America and Carribean","Brazil","Pernambuco, Recife (North ...","Flood",null,118,828000,828118,1.8470320263779056,1529560.4676200184,0,3021023]
[0,8,1975,"00/08/1975","Asia","India","Eastern","Storm",null,450,null,450,1.8954021744223433,852.93097849005449,0,1010100]
[0,8,1975,"00/08/1975","Asia","Nepal","Kathmandu","Mass Movement","Landslide",125,75000,75125,2.2006688963210701,165325.25083612039,0,150]
[24,11,1975,"24/11/1975","Asia","India","Madras city","Storm","Tropical cyclone",null,2000,2000,1.8954021744223433,3790.8043488446865,0,1010100]
[10,1,1976,"1976-10-01","Southern Africa","Madagascar","North","Storm","Tropical cyclone",16,508876,508892,2.7987901104681745,1424281.8968963702,0,988502]
[4,2,1976,"1976-04-02","Latin America and Carribean","Guatemala","Guatemala city","Earthquake","Earthquake (ground shaking)",23000,4993000,5016000,2.2927241962774958,11500304.568527918,1,106084]
[19,3,1976,"19/03/1976","Asia","Afghanistan","Hindu Kush","Earthquake","Earthquake (ground shaking)",50,90000,90050,2.0606425134446646,185560.85833569206,0,121635]
[0,4,1976,"00/04/1976","East and Central Africa","Ethiopia","Gode, Kelafo, Mustahil","Flood",null,null,70000,70000,2.6690016982047551,186830.11887433287,0,361680]
[0,4,1976,"00/04/1976","Asia","Afghanistan","Herat, Farah, Kandahar","Flood",null,51,80000,80051,2.0606425134446646,164956.49384375886,0,300013]
[10,4,1976,"1976-10-04","Asia","Bangladesh","Faridpur district","Storm","Local storm",46,200,246,2.0756372040497419,510.60675219623653,0,1590000]
[29,5,1976,"29/05/1976","Asia","India","Gujarat, Maharastra","Storm","Tropical cyclone",87,250000,250087,1.8954021744223433,474015.44359476055,0,1010100]
[0,6,1976,"00/06/1976","Asia","Myanmar","Arakan, Magwe divisions","Flood",null,null,200000,200000,1.5991758694577221,319835.1738915444,0,2558366]
[4,6,1976,"1976-04-06","Asia","Nepal","Pahire Phedi","Mass Movement","Landslide",150,null,150,2.2006688963210701,330.10033444816054,0,150]
[15,6,1976,"15/06/1976","Asia","Bangladesh","Easr","Flood",null,168,4000000,4000168,2.0756372040497419,8302897.523249248,0,4100012]
[26,6,1976,"26/06/1976","Asia","Indonesia","Wanena Region (Irian Jaya ...","Earthquake","Earthquake (ground shaking)",420,15000,15420,1.7961440652906735,27696.541486782186,0,455328]
[0,7,1976,"00/07/1976","Latin America and Carribean","Nicaragua",null,"Flood",null,null,1560,1560,2.5035490605427975,3905.5365344467641,0,871560]
[14,7,1976,"14/07/1976","Asia","Indonesia","Bali","Earthquake","Earthquake (ground shaking)",573,454755,455328,1.7961440652906735,817834.68496067182,0,455328]
[2,8,1976,"1976-02-08","Asia","Pakistan","Punjab, Sind, North West ...","Flood",null,338,5566000,5566338,2.3728049041653283,13207834.104641825,0,4800474]
[4,10,1976,"1976-04-10","Latin America and Carribean","Ecuador","Cotopaxi Pinchincha pro ...","Earthquake","Earthquake (ground shaking)",10,20000,20010,2.1523573923166475,43068.671420256112,0,200000]
[29,10,1976,"29/10/1976","Asia","Indonesia","West Irian","Earthquake","Earthquake (ground shaking)",133,7000,7133,1.7961440652906735,12811.895617718374,0,455328]
[13,11,1976,"13/11/1976","Asia","Indonesia","East Java, Lumajang","Flood","Flash flood",163,20020,20183,1.7961440652906735,36251.57566976166,0,3183701]
[15,11,1976,"15/11/1976","Asia","India","Between Nellore and Kaval ...","Storm","Tropical cyclone",30,50000,50030,1.8954021744223433,94826.970786349833,0,1010100]
[22,11,1976,"22/11/1976","Asia","India","Madras/Nellore (Andhra Pr ...","Storm","Tropical cyclone",95,300000,300095,1.8954021744223433,568800.71553327306,0,1010100]
[0,12,1976,"00/12/1976","Latin America and Carribean","Ecuador","Cotopaxi","Volcano","Volcanic eruption",1,25000,25001,2.1523573923166475,53811.087165308505,0,128150]
[0,0,1977,"00/00/1977","West Africa","Morocco","Kenitra, Tetsuan province ...","Flood",null,null,300,300,1.7881494883247584,536.44484649742753,0,266455]
[0,1,1977,"00/01/1977","Asia","Indonesia","Jakarta, East Java","Flood",null,10,260000,260010,1.7961440652906735,467015.41841622803,0,3183701]
[3,1,1977,"1977-03-01","Latin America and Carribean","Bolivia","Santa Cruz department","Flood",null,null,504,504,2.0242165242165244,1020.2051282051283,0,485075]
[0,2,1977,"00/02/1977","Southern Africa","South Africa","Johannesburg","Flood",null,4,1000,1004,1.9023435986829362,1909.952973077668,0,100022]
[0,2,1977,"00/02/1977","Southern Africa","Mozambique","Limpopo River Valley (Gaz ...","Flood",null,5,3500,3505,2.1145404006517778,7411.4641042844814,0,2502240]
[0,2,1977,"00/02/1977","Asia","Indonesia","Central Java","Flood",null,null,25000,25000,1.7961440652906735,44903.601632266837,0,3183701]
[1,2,1977,"1977-01-02","Southern Africa","Madagascar",null,"Storm","Tropical cyclone",10,30000,30010,2.7987901104681745,83991.691215149913,0,988502]
[0,3,1977,"00/03/1977","Asia","Indonesia","Bandung district, Java","Flood",null,12,5000,5012,1.7961440652906735,9002.2740552368559,0,3183701]
[1,4,1977,"1977-01-04","Asia","Bangladesh","Madaripur","Storm",null,600,10000,10600,2.0756372040497419,22001.754362927266,0,1590000]
[6,4,1977,"1977-06-04","Latin America and Carribean","Peru","Amazonas province","Flood",null,21,100,121,1.9726271354132314,238.68788338500102,0,3283034]
[24,4,1977,"24/04/1977","Asia","Bangladesh","Mymensingh district","Storm","Tropical cyclone",13,100,113,2.0756372040497419,234.54700405762085,0,1590000]
[0,5,1977,"00/05/1977","East and Central Africa","Kenya",null,"Flood",null,100,20000,20100,2.9812402292860867,59922.928608650342,0,900086]
[0,5,1977,"00/05/1977","Latin America and Carribean","Brazil","Recife","Flood",null,2,125000,125002,1.8470320263779056,230882.69736129095,0,3021023]
[9,5,1977,"1977-09-05","Latin America and Carribean","Colombia","Marizales","Mass Movement","Landslide",null,100,100,1.8323316062176165,183.23316062176164,0,4500]
[20,5,1977,"20/05/1977","West Africa","Chad","Moundou region","Storm",null,13,100,113,2.5441602316602316,287.49010617760615,0,47541]
[0,6,1977,"00/06/1977","Latin America and Carribean","Cuba","Eastern","Flood",null,7,18000,18007,1.2354144241119482,22246.10753498385,0,2500016]
[0,6,1977,"00/06/1977","Asia","Pakistan","Karachi","Flood",null,848,1022000,1022848,2.3728049041653283,2427018.7506156978,0,4800474]
[17,6,1977,"17/06/1977","Latin America and Carribean","Brazil","Aracaju, Sergipe","Storm",null,10,100,110,1.8470320263779056,203.17352290156961,0,270050]
[22,7,1977,"22/07/1977","Asia","Viet Nam","Haiphong","Storm","Tropical cyclone",null,1000,1000,1.8631513260530421,1863.1513260530421,0,1084809]
[30,7,1977,"30/07/1977","Asia","Indonesia","Central Java","Storm","Tropical cyclone",1,3060,3061,1.7961440652906735,5497.9969838547513,0,556020]
[0,8,1977,"00/08/1977","Asia","India","Ganges region","Flood","General flood",500,1000000,1000500,1.8954021744223433,1896349.8755095545,0,5500325]
[9,8,1977,"1977-09-08","Latin America and Carribean","Brazil","Rio Grande Do Sul","Flood",null,null,6000,6000,1.8470320263779056,11082.192158267433,0,3021023]
[19,8,1977,"19/08/1977","Asia","Indonesia","Sumbaya, Lombok, Sumba (N ...","Earthquake","Earthquake (ground shaking)",185,3975,4160,1.7961440652906735,7471.9593116092019,0,455328]
[0,9,1977,"00/09/1977","Asia","Myanmar","Central","Flood",null,3,3000,3003,1.5991758694577221,4802.3251359815395,0,2558366]
[0,9,1977,"00/09/1977","Asia","Bangladesh","Brahmaputra Valley","Flood",null,5,200000,200005,2.0756372040497419,415137.81899596861,0,4100012]
[0,10,1977,"00/10/1977","Asia","India","Tamil Nadu","Flood",null,60,45000,45060,1.8954021744223433,85406.821979470784,0,5500325]
[6,10,1977,"1977-06-10","Asia","Bangladesh",null,"Storm","Local storm",21,500,521,2.0756372040497419,1081.4069833099156,0,1590000]
[13,10,1977,"13/10/1977","Asia","Bangladesh",null,"Flood",null,8,13650,13658,2.0756372040497419,28349.052932911374,0,4100012]
[27,10,1977,"27/10/1977","Asia","India","North of Nellore district ...","Storm","Tropical cyclone",2,10000,10002,1.8954021744223433,18957.812548572278,0,1010100]
[0,11,1977,"00/11/1977","East and Central Africa","Ethiopia","Awash River Valley","Flood",null,7,16000,16007,2.6690016982047551,42722.710183163515,0,361680]
[0,11,1977,"00/11/1977","East and Central Africa","Somalia",null,"Flood","General flood",null,40000,40000,2.4496124031007751,97984.496124031008,0,299052]
[12,11,1977,"1977-12-11","Asia","India","Tamil Nadu, Andhra Prades ...","Storm","Tropical cyclone",14204,14469800,14484004,1.8954021744223433,27453012.675941918,0,1010100]
[0,1,1978,"00/01/1978","Latin America and Carribean","Brazil","South Eastern","Flood",null,26,1000,1026,1.6347179320435701,1677.220598276703,0,3021023]
[0,1,1978,"00/01/1978","Asia","Indonesia","East Java","Flood",null,41,7000,7041,1.6147593824559539,11369.520811872371,0,3183701]
[0,2,1978,"00/02/1978","Latin America and Carribean","Bolivia",null,"Flood",null,14,600,614,1.8281565888623414,1122.4881455614777,0,485075]
[0,2,1978,"00/02/1978","Southern Africa","Zambia","Lusaka","Flood",null,11,30900,30911,2.115263157894737,65384.899473684214,0,1300000]
[11,2,1978,"1978-11-02","Latin America and Carribean","Cuba","Colon","Storm",null,6,170,176,1.1889568009945095,209.25639697503368,0,498895]
[0,3,1978,"00/03/1978","Southern Africa","Mozambique","Zambesi valley","Flood",null,25,3500,3525,1.8227712137486574,6425.2685284640174,0,2502240]
[0,3,1978,"00/03/1978","East and Central Africa","Tanzania Uni Rep","Centre","Flood",null,null,9000,9000,2.2444682560942941,20200.214304848647,0,201597]
[17,3,1978,"17/03/1978","Asia","India","New Delhi","Storm","Local storm",26,700,726,1.7128464800084102,1243.5265444861059,0,1010100]
[22,3,1978,"22/03/1978","Latin America and Carribean","Peru","San Martin","Flood",null,17,300,317,1.729228100607112,548.16530789245451,0,3283034]
[9,4,1978,"1978-09-04","Asia","Bangladesh","Bay of Bengal","Storm",null,1000,null,1000,1.7974913858785266,1797.4913858785267,0,1590000]
[16,4,1978,"16/04/1978","Asia","India","West Bengal","Storm","Local storm",100,100,200,1.7128464800084102,342.56929600168206,0,1010100]
[16,4,1978,"16/04/1978","Asia","India","Orissa","Storm","Local storm",500,1400,1900,1.7128464800084102,3254.4083120159794,0,1010100]
[0,5,1978,"00/05/1978","Asia","Sri Lanka",null,"Flood",null,10,1000,1010,1.4289319872476089,1443.2213071200849,0,1250003]
[0,5,1978,"00/05/1978","Asia","Indonesia","West Achem, North Sumatra ...","Flood",null,21,8000,8021,1.6147593824559539,12951.985006679206,0,3183701]
[5,5,1978,"1978-05-05","Asia","Bangladesh","Jessore district","Storm",null,30,100,130,1.7974913858785266,233.67388016420847,0,1590000]
[17,5,1978,"17/05/1978","Asia","Myanmar","Arakan division","Storm","Tropical cyclone",null,132000,132000,1.4673179879616467,193685.97441093737,0,359999]
[0,7,1978,"00/07/1978","Asia","Nepal","Terai area","Flood",null,130,27748,27878,1.9742243436754177,55037.426252983292,0,800200]
[0,7,1978,"00/07/1978","Asia","Afghanistan","Central and Eastern regio ...","Flood",null,120,271684,271804,1.9357218824780644,526136.95054506778,0,300013]
[0,7,1978,"00/07/1978","Asia","Pakistan",null,"Flood",null,393,2246000,2246393,2.0802520564662812,4673063.6578814592,0,4800474]
[0,7,1978,"00/07/1978","Asia","India","North, Northeast","Flood",null,3800,32000000,32003800,1.7128464800084102,54817596.17689316,0,5500325]
[0,8,1978,"00/08/1978","East and Central Africa","Ethiopia",null,"Flood",null,9,1000,1009,2.4423631923631923,2464.3444610944612,0,361680]
[0,8,1978,"00/08/1978","Asia","Thailand","North, NorthEast","Flood",null,null,400000,400000,1.4120911836005614,564836.47344022454,0,5000091]
[0,8,1978,"00/08/1978","Asia","Bangladesh","Western","Flood","General flood",17,400000,400017,1.7974913858785266,719027.11170497059,0,4100012]
[0,8,1978,"00/08/1978","Asia","Lao P Dem Rep","Southern, Central","Flood",null,31,459000,459031,1,459031,0,459031]
[0,8,1978,"00/08/1978","Asia","Thailand","North, Central, North Eas ...","Flood",null,96,1628400,1628496,1.4120911836005614,2299584.8441287801,0,5000091]
[0,8,1978,"00/08/1978","Asia","Viet Nam","Mekong Delta","Flood","General flood",74,4079000,4079074,1.6675230382574699,6801949.8697570506,0,4079074]
[0,9,1978,"00/09/1978","Asia","India","West Bengal","Flood",null,810,null,810,1.7128464800084102,1387.4056488068122,0,5500325]
[17,9,1978,"17/09/1978","Latin America and Carribean","Honduras","North Coast Gracias Dios","Storm","Tropical cyclone",null,7500,7500,2.3483245149911816,17612.433862433863,0,608000]
[0,11,1978,"00/11/1978","Asia","Sri Lanka","Jaffna Peninsula","Flood",null,null,1000,1000,1.4289319872476089,1428.931987247609,0,1250003]
[3,11,1978,"1978-03-11","Asia","India","Tamil Nadu, Kerala","Storm","Tropical cyclone",170,null,170,1.7128464800084102,291.18390160142974,0,1010100]
[24,11,1978,"24/11/1978","Asia","Sri Lanka","East coast","Storm","Tropical cyclone",740,1005000,1005740,1.4289319872476089,1437134.0568544103,0,501325]
[25,11,1978,"25/11/1978","Asia","India",null,"Storm",null,15,1000,1015,1.7128464800084102,1738.5391772085363,0,1010100]
[0,12,1978,"00/12/1978","Latin America and Carribean","Bolivia","Countrywide","Flood",null,null,1600,1600,1.8281565888623414,2925.0505421797461,0,485075]
[0,12,1978,"00/12/1978","Asia","Indonesia","Sumatra","Flood",null,null,200000,200000,1.6147593824559539,322951.87649119075,0,3183701]
[17,12,1978,"17/12/1978","Asia","Indonesia","Aceh","Flood",null,8,66600,66608,1.6147593824559539,107555.89294662618,0,3183701]
[23,12,1978,"23/12/1978","Southern Africa","Mozambique","Nampula province","Storm","Tropical cyclone",4,105000,105004,1.8227712137486574,191398.26852846402,0,549405]
[28,12,1978,"28/12/1978","Southern Africa","Madagascar","Tulear province","Storm","Tropical cyclone",70,18000,18070,2.4487400759406284,44248.733172247157,0,988502]
[0,0,1979,"00/00/1979","Asia","Pakistan",null,"Flood",null,13,3200,3213,2.0802520564662812,6683.8498574261612,0,4800474]
[0,1,1979,"00/01/1979","Latin America and Carribean","Brazil","Minas Gerais, Espirito Sa ...","Flood",null,300,1500000,1500300,1.6347179320435701,2452567.3134449683,0,3021023]
[16,2,1979,"16/02/1979","Latin America and Carribean","Peru","Arequipa","Earthquake","Earthquake (ground shaking)",13,1100,1113,1.729228100607112,1924.6308759757155,0,5070]
[20,2,1979,"20/02/1979","Asia","Indonesia","Dieng plain (Central Java ...","Volcano","Volcanic eruption",175,28000,28175,1.6147593824559539,45495.845600696499,0,12865]
[27,2,1979,"27/02/1979","Asia","Indonesia","Flores Island","Flood",null,128,24350,24478,1.6147593824559539,39526.080163756837,0,3183701]
[0,3,1979,"00/03/1979","Asia","India","Lahaul, Pangi","Mass Movement","Landslide",230,5000,5230,1.7128464800084102,8958.1870904439857,0,100160]
[0,5,1979,"00/05/1979","Asia","Indonesia","West Java","Flood",null,23,4500,4523,1.6147593824559539,7303.5566868482792,0,3183701]
[0,5,1979,"00/05/1979","Southern Africa","Malawi","Lake Malawi Shores","Flood",null,null,20000,20000,2.4681258987058636,49362.517974117276,0,500059]
[2,5,1979,"1979-02-05","Asia","Bangladesh","Eastern","Storm","Tropical cyclone",3,150,153,1.7974913858785266,275.01618203941456,0,1590000]
[6,5,1979,"1979-06-05","Middle East and Europe","Egypt",null,"Storm","Local storm",3,15000,15003,1.8875076230238776,28318.276868227236,0,66050]
[12,5,1979,"1979-12-05","Asia","India","Andhra Pradesh","Storm","Tropical cyclone",594,1605772,1606366,1.7128464800084102,2751458.3487051898,0,1010100]
[30,5,1979,"30/05/1979","Asia","Indonesia","Lombok Island","Earthquake","Earthquake (ground shaking)",34,36048,36082,1.6147593824559539,58263.748037775724,0,455328]
[0,6,1979,"00/06/1979","Asia","Indonesia","Borneo","Flood",null,13,6000,6013,1.6147593824559539,9709.548166707651,0,3183701]
[0,6,1979,"00/06/1979","East and Central Africa","Tanzania Uni Rep","Mbeya","Flood",null,null,90000,90000,2.2444682560942941,202002.14304848647,0,201597]
[0,7,1979,"00/07/1979","Asia","India","North West, North, North ...","Flood",null,100,1010000,1010100,1.7128464800084102,1730146.2294564953,0,5500325]
[18,7,1979,"18/07/1979","Asia","Indonesia","Lomblen Island","Earthquake","Tsunami",539,23,562,1.6147593824559539,907.49477294024609,0,455328]
[19,8,1979,"19/08/1979","Asia","India","Uttar Pradesh","Mass Movement","Landslide",42,112,154,1.7128464800084102,263.7783579212952,0,100160]
[25,8,1979,"25/08/1979","Asia","India","Uttar Pradesh, Bihar, Wes ...","Flood",null,null,26000000,26000000,1.7128464800084102,44534008.480218664,0,5500325]
[31,8,1979,"31/08/1979","Latin America and Carribean","Haiti","North, North West, South","Storm","Tropical cyclone",8,1110,1118,1.7698076923076924,1978.6450000000002,0,1165220]
[12,9,1979,"1979-12-09","Asia","Indonesia","Yapen, Jobi (Irian Jaja)","Earthquake","Earthquake (ground shaking)",2,5005,5007,1.6147593824559539,8085.1002279569611,0,455328]
[0,10,1979,"00/10/1979","Asia","Myanmar","Kachin state","Flood",null,null,10000,10000,1.4673179879616467,14673.179879616468,0,2558366]
[0,10,1979,"00/10/1979","Middle East and Europe","Egypt","Upper Egypt","Flood",null,50,66000,66050,1.8875076230238776,124669.87850072712,0,161260]
[0,10,1979,"00/10/1979","Asia","India","Assam","Flood",null,13,1000000,1000013,1.7128464800084102,1712868.7470126504,0,5500325]
[10,10,1979,"1979-10-10","Latin America and Carribean","Guatemala","Southeastern","Earthquake","Earthquake (ground shaking)",null,2040,2040,2.0375939849624061,4156.6917293233082,0,106084]
[25,10,1979,"25/10/1979","West Africa","Morocco","Ouarzazate","Flood",null,15,300,315,1.6229794221788885,511.23851798634985,0,266455]
[0,11,1979,"00/11/1979","Asia","India","Tamil Nadu","Flood",null,140,null,140,1.7128464800084102,239.79850720117744,0,5500325]
[2,11,1979,"1979-02-11","Asia","Indonesia","West Java","Earthquake","Earthquake (ground shaking)",26,43000,43026,1.6147593824559539,69476.637189549874,0,455328]
[20,11,1979,"20/11/1979","Latin America and Carribean","Colombia","Playon","Flood",null,62,102000,102062,1.6599076264503774,169413.49217077842,0,1207119]
[23,11,1979,"23/11/1979","Latin America and Carribean","Colombia","West, Central","Earthquake","Earthquake (ground shaking)",60,600,660,1.6599076264503774,1095.5390334572492,0,86069]
[0,12,1979,"00/12/1979","Latin America and Carribean","Nicaragua","Northeast","Flood",null,13,3525,3538,2.1368496079828936,7560.1739130434771,0,871560]
[12,12,1979,"1979-12-12","Latin America and Carribean","Colombia","Narino, Cauca provinces, ...","Earthquake","Earthquake (ground shaking)",300,11500,11800,1.6599076264503774,19586.909992114452,0,86069]
[15,12,1979,"15/12/1979","Asia","Indonesia","South Sumatra","Earthquake","Earthquake (ground shaking)",5,1500,1505,1.6147593824559539,2430.2128705962105,0,455328]
[18,12,1979,"18/12/1979","Asia","Indonesia","Bali, Lombok","Earthquake","Earthquake (ground shaking)",32,619,651,1.6147593824559539,1051.2083579788259,0,455328]
[0,0,1980,"00/00/1980","Latin America and Carribean","Bolivia","Beni department","Flood",null,null,3000,3000,1.8281565888623414,5484.4697665870244,0,485075]
[0,0,1980,"00/00/1980","Asia","Pakistan",null,"Flood",null,75,86200,86275,2.0802520564662812,179473.74617162842,0,4800474]
[0,1,1980,"00/01/1980","Latin America and Carribean","Brazil","Minas Gerais state","Flood",null,17,1000,1017,1.6347179320435701,1662.5081368883107,0,3021023]
[0,2,1980,"00/02/1980","Latin America and Carribean","Brazil","North, Central","Flood",null,50,270000,270050,1.6347179320435701,441455.5775483661,0,3021023]
[15,2,1980,"15/02/1980","Asia","Indonesia","West Java","Storm","Tropical cyclone",null,800,800,1.6147593824559539,1291.8075059647631,0,556020]
[0,3,1980,"00/03/1980","Asia","Afghanistan","Southern provinces","Flood",null,null,30000,30000,1.9357218824780644,58071.656474341929,0,300013]
[0,4,1980,"00/04/1980","Latin America and Carribean","Peru","Cuzco","Flood",null,9,310,319,1.729228100607112,551.62376409366868,0,3283034]
[0,4,1980,"00/04/1980","Asia","Bangladesh",null,"Storm","Tropical cyclone",11,1050,1061,1.7974913858785266,1907.1383604171167,0,1590000]
[9,5,1980,"1980-09-05","Asia","India","Uttar Pradesh","Storm","Local storm",125,null,125,1.7128464800084102,214.10581000105128,0,1010100]
[25,6,1980,"25/06/1980","Asia","India","Uttar Pradesh","Mass Movement","Landslide",150,null,150,1.7128464800084102,256.92697200126156,0,100160]
[0,7,1980,"00/07/1980","Asia","India",null,"Flood",null,600,null,600,1.7128464800084102,1027.7078880050462,0,5500325]
[0,7,1980,"00/07/1980","Asia","India","Gujarat","Flood",null,11,1000,1011,1.7128464800084102,1731.6877912885027,0,5500325]
[0,7,1980,"00/07/1980","Asia","India","Assam","Flood",null,null,50000,50000,1.7128464800084102,85642.324000420514,0,5500325]
[23,7,1980,"23/07/1980","Asia","Viet Nam","Ha Bac, Hai Phong, Hai Hu ...","Storm","Tropical cyclone",132,6624710,6624842,1.6675230382574699,11047076.659815693,0,1084809]
[29,7,1980,"29/07/1980","Asia","Nepal","Mahakali, Seti, Karnalin ...","Earthquake","Earthquake (ground shaking)",100,240600,240700,1.9742243436754177,475195.79952267301,0,80147]
[0,8,1980,"00/08/1980","Asia","Bangladesh","North Western","Flood",null,655,10000000,10000655,1.7974913858785266,17976091.215643018,0,4100012]
[0,8,1980,"00/08/1980","Asia","India","Uttar Pradesh, Bihar, Guj ...","Flood",null,1600,30000023,30001623,1.7128464800084102,51388174.350089364,0,5500325]
[5,8,1980,"1980-05-08","Latin America and Carribean","Haiti","South-West, Port-Au-Princ ...","Storm","Tropical cyclone",220,1165000,1165220,1.7698076923076924,2062215.3192307693,0,1165220]
[0,9,1980,"00/09/1980","Asia","India","Orissa","Flood",null,200,2000000,2000200,1.7128464800084102,3426035.529312822,0,5500325]
[4,9,1980,"1980-04-09","Asia","Indonesia","Ternate Isl.","Volcano","Volcanic eruption",null,52235,52235,1.6147593824559539,84346.956342586753,0,12865]
[5,9,1980,"1980-05-09","Asia","Indonesia","Ternate (Moluccas)","Earthquake","Earthquake (ground shaking)",null,20000,20000,1.6147593824559539,32295.187649119078,0,455328]
[15,9,1980,"15/09/1980","Asia","Viet Nam","Thanh Hoa, Nghe Tinh, Ha ...","Storm","Tropical cyclone",176,9027174,9027350,1.6675230382574699,15053314.099413572,0,1084809]
[0,10,1980,"00/10/1980","Latin America and Carribean","Nicaragua","North Atlantic coast","Flood",null,null,5500,5500,2.1368496079828936,11752.672843905915,0,871560]
[3,10,1980,"1980-03-10","Asia","Thailand","Central, North East","Flood",null,57,630000,630057,1.4120911836005614,889697.93486581894,0,5000091]
[0,11,1980,"00/11/1980","Asia","Viet Nam","Quang Nam Da Nang, Nghia ...","Flood",null,94,628000,628094,1.6675230382574699,1047361.2151912873,0,4079074]
[9,11,1980,"1980-09-11","Latin America and Carribean","Peru","Ayacucho","Earthquake","Earthquake (ground shaking)",7,3000,3007,1.729228100607112,5199.7888985255859,0,5070]
[0,12,1980,"00/12/1980","Asia","Indonesia","Talaga","Mass Movement","Landslide",100,3010,3110,1.6147593824559539,5021.9016794380168,0,204817]
[26,12,1980,"26/12/1980","Asia","Indonesia","Central Java","Flood",null,153,2946,3099,1.6147593824559539,5004.1393262310012,0,3183701]
[0,0,1981,"00/00/1981","Asia","India",null,"Earthquake","Earthquake (ground shaking)",212,null,212,1.7128464800084102,363.12345376178297,0,18701103]
[0,1,1981,"00/01/1981","Southern Africa","South Africa","Laingsburg, Cape province ...","Flood",null,104,185,289,1.6788253794612333,485.18053466429643,0,100022]
[22,1,1981,"22/01/1981","Asia","Indonesia","Solo Valley (Irian Jaya)","Earthquake","Earthquake (ground shaking)",306,2682,2988,1.6147593824559539,4824.9010347783897,0,455328]
[22,1,1981,"22/01/1981","Asia","Indonesia","Central Java","Flood",null,null,140000,140000,1.6147593824559539,226066.31354383353,0,3183701]
[0,2,1981,"00/02/1981","Southern Africa","Mozambique",null,"Flood",null,null,6925,6925,1.8227712137486574,12622.690655209452,0,2502240]
[2,3,1981,"1981-02-03","Asia","Indonesia","East of Java","Volcano","Volcanic eruption",192,5000,5192,1.6147593824559539,8383.8307137113115,0,12865]
[6,3,1981,"1981-06-03","Asia","Bangladesh","Comilla","Storm","Tropical cyclone",15,25000,25015,1.7974913858785266,44964.247017751346,0,1590000]
[10,3,1981,"1981-10-03","Asia","Pakistan","Gujranwala, Sheikhupura d ...","Storm","Local storm",56,600,656,2.0802520564662812,1364.6453490418805,0,536171]
[13,3,1981,"13/03/1981","Latin America and Carribean","Peru","Central mountains","Flood",null,4,350,354,1.729228100607112,612.14674761491767,0,3283034]
[0,4,1981,"00/04/1981","Latin America and Carribean","Colombia","Northern provinces","Mass Movement","Landslide",65,14000,14065,1.6599076264503774,23346.600766024556,0,4500]
[0,4,1981,"00/04/1981","East and Central Africa","Somalia","Hiran, Juba provinces","Flood","Flash flood",5,30000,30005,1.7452537107352433,52366.337590610972,0,299052]
[0,4,1981,"00/04/1981","Latin America and Carribean","Brazil","NorthEastern","Flood",null,30,50000,50030,1.6347179320435701,81784.938140139813,0,3021023]
[15,4,1981,"15/04/1981","Asia","Bangladesh","Noakhali district","Storm","Local storm",70,12000,12070,1.7974913858785266,21695.721027553816,0,1590000]
[17,4,1981,"17/04/1981","Asia","India","Orissa","Storm","Local storm",120,10000,10120,1.7128464800084102,17334.006377685113,0,1010100]
[0,5,1981,"00/05/1981","East and Central Africa","Ethiopia","Kalafo","Flood","Flash flood",null,20000,20000,2.4423631923631923,48847.26384726385,0,361680]
[14,5,1981,"14/05/1981","Asia","Indonesia","Mont Semeru","Flood",null,500,null,500,1.6147593824559539,807.37969122797688,0,3183701]
[22,6,1981,"22/06/1981","Latin America and Carribean","Peru","Ayacucho, Huancavelica","Earthquake","Earthquake (ground shaking)",10,12256,12266,1.729228100607112,21210.711882046835,0,5070]
[4,7,1981,"1981-04-07","Asia","India",null,"Flood",null,553,16000000,16000553,1.7128464800084102,27406490.884238008,0,5500325]
[6,7,1981,"1981-06-07","Asia","Thailand","Nan province","Storm","Tropical cyclone",null,43000,43000,1.4120911836005614,60719.920894824143,0,450213]
[13,7,1981,"13/07/1981","Asia","Nepal","North","Flood","Flash flood",100,null,100,1.9742243436754177,197.42243436754177,0,800200]
[7,8,1981,"1981-07-08","Asia","India","Puri, Ganjam, Koraput, Ka ...","Storm","Tropical cyclone",15,101700,101715,1.7128464800084102,174222.17971405544,0,1010100]
[17,8,1981,"17/08/1981","Latin America and Carribean","Colombia","East, Calimina","Flood","General flood",150,null,150,1.6599076264503774,248.98614396755661,0,1207119]
[12,9,1981,"1981-12-09","Asia","Pakistan","Karakoram, Darel, Tangir, ...","Earthquake","Earthquake (ground shaking)",250,2000,2250,2.0802520564662812,4680.567127049133,0,1266453]
[29,9,1981,"29/09/1981","Asia","Nepal",null,"Flood","Flash flood",650,10000,10650,1.9742243436754177,21025.489260143197,0,800200]
[0,10,1981,"00/10/1981","Latin America and Carribean","Honduras","Western","Flood",null,3,105,108,2.3483245149911816,253.61904761904762,0,2126600]
[1,11,1981,"1981-01-11","Asia","India","Gujarat","Storm",null,470,null,470,1.7128464800084102,805.03784560395286,0,1010100]
[6,11,1981,"1981-06-11","Asia","Indonesia","Jogjakarta","Mass Movement","Landslide",null,6000,6000,1.6147593824559539,9688.556294735723,0,204817]
[2,12,1981,"1981-02-12","Latin America and Carribean","Brazil","Rio de Janeiro state","Flood",null,67,2300,2367,1.6347179320435701,3869.3773451471302,0,3021023]
[7,12,1981,"1981-07-12","Asia","Sri Lanka","North","Flood",null,7,20000,20007,1.4289319872476089,28588.642268862914,0,1250003]
[10,12,1981,"1981-10-12","Asia","India","Orissa, West Bengal","Storm","Tropical cyclone",200,20000,20200,1.7128464800084102,34599.498896169884,0,1010100]
[11,12,1981,"1981-11-12","Asia","Bangladesh",null,"Storm","Tropical cyclone",1000,2000000,2001000,1.7974913858785266,3596780.2631429317,0,1590000]
[12,12,1981,"1981-12-12","Asia","Pakistan","Koshkak","Earthquake","Earthquake (ground shaking)",6,237,243,2.0802520564662812,505.50124972130635,0,1266453]
[20,12,1981,"20/12/1981","Southern Africa","Madagascar","Countrywide (mainly Antan ...","Storm","Tropical cyclone",107,118000,118107,2.4487400759406284,289213.3441491198,0,988502]
[25,12,1981,"25/12/1981","Asia","Indonesia","Jarkarta","Flood","Flash flood",9,212000,212009,1.6147593824559539,342343.5219151043,0,3183701]
[0,0,1982,"00/00/1982","Southern Africa","Malawi","Upland district","Flood",null,null,6000,6000,2.4681258987058636,14808.755392235182,0,500059]
[0,1,1982,"00/01/1982","Asia","Indonesia","Slemen (Central Java)","Storm","Tropical cyclone",2,123,125,1.6147593824559539,201.84492280699422,0,556020]
[25,1,1982,"25/01/1982","Latin America and Carribean","Peru","Huallaga, Cuzco","Flood","Flash flood",38,500,538,1.729228100607112,930.32471812662618,0,3283034]
[24,2,1982,"24/02/1982","Asia","Indonesia","Sukabumi (Java)","Earthquake","Earthquake (ground shaking)",null,15000,15000,1.6147593824559539,24221.390736839308,0,455328]
[0,3,1982,"00/03/1982","Latin America and Carribean","Bolivia","Beni, Santa Cruz departme ...","Flood",null,76,5146,5222,1.8281565888623414,9546.6337070391473,0,485075]
[0,3,1982,"00/03/1982","Asia","Indonesia","South Borneo","Flood",null,null,25000,25000,1.6147593824559539,40368.984561398844,0,3183701]
[24,3,1982,"24/03/1982","Southern Africa","Madagascar","Sambava, Antalaha, Tulear ...","Storm","Tropical cyclone",92,70000,70092,2.4487400759406284,171637.08940283052,0,988502]
[0,4,1982,"00/04/1982","West Africa","Morocco","Fez","Mass Movement","Landslide",1,12216,12217,1.6229794221788885,19827.939600759481,0,12217]
[5,4,1982,"1982-05-04","Asia","Indonesia","Java","Volcano","Volcanic eruption",30,300000,300030,1.6147593824559539,484476.25751825981,0,12865]
[13,4,1982,"13/04/1982","Latin America and Carribean","Peru","Ucayali river","Flood",null,4,640,644,1.729228100607112,1113.6228967909801,0,3283034]
[27,4,1982,"27/04/1982","Latin America and Carribean","Honduras","Comayagua area","Earthquake","Earthquake (ground shaking)",null,500,500,2.3483245149911816,1174.1622574955907,0,608000]
[0,5,1982,"00/05/1982","Asia","Sri Lanka","South","Flood",null,20,100000,100020,1.4289319872476089,142921.77736450583,0,1250003]
[4,5,1982,"1982-04-05","Asia","Myanmar","South West","Storm","Tropical cyclone",11,36000,36011,1.4673179879616467,52839.588064486859,0,359999]
[23,5,1982,"23/05/1982","Latin America and Carribean","Nicaragua","Pacific coast","Storm","Tropical cyclone",71,52000,52071,2.1368496079828936,111267.89593727725,0,300076]
[24,5,1982,"24/05/1982","Latin America and Carribean","Honduras","Choluteca","Storm","Tropical cyclone",130,20000,20130,2.3483245149911816,47271.772486772483,0,608000]
[28,5,1982,"28/05/1982","Asia","Indonesia","Irian Jaya","Flood",null,null,12500,12500,1.6147593824559539,20184.492280699422,0,3183701]
[0,6,1982,"00/06/1982","Asia","Indonesia","South Sumatra","Mass Movement","Landslide",225,3000,3225,1.6147593824559539,5207.5990084204514,0,204817]
[0,6,1982,"00/06/1982","Latin America and Carribean","Brazil","Parana state","Storm",null,33,4300,4333,1.6347179320435701,7083.2327995447895,0,270050]
[3,6,1982,"1982-03-06","Latin America and Carribean","Cuba","Havana, Pinar Del Rio","Storm","Tropical cyclone",24,180000,180024,1.1889568009945095,214040.75914223559,0,498895]
[3,6,1982,"1982-03-06","Asia","India","Orissa state","Storm","Tropical cyclone",244,300493,300737,1.7128464800084102,515116.31185828929,0,1010100]
[3,6,1982,"1982-03-06","West Africa","Benin","Mono, Oueme provinces","Flood",null,null,580000,580000,2.6188548293811453,1518935.8010410643,0,580000]
[4,6,1982,"1982-04-06","East and Central Africa","Tanzania Uni Rep","Mbeya region","Flood",null,null,40000,40000,2.2444682560942941,89778.730243771759,0,201597]
[19,6,1982,"19/06/1982","Latin America and Carribean","El Salvador",null,"Earthquake","Earthquake (ground shaking)",20,32500,32520,1.5996495838808584,52020.604467805519,0,402]
[0,8,1982,"00/08/1982","Asia","Pakistan",null,"Flood",null,68,10000,10068,2.0802520564662812,20943.977704502518,0,4800474]
[0,8,1982,"00/08/1982","Asia","India","Northeast","Flood",null,932,33500000,33500932,1.7128464800084102,57381953.453201108,0,5500325]
[26,8,1982,"26/08/1982","Asia","Indonesia","Sulawesi","Volcano","Volcanic eruption",null,30000,30000,1.6147593824559539,48442.781473678617,0,12865]
[7,9,1982,"1982-07-09","Asia","Bangladesh","Rajshahi, Kushtia","Flood",null,null,308000,308000,1.7974913858785266,553627.34685058624,0,4100012]
[0,10,1982,"00/10/1982","East and Central Africa","Kenya","Near Lake Victoria","Flood","Flash flood",75,3000,3075,2.4522074582083153,7540.5379339905694,0,900086]
[6,10,1982,"1982-06-10","West Africa","Liberia","Near Mano river","Mass Movement","Landslide",46,200,246,1.9113034072471606,470.18063818280154,0,0]
[18,10,1982,"18/10/1982","Asia","Viet Nam","Nghe Tinh, Thanh Hoa Prov ...","Storm","Tropical cyclone",70,1300290,1300360,1.6675230382574699,2168380.2580284835,0,1084809]
[0,11,1982,"00/07/1983","Latin America and Carribean","Ecuador","Coast","Flood",null,307,700000,700307,1.867550505050505,1307858.691540404,0,700307]
[9,11,1982,"1982-09-11","Asia","India","Gujarat, Maharashtra","Storm","Tropical cyclone",500,5000000,5000500,1.7128464800084102,8565088.8232820556,0,1010100]
[12,12,1982,"1982-12-12","Asia","Sri Lanka","Matale (Central regions)","Flood",null,34,30000,30034,1.4289319872476089,42916.543304994688,0,1250003]
[16,12,1982,"16/12/1982","Asia","Afghanistan","Baghlan province (Hindu K ...","Earthquake","Earthquake (ground shaking)",500,38000,38500,1.9357218824780644,74525.292475405484,0,121635]
[25,12,1982,"25/12/1982","Asia","Indonesia","Larantuka (Flores Isl.)","Earthquake","Earthquake (ground shaking)",13,8817,8830,1.6147593824559539,14258.325347086073,0,455328]
[26,12,1982,"26/12/1982","Asia","Indonesia","Central Sumatra","Flood",null,3,1500,1503,1.6147593824559539,2426.9833518312985,0,3183701]
[0,1,1983,"00/01/1983","Latin America and Carribean","Brazil","Minas Gerais state","Flood",null,68,3008300,3008368,1.4638234994395189,4403719.7733618664,1,3021023]
[0,2,1983,"00/02/1983","Latin America and Carribean","Cuba","Santiago de Cuba, Pinar d ...","Flood",null,15,164575,164590,1.1401748460162924,187661.37790582157,0,2500016]
[11,3,1983,"1983-11-03","Asia","Pakistan","Phuban (Astor Valley)","Mass Movement","Avalanche",95,100,195,1.7870845472232584,348.48148670853539,0,15082]
[17,3,1983,"17/03/1983","Latin America and Carribean","Bolivia","Santa Cruz, Beni departme ...","Flood","Flash flood",null,5500,5500,1.6759898904802022,9217.9443976411112,0,485075]
[21,3,1983,"21/03/1983","Asia","Bangladesh","South","Storm","Tropical cyclone",6,150,156,1.5941464792141518,248.68685075740768,0,1590000]
[31,3,1983,"31/03/1983","Latin America and Carribean","Colombia","Popayan city (Cauca depar ...","Earthquake","Earthquake (ground shaking)",250,36200,36450,1.4859822509076241,54164.053045582899,0,86069]
[0,4,1983,"00/04/1983","Asia","India","West Bengal","Storm","Tropical cyclone",76,7500,7576,1.5443515900222746,11700.007646008753,0,1010100]
[0,4,1983,"00/04/1983","Asia","Bangladesh","Central, Eastern","Flood",null,78,60000,60078,1.5941464792141518,95773.13217822781,0,4100012]
[3,4,1983,"1983-03-04","Asia","Indonesia","Banda Aceh (North Sumatra ...","Earthquake","Earthquake (ground shaking)",null,100,100,1.4626141500972194,146.26141500972193,0,455328]
[13,4,1983,"13/04/1983","Asia","India","West Bengal","Storm",null,24,35300,35324,1.5443515900222746,54552.675565946825,0,1010100]
[26,4,1983,"26/04/1983","Asia","Bangladesh","Kulna","Storm","Local storm",12,200,212,1.5941464792141518,337.9590535934002,0,1590000]
[0,5,1983,"00/05/1983","Latin America and Carribean","Brazil","Southern","Flood",null,75,330000,330075,1.4638234994395189,483171.54157749924,0,3021023]
[17,6,1983,"17/06/1983","Latin America and Carribean","Colombia","Barranquilla","Storm","Local storm",1,540,541,1.4859822509076241,803.91639774102464,0,1207119]
[19,6,1983,"19/06/1983","Asia","India","Saurashtra coast (N-W. Gu ...","Storm","Tropical cyclone",551,800000,800551,1.5443515900222746,1236332.2097439219,0,1010100]
[28,6,1983,"28/06/1983","Asia","Indonesia","Halmahera Island","Volcano","Volcanic eruption",null,2500,2500,1.4626141500972194,3656.5353752430483,0,12865]
[0,7,1983,"00/07/1983","Asia","Indonesia","Banggai","Flood",null,11,2000,2011,1.4626141500972194,2941.3170558455081,0,3183701]
[0,7,1983,"00/07/1983","Asia","India","Upper Assama, Central Sik ...","Flood",null,197,250000,250197,1.5443515900222746,386392.13476880302,0,5500325]
[0,7,1983,"00/07/1983","Asia","Bangladesh",null,"Flood",null,12,4100000,4100012,1.5941464792141518,6536019.6945357723,0,4100012]
[6,7,1983,"1983-06-07","Latin America and Carribean","Guatemala","Near Quezaltenango","Volcano","Volcanic eruption",null,3500,3500,1.7873631447038649,6255.7710064635276,0,6599]
[14,7,1983,"14/07/1983","Asia","Indonesia","Unauna Isl. (central Sula ...","Volcano","Volcanic eruption",null,7101,7101,1.4626141500972194,10386.023079840355,0,12865]
[28,7,1983,"28/07/1983","Latin America and Carribean","Colombia","Gachala","Mass Movement","Rockfall",160,null,160,1.4859822509076241,237.75716014521987,0,4500]
[0,8,1983,"00/08/1983","Asia","India","Central - Western","Flood",null,130,null,130,1.5443515900222746,200.7657067028957,0,5500325]
[0,8,1983,"00/08/1983","Asia","Thailand","Bangkok","Flood",null,50,1000000,1000050,1.2933855323127263,1293450.201589342,0,5000091]
[4,8,1983,"1983-04-08","Latin America and Carribean","Ecuador",null,"Flood",null,null,200000,200000,1.6322003972632972,326440.07945265947,0,700307]
[6,8,1983,"1983-06-08","Asia","Pakistan","Punjab province","Flood",null,39,64300,64339,1.7870845472232584,114979.23268379722,0,4800474]
[0,9,1983,"00/09/1983","Asia","India",null,"Flood",null,400,null,400,1.5443515900222746,617.74063600890986,0,5500325]
[0,9,1983,"00/09/1983","Asia","Papua New Guinea","Lae (Morobe province)","Flood",null,11,13000,13011,1.8782904924125117,24438.437596779189,0,75300]
[0,9,1983,"00/09/1983","Asia","Nepal","Bardia, Kailali, Kanchamp ...","Flood",null,186,200050,200236,1.7472540736270368,349863.16668678331,0,800200]
[0,9,1983,"00/09/1983","Asia","Viet Nam",null,"Storm","Tropical cyclone",578,845324,845902,1.4905396635215415,1260850.4824521991,0,1084809]
[0,9,1983,"00/09/1983","Asia","Bangladesh",null,"Flood",null,114,3000000,3000114,1.5941464792141518,4782621.1703410856,0,4100012]
[9,9,1983,"1983-09-09","Asia","Indonesia",null,"Volcano","Volcanic eruption",null,6334,6334,1.4626141500972194,9264.1980267157869,0,12865]
[0,10,1983,"00/10/1983","Asia","Indonesia","Aceh, Sumatra","Flood",null,2,5000,5002,1.4626141500972194,7315.9959787862917,0,3183701]
[3,10,1983,"1983-03-10","Asia","India","Andhra Pradesh, Orissa","Storm","Tropical cyclone",100,714000,714100,1.5443515900222746,1102821.4704349062,0,1010100]
[5,10,1983,"1983-05-10","Asia","Viet Nam","Ha Nam Ninh, Ha Son Binh, ...","Storm","Tropical cyclone",80,336544,336624,1.4905396635215415,501751.42369327543,0,1084809]
[15,10,1983,"15/10/1983","Asia","Bangladesh","Chittagong","Storm","Tropical cyclone",600,5000,5600,1.5941464792141518,8927.2202835992503,0,1590000]
[15,10,1983,"15/10/1983","Asia","Papua New Guinea",null,"Volcano","Volcanic eruption",null,25000,25000,1.8782904924125117,46957.262310312792,0,0]
[24,11,1983,"24/11/1983","Southern Africa","South Africa",null,"Storm",null,10,200,210,1.4336719799147546,301.07111578209845,0,500064]
[0,12,1983,"00/12/1983","Asia","Indonesia","Java, Yogyakarta","Flood",null,7,410497,410504,1.4626141500972194,600408.95907150896,0,3183701]
[0,12,1983,"00/12/1983","Asia","Sri Lanka","North, North Central, Eas ...","Flood",null,3,1250000,1250003,1.3290091425747468,1661265.4152458613,0,1250003]
[10,12,1983,"1983-10-12","Southern Africa","Madagascar","Countrywide","Storm","Tropical cyclone",42,13560,13602,2.1220460664074183,28864.070595273704,0,988502]
[16,12,1983,"16/12/1983","Asia","Afghanistan","Hindu Kush region, North- ...","Earthquake","Earthquake (ground shaking)",12,34503,34515,2.2239957232320147,76761.212387352993,0,121635]
[31,12,1983,"31/12/1983","Asia","Pakistan","Pakistan/Afghanistan bord ...","Earthquake","Earthquake (ground shaking)",24,543,567,1.7870845472232584,1013.2769382755876,0,1266453]
[0,1,1984,"00/01/1984","Latin America and Carribean","Bolivia","La Paz","Flood",null,4,6025,6029,1.6759898904802022,10104.543049705138,0,485075]
[7,1,1984,"1984-07-01","Asia","Sri Lanka","North and Eastern regions ...","Flood","General flood",3,350000,350003,1.3290091425747468,465157.18692858907,0,1250003]
[19,1,1984,"19/01/1984","Asia","Thailand","Bangkok area","Flood",null,null,751600,751600,1.2933855323127263,972108.56608624512,0,5000091]
[28,1,1984,"1984-04-02","Southern Africa","Mozambique","Maputo, Gaza","Storm","Tropical cyclone",109,350000,350109,1.6888157391104646,591269.58960422559,0,549405]
[28,1,1984,"1984-04-02","Southern Africa","South Africa","Natal, Kwazulu, Transvaal ...","Storm","Tropical cyclone",64,500000,500064,1.4336719799147546,716927.74496409181,0,500064]
[3,2,1984,"1984-03-02","Asia","Indonesia","Central, East, West Java, ...","Flood",null,26,320000,320026,1.4626141500972194,468074.55599901272,0,3183701]
[0,3,1984,"00/03/1984","Latin America and Carribean","Peru","Lima","Mass Movement","Landslide",130,null,130,1.5390592836558254,200.07770687525732,0,330250]
[0,4,1984,"00/04/1984","Latin America and Carribean","Brazil","Recife, Salvador","Flood",null,30,50000,50030,1.4638234994395189,73235.089676959135,0,3021023]
[9,4,1984,"1984-09-04","Southern Africa","Madagascar","North","Storm","Tropical cyclone",68,100215,100283,2.1220460664074183,212805.14567753513,0,988502]
[15,4,1984,"15/04/1984","Asia","Viet Nam","100 km East from Hanoi","Storm","Tropical cyclone",21,1094,1115,1.4905396635215415,1661.9517248265188,0,1084809]
[27,4,1984,"27/04/1984","Asia","Indonesia","West Java","Flood",null,null,2700,2700,1.4626141500972194,3949.0582052624923,0,3183701]
[0,5,1984,"00/05/1984","Latin America and Carribean","Brazil","Paraiba state","Flood",null,6,1500,1506,1.4638234994395189,2204.5181901559154,0,3021023]
[0,5,1984,"00/05/1984","Asia","India","North-East states","Flood",null,245,16000000,16000245,1.5443515900222746,24710003.80649595,0,5500325]
[0,5,1984,"00/05/1984","Asia","Bangladesh","Eastern","Flood",null,1200,30000000,30001200,1.5941464792141518,47826307.352199607,0,4100012]
[24,5,1984,"24/05/1984","Asia","Sri Lanka","Kalutara district + South ...","Flood",null,45,155000,155045,1.3290091425747468,206056.22251050163,0,1250003]
[25,5,1984,"25/05/1984","Asia","Indonesia","North Surawasi province","Volcano","Volcanic eruption",null,6000,6000,1.4626141500972194,8775.6849005833155,0,12865]
[0,6,1984,"00/06/1984","Latin America and Carribean","Brazil","Santa Catarina","Flood",null,10,120400,120410,1.4638234994395189,176258.98756751246,0,3021023]
[0,6,1984,"00/06/1984","Latin America and Carribean","Brazil","Rio Grande Do Sul","Flood",null,17,159600,159617,1.4638234994395189,233651.11551003769,0,3021023]
[15,6,1984,"15/06/1984","Asia","Indonesia","Dukuh, Srumbung, Sawangan ...","Volcano","Volcanic eruption",null,5000,5000,1.4626141500972194,7313.0707504860966,0,12865]
[25,6,1984,"25/06/1984","Asia","India","West Bengal, Uttar Prades ...","Flood",null,200,3000000,3000200,1.5443515900222746,4633363.6403848287,0,5500325]
[0,7,1984,"00/07/1984","Asia","Sri Lanka","Ratnapura, Kegalce, Gampa ...","Flood",null,3,70000,70003,1.3290091425747468,93034.627007660005,0,1250003]
[6,7,1984,"1984-06-07","Latin America and Carribean","Guatemala","Coastal provinces","Volcano","Volcanic eruption",null,3000,3000,1.7873631447038649,5362.0894341115945,0,6599]
[0,8,1984,"00/08/1984","Asia","India","W Bengal, Uttar Pradesh & ...","Flood",null,245,null,245,1.5443515900222746,378.36613955545727,0,5500325]
[0,8,1984,"00/08/1984","Asia","Pakistan","Karachi","Flood",null,39,2000,2039,1.7870845472232584,3643.8653917882239,0,4800474]
[27,8,1984,"27/08/1984","Asia","Indonesia","Pahae Jae sub-district (N ...","Earthquake","Earthquake (ground shaking)",null,1858,1858,1.4626141500972194,2717.5370908806335,0,455328]
[0,9,1984,"00/09/1984","Asia","Nepal","South","Flood",null,200,null,200,1.7472540736270368,349.45081472540733,0,800200]
[0,9,1984,"00/09/1984","Asia","Lao P Dem Rep",null,"Flood",null,14,2000,2014,1,2014,0,459031]
[5,9,1984,"1984-05-09","Asia","Indonesia","Siau Isl (North Sulawesi) ...","Volcano","Volcanic eruption",null,17000,17000,1.4626141500972194,24864.440551652729,0,12865]
[0,10,1984,"00/10/1984","Latin America and Carribean","Honduras",null,"Flood",null,1,500,501,1.9595290654893305,981.72406181015458,0,2126600]
[0,10,1984,"00/10/1984","Asia","Viet Nam","Central","Flood",null,33,38000,38033,1.4905396635215415,56689.69502271479,0,4079074]
[9,10,1984,"1984-09-10","Latin America and Carribean","Brazil","Maravilha","Storm","Local storm",10,200,210,1.4638234994395189,307.40293488229901,0,270050]
[0,11,1984,"00/11/1984","Asia","Viet Nam",", Nghe Tinh, Nghia Binh, ...","Storm","Tropical cyclone",134,650705,650839,1.4905396635215415,970101.34406669659,0,1084809]
[14,11,1984,"14/11/1984","Asia","India","Tamil Nadu state + Chitto ...","Storm","Tropical cyclone",524,1300000,1300524,1.5443515900222746,2008466.3072621287,0,1010100]
[30,11,1984,"30/11/1984","Asia","India","Ravalaseema, Kerala, Tami ...","Storm","Tropical cyclone",null,35000,35000,1.5443515900222746,54052.305650779614,0,1010100]
[0,12,1984,"00/12/1984","Asia","Thailand","Southern, Eastearn","Flood",null,17,34571,34588,1.2933855323127263,44735.61879163258,0,5000091]
[0,12,1984,"00/12/1984","Latin America and Carribean","Brazil","Minas Gerais, Rio de Jane ...","Flood",null,200,60000,60200,1.4638234994395189,88122.174666259045,0,3021023]
[3,12,1984,"1984-03-12","Asia","Indonesia","Bandung Region (West Java ...","Flood",null,null,37500,37500,1.4626141500972194,54848.030628645727,0,3183701]
[31,12,1984,"31/12/1984","Asia","India","Cachar district (Assam)","Earthquake","Earthquake (ground shaking)",20,10900,10920,1.5443515900222746,16864.31936304324,0,18701103]
[0,0,1985,"00/00/1985","Asia","India",null,"Flood",null,237,null,237,1.5443515900222746,366.01132683527908,0,5500325]
[0,2,1985,"00/02/1985","Latin America and Carribean","Peru","Esat of Lima","Mass Movement","Landslide",232,null,232,1.5390592836558254,357.06175380815148,0,330250]
[0,2,1985,"00/02/1985","Asia","Indonesia","Bandung region","Storm",null,null,10000,10000,1.4626141500972194,14626.141500972193,0,556020]
[0,2,1985,"00/02/1985","Southern Africa","Mozambique","Maputo province","Flood","General flood",2,15000,15002,1.6888157391104646,25335.613718135188,0,2502240]
[4,2,1985,"1985-04-02","Asia","Indonesia","Northern Sulawesi","Flood","Flash flood",21,300,321,1.4626141500972194,469.49914218120745,0,3183701]
[19,2,1985,"19/02/1985","Asia","Indonesia","Central and East Java, Ea ...","Flood","General flood",10,2000,2010,1.4626141500972194,2939.854441695411,0,3183701]
[25,2,1985,"25/02/1985","Latin America and Carribean","Bolivia","Bermeja (Tarija departmen ...","Flood","General flood",1,6500,6501,1.6759898904802022,10895.610278011794,0,485075]
[28,3,1985,"28/03/1985","Asia","Bangladesh","Pabna district","Storm",null,50,20000,20050,1.5941464792141518,31962.636908243741,0,1590000]
[0,4,1985,"00/04/1985","Latin America and Carribean","Peru","Colcabamba department","Mass Movement","Landslide",500,null,500,1.5390592836558254,769.52964182791277,0,330250]
[0,4,1985,"00/04/1985","Latin America and Carribean","Brazil","Ceara, Maranhao, Piaui, R ...","Flood","General flood",100,600000,600100,1.4638234994395189,878440.48201365536,0,3021023]
[0,5,1985,"00/05/1985","East and Central Africa","Ethiopia","Ogaden","Flood",null,null,20000,20000,2.0842825680251971,41685.651360503944,0,361680]
[24,5,1985,"28/05/1985","Asia","Bangladesh","Urir, Jabbar, Bata, Darbe ...","Storm","Tropical cyclone",15000,1810000,1825000,1.5941464792141518,2909317.3245658269,0,1590000]
[30,5,1985,"30/05/1985","Latin America and Carribean","Cuba","South-East","Flood",null,null,3000,3000,1.1401748460162924,3420.5245380488773,0,2500016]
[0,6,1985,"00/06/1985","West Africa","Chad","Am Timan, Salama Departme ...","Flood",null,null,500,500,2.0811290959336755,1040.5645479668378,0,175863]
[0,6,1985,"00/06/1985","Asia","India","Punjab (Western)","Flood",null,133,25000,25133,1.5443515900222746,38814.188512029825,0,5500325]
[0,6,1985,"00/06/1985","Asia","Bangladesh","Maulvibazar, Sylhet distr ...","Flood","General flood",7,100000,100007,1.5941464792141518,159425.80694676968,0,4100012]
[0,6,1985,"00/06/1985","Asia","India","Uttar Pradesh, West Beng ...","Flood",null,741,10225000,10225741,1.5443515900222746,15792139.372505965,0,5500325]
[16,6,1985,"16/06/1985","Latin America and Carribean","Peru","La Hoyada region","Mass Movement","Landslide",364,700000,700364,1.5390592836558254,1077901.7161383284,0,330250]
[23,6,1985,"23/06/1985","Asia","India","Kerala, Assam, Bombay, Ka ...","Flood","General flood",95,25000,25095,1.5443515900222746,38755.50315160898,0,5500325]
[30,6,1985,"30/06/1985","Asia","Indonesia","West coast of Sumatra","Flood","Storm surge/coastal flood",11,2000,2011,1.4626141500972194,2941.3170558455081,0,3183701]
[5,7,1985,"1985-05-07","Asia","Bangladesh","Rangpur, Kurigram a Nil d ...","Flood",null,27,400000,400027,1.5941464792141518,637701.63364059944,0,4100012]
[29,7,1985,"29/07/1985","Asia","Pakistan","Chitral (Hindu Kush area) ...","Earthquake","Earthquake (ground shaking)",5,12038,12043,1.7870845472232584,21521.8592022097,0,1266453]
[30,7,1985,"30/07/1985","Asia","Indonesia","Ntb Prov.","Volcano","Volcanic eruption",null,1078,1078,1.4626141500972194,1576.6980538048026,0,12865]
[0,8,1985,"00/08/1985","Asia","Nepal","Dolakha, Accham, Dhading, ...","Flood",null,46,62557,62603,1.7472540736270368,109383.34677127338,0,800200]
[17,8,1985,"17/08/1985","East and Central Africa","Ethiopia","Rift Valley region","Flood","General flood",9,8000,8009,2.0842825680251971,16693.019087313802,0,361680]
[21,8,1985,"21/08/1985","Latin America and Carribean","Peru","Chimbote area","Earthquake","Earthquake (ground shaking)",null,400,400,1.5390592836558254,615.62371346233022,0,5070]
[0,9,1985,"00/09/1985","Asia","India","Uttar Pradesh, Bihar","Flood","General flood",557,152000,152557,1.5443515900222746,235601.64551902816,0,5500325]
[7,9,1985,"1985-07-09","Asia","Viet Nam","Ha Nam Ninh, Thanh Hoa, H ...","Flood","General flood",93,2800000,2800093,1.4905396635215415,4173649.6780490237,0,4079074]
[30,9,1985,"30/09/1985","Latin America and Carribean","Brazil","Itabirinha De Mantena, Ip ...","Storm","Local storm",22,3000,3022,1.4638234994395189,4423.6746153062259,0,270050]
[0,10,1985,"00/10/1985","West Africa","Benin","Mono, Atlantique, Oueme, ...","Flood",null,61,475000,475061,2.2471464019851117,1067531.6168734492,0,580000]
[10,10,1985,"1985-10-10","Asia","India","Andhra Pradesh","Storm","Tropical cyclone",78,5000,5078,1.5443515900222746,7842.2173741331108,0,1010100]
[11,10,1985,"1985-11-10","Latin America and Carribean","Guatemala","Tierra Blanca, Catoxac ca ...","Earthquake","Earthquake (ground shaking)",null,5000,5000,1.7873631447038649,8936.8157235193248,0,106084]
[12,10,1985,"1985-12-10","Asia","Thailand","Suan Phung, Damnoen Sadua ...","Flood",null,18,7640,7658,1.2933855323127263,9904.7464064508586,0,5000091]
[16,10,1985,"16/10/1985","Asia","Bangladesh",null,"Storm",null,71,1300,1371,1.5941464792141518,2185.574823002602,0,1590000]
[17,10,1985,"17/10/1985","Asia","India",null,"Storm",null,100,100000,100100,1.5443515900222746,154589.5941612297,0,1010100]
[23,10,1985,"23/10/1985","Asia","Viet Nam","Binh Tri Thien, Nghe Tinh ...","Storm","Tropical cyclone",798,450257,451055,1.4905396635215415,672315.36792970891,0,1084809]
[0,11,1985,"00/11/1985","Asia","Sri Lanka",null,"Storm",null,null,8000,8000,1.3290091425747468,10632.073140597975,0,501325]
[12,11,1985,"1985-12-11","Asia","India","Tamil Nadu","Flood",null,130,900000,900130,1.5443515900222746,1390117.1967267501,0,5500325]
[13,11,1985,"13/11/1985","Latin America and Carribean","Colombia","Armero, Chinchina, Casabl ...","Volcano","Volcanic eruption",21800,12700,34500,1.4859822509076241,51266.387656313032,0,7076]
[18,11,1985,"18/11/1985","Latin America and Carribean","Cuba",null,"Storm","Tropical cyclone",4,498891,498895,1.1401748460162924,568827.52980329818,0,498895]
[0,12,1985,"00/12/1985","Latin America and Carribean","Brazil","Bahia state","Flood",null,1,12000,12001,1.4638234994395189,17567.345816773668,0,3021023]
[0,0,1986,"00/00/1986","Asia","India",null,"Storm",null,230,null,230,1.5443515900222746,355.20086570512314,0,1010100]
[0,0,1986,"00/00/1986","East and Central Africa","Tanzania Uni Rep",null,"Flood",null,null,6000,6000,1.9378758442039041,11627.255065223424,0,201597]
[0,0,1986,"00/00/1986","Asia","India",null,"Flood",null,14,150000,150014,1.5443515900222746,231674.35942560149,0,5500325]
[0,1,1986,"00/01/1986","Asia","Sri Lanka","Badulla, Nuwara-Eliya dis ...","Flood",null,43,64485,64528,1.3290091425747468,85758.301952063266,0,1250003]
[6,1,1986,"1986-06-01","Latin America and Carribean","Bolivia","Santa Cruz, La Pazn Cocha ...","Flood","General flood",null,7000,7000,1.6759898904802022,11731.929233361416,0,485075]
[11,1,1986,"1986-11-01","Latin America and Carribean","Peru","Huarmey area","Earthquake","Earthquake (ground shaking)",1,100,101,1.5390592836558254,155.44498764923836,0,5070]
[16,1,1986,"16/01/1986","Asia","Indonesia","Timor province (Java)","Flood",null,77,19000,19077,1.4626141500972194,27902.290141404654,0,3183701]
[0,2,1986,"00/02/1986","Latin America and Carribean","Peru","Puno, Huanuco, Uacyali","Flood","General flood",13,2169,2182,1.5390592836558254,3358.2273569370113,0,3283034]
[3,2,1986,"1986-03-02","Latin America and Carribean","Guatemala","Ixchiguan (San Marcos pro ...","Earthquake","Earthquake (ground shaking)",null,2500,2500,1.7873631447038649,4468.4078617596624,0,106084]
[0,3,1986,"00/03/1986","Asia","Bangladesh","Dacca, Manikganj","Storm",null,19,10000,10019,1.5941464792141518,15971.753575246586,0,1590000]
[6,3,1986,"1986-06-03","Asia","Indonesia",null,"Flood",null,null,50000,50000,1.4626141500972194,73130.707504860969,0,3183701]
[9,3,1986,"1986-09-03","Latin America and Carribean","Peru","North Peru","Mass Movement","Landslide",600,null,600,1.5390592836558254,923.43557019349532,0,330250]
[15,3,1986,"15/03/1986","Southern Africa","Madagascar","Toamasina, Fenerive east, ...","Storm","Tropical cyclone",99,84309,84408,2.1220460664074183,179117.66437331736,0,988502]
[0,4,1986,"00/04/1986","Latin America and Carribean","Brazil","Rio Grande Do Sul","Flood",null,28,8335,8363,1.4638234994395189,12241.955925812697,0,3021023]
[4,4,1986,"1986-04-04","Asia","Bangladesh","Gopalganj, Piropjur distr ...","Storm","Local storm",100,13000,13100,1.5941464792141518,20883.318877705387,0,1590000]
[5,4,1986,"1986-05-04","Latin America and Carribean","Peru","Chimbote, Pucallpa (Cuzco ...","Earthquake","Earthquake (ground shaking)",15,8080,8095,1.5390592836558254,12458.684901193907,0,5070]
[15,4,1986,"15/04/1986","Asia","Indonesia","West Java","Flood",null,2,38000,38002,1.4626141500972194,55582.262931994534,0,3183701]
[8,5,1986,"1986-08-05","Asia","Thailand","Bangkok, central, Eastern ...","Flood","General flood",42,27801,27843,1.2933855323127263,36011.733376183241,0,5000091]
[16,5,1986,"16/05/1986","Asia","India","Rajasthan state","Storm","Tropical cyclone",11,100,111,1.5443515900222746,171.42302649247247,0,1010100]
[31,5,1986,"31/05/1986","Asia","Pakistan","Karachi","Storm","Local storm",11,250,261,1.7870845472232584,466.42906682527041,0,536171]
[0,6,1986,"00/06/1986","Latin America and Carribean","Cuba","Santiago de Cuba, Quantan ...","Flood",null,null,7500,7500,1.1401748460162924,8551.3113451221925,0,2500016]
[21,6,1986,"21/06/1986","Latin America and Carribean","Colombia",null,"Mass Movement","Landslide",200,null,200,1.4859822509076241,297.19645018152482,0,4500]
[24,6,1986,"24/06/1986","Asia","Papua New Guinea","East Sepik province","Earthquake","Earthquake (ground shaking)",null,1000,1000,1.8782904924125117,1878.2904924125116,0,90000]
[0,7,1986,"00/07/1986","Latin America and Carribean","Colombia","Arauca, Casanare, Guainia ...","Storm",null,4,28000,28004,1.4859822509076241,41613.446954417108,0,1207119]
[0,7,1986,"00/07/1986","Asia","India","Uttar Pradesh, Himachal P ...","Mass Movement","Landslide",88,2500000,2500088,1.5443515900222746,3861014.8779956084,0,100160]
[0,8,1986,"00/08/1986","Latin America and Carribean","Honduras","Northeast Honduras/Mosqui ...","Flood",null,1,500,501,1.9595290654893305,981.72406181015458,0,2126600]
[0,8,1986,"00/08/1986","Asia","India","Andhra Pradesh","Flood","General flood",187,245000,245187,1.5443515900222746,378654.93330279144,0,5500325]
[2,8,1986,"1986-02-08","Asia","Bangladesh","Rajshahi district","Flood","General flood",4,100000,100004,1.5941464792141518,159421.02450733204,0,4100012]
[7,8,1986,"1986-07-08","Asia","Bangladesh","Chapai","Flood",null,26,300000,300026,1.5941464792141518,478285.39157270512,0,4100012]
[24,8,1986,"25/08/1986","West Africa","Cameroon","Lake Nyos (Wum region)","Volcano","Volcanic eruption",1746,10437,12183,1.8932391325679521,23065.332352075358,0,0]
[6,9,1986,"1986-06-09","Asia","Viet Nam","Ha Nam Ninh, Thai Binh, H ...","Storm","Tropical cyclone",435,2502502,2502937,1.4905396635215415,3730726.8737956164,0,1084809]
[25,9,1986,"25/09/1986","Asia","India","Calcutta, Midnapore distr ...","Storm","Tropical cyclone",13,3300000,3300013,1.5443515900222746,5096380.3236441761,0,1010100]
[26,9,1986,"26/09/1986","Asia","Bangladesh","Kuna, Bagerhat, Sathkhira ...","Storm","Tropical cyclone",40,2700000,2700040,1.5941464792141518,4304259.259737378,0,1590000]
[0,10,1986,"00/10/1986","Latin America and Carribean","Colombia","All country","Flood",null,13,250000,250013,1.4859822509076241,371514.88049616781,0,1207119]
[10,10,1986,"1986-10-10","Latin America and Carribean","El Salvador","San Salvador","Earthquake","Earthquake (ground shaking)",1100,770000,771100,1.5660377358490567,1207571.6981132077,0,402]
[16,10,1986,"16/10/1986","Asia","Pakistan","Khuzdar area","Earthquake","Earthquake (ground shaking)",null,750,750,1.7870845472232584,1340.3134104174437,0,1266453]
[24,10,1986,"24/10/1986","Asia","Indonesia","Bengkulu, Lampung provinc ...","Flood","General flood",96,20000,20096,1.4626141500972194,29392.693960353721,0,3183701]
[9,11,1986,"1986-09-11","Asia","Bangladesh","Bengal Bay (South-West)","Storm","Tropical cyclone",25,100,125,1.5941464792141518,199.26830990176896,0,1590000]
[16,11,1986,"16/11/1986","Asia","India","Jammu and Kashmir State","Mass Movement","Avalanche",65,200,265,1.5443515900222746,409.25317135590279,0,100160]
[30,11,1986,"30/11/1986","Latin America and Carribean","Brazil","Joao Camara, Pobo Branco","Earthquake","Earthquake (ground shaking)",1,23000,23001,1.4638234994395189,33669.404310608377,0,50030]
[3,12,1986,"1986-03-12","Asia","Viet Nam","Central","Flood","General flood",165,null,165,1.4905396635215415,245.93904448105437,0,4079074]
[29,12,1986,"29/12/1986","Southern Africa","Madagascar","Antananarivo area","Flood",null,null,28223,28223,2.1220460664074183,59890.506132216571,0,2510147]
[9,1,1987,"1987-09-01","Latin America and Carribean","Peru","Chuschi (Ayacucho State)","Mass Movement","Landslide",2000,null,2000,1.5390592836558254,3078.1185673116511,0,330250]
[21,1,1987,"25/01/1987","Latin America and Carribean","Guatemala",null,"Volcano","Volcanic eruption",null,3035,3035,1.7873631447038649,5424.6471441762296,0,6599]
[26,1,1987,"26/01/1987","Latin America and Carribean","Brazil","Franco Da Rocha district, ...","Flood","General flood",95,9000,9095,1.4638234994395189,13313.474727402425,0,3021023]
[0,2,1987,"00/02/1987","Latin America and Carribean","Peru","Villarica, Oxapampa (Pas ...","Flood","General flood",20,2500,2520,1.5390592836558254,3878.4293948126801,0,3283034]
[0,2,1987,"00/02/1987","Latin America and Carribean","Ecuador","Chone","Flood",null,null,10000,10000,1.6322003972632972,16322.003972632972,0,700307]
[0,2,1987,"00/02/1987","Latin America and Carribean","Bolivia","Villa Fatima, Nueva Esper ...","Flood","General flood",null,15000,15000,1.6759898904802022,25139.848357203035,0,485075]
[9,2,1987,"1987-09-02","Asia","Papua New Guinea","Umboi Isl., Finschafen ar ...","Earthquake","Earthquake (ground shaking)",1,4000,4001,1.8782904924125117,7515.0402601424594,0,90000]
[23,2,1987,"23/02/1987","Asia","Indonesia","Esatern Java","Flood","General flood",3,26000,26003,1.4626141500972194,38032.355744977998,0,3183701]
[5,3,1987,"1987-05-03","Latin America and Carribean","Ecuador","Carchi, Imbabura, Pastaza ...","Earthquake","Earthquake (ground shaking)",5000,150000,155000,1.6322003972632972,252991.06157581107,0,200000]
[9,3,1987,"1987-09-03","Latin America and Carribean","Peru","Chosica (Lima)","Flood",null,73,3019,3092,1.5390592836558254,4758.7713050638122,0,3283034]
[3,4,1987,"1987-03-04","Latin America and Carribean","Ecuador","Cochancay","Mass Movement","Landslide",100,6000,6100,1.6322003972632972,9956.4224233061141,0,10100]
[26,4,1987,"26/04/1987","Asia","Indonesia","Tarutung (North Sumatra)","Earthquake","Earthquake (ground shaking)",2,15001,15003,1.4626141500972194,21943.600093908582,0,455328]
[27,4,1987,"27/04/1987","Latin America and Carribean","Haiti","Port-De-Paix","Flood",null,null,105,105,1.6211026950854324,170.2157829839704,0,1588122]
[0,5,1987,"00/05/1987","East and Central Africa","Somalia","Mogadishu, Central, North ...","Flood",null,null,30000,30000,1.5655674252980338,46967.022758941013,0,299052]
[4,5,1987,"1987-04-05","Asia","Indonesia","Padang Panjang (West Suma ...","Mass Movement","Landslide",131,701,832,1.4626141500972194,1216.8949728808866,0,204817]
[8,5,1987,"1987-08-05","Latin America and Carribean","Haiti","Delmas, Caradeux, Port-au ...","Flood",null,12,200,212,1.6211026950854324,343.67377135811165,0,1588122]
[27,6,1987,"27/06/1987","Southern Africa","South Africa",null,"Earthquake","Earthquake (ground shaking)",9,310,319,1.4336719799147546,457.34136159280672,0,3581]
[4,7,1987,"1987-04-07","Latin America and Carribean","Colombia","Ibague, PastalesTolima de ...","Flood","General flood",21,850,871,1.4859822509076241,1294.2905405405406,0,1207119]
[22,7,1987,"22/07/1987","Asia","Bangladesh","Rangpur, Netrokona, Gaiba ...","Flood","General flood",2055,29700000,29702055,1.5941464792141518,47349426.403675094,0,4100012]
[0,8,1987,"00/08/1987","Asia","Bangladesh",null,"Flood",null,225,null,225,1.5941464792141518,358.68295782318415,0,4100012]
[0,8,1987,"00/08/1987","Asia","Nepal","Sinhulpalhowk, Nuwakot, D ...","Flood",null,188,351000,351188,1.7472540736270368,613614.66360893182,0,800200]
[0,8,1987,"00/08/1987","Asia","India","Assam, Bihar, West Bengal ...","Flood","General flood",1200,18000000,18001200,1.5443515900222746,27800181.842308968,0,5500325]
[18,9,1987,"18/09/1987","Asia","India","Uttar Pradesh","Flood",null,59,300000,300059,1.5443515900222746,463396.59375049372,0,5500325]
[25,9,1987,"29/09/1987","Southern Africa","South Africa","Natal, Kwazulu","Flood","General flood",506,65000,65506,1.4336719799147546,93914.116716295917,0,100022]
[27,9,1987,"27/09/1987","Latin America and Carribean","Colombia","Villatina (Medellin)","Mass Movement","Landslide",640,6436,7076,1.4859822509076241,10514.810407422348,0,4500]
[30,9,1987,"30/09/1987","Latin America and Carribean","Guatemala","Huehuetenango","Flood",null,20,462,482,1.7873631447038649,861.50903574726294,0,476827]
[0,11,1987,"00/11/1987","Asia","Indonesia","Aceh province (North Suma ...","Flood",null,4,2000,2004,1.4626141500972194,2931.0787567948278,0,3183701]
[2,11,1987,"1987-02-11","Asia","India","Andhra Pradesh, Tami Nadu ...","Storm","Tropical cyclone",38,50000,50038,1.5443515900222746,77276.264861534582,0,1010100]
[14,11,1987,"14/11/1987","Asia","India","Guntur, Prakasam district ...","Storm","Tropical cyclone",25,30000,30025,1.5443515900222746,46369.156490418798,0,1010100]
[18,11,1987,"18/11/1987","Asia","Viet Nam","Nghia Binh, Phu Khahu Pro ...","Storm","Tropical cyclone",101,937011,937112,1.4905396635215415,1396802.6051619989,0,1084809]
[26,11,1987,"26/11/1987","Asia","Indonesia","South Pantar Isl.(Timor)","Earthquake","Earthquake (ground shaking)",125,17100,17225,1.4626141500972194,25193.528735424603,0,455328]
[4,12,1987,"1987-04-12","Latin America and Carribean","Peru","San Juan Ubirique (Junin ...","Mass Movement","Landslide",5000,null,5000,1.5390592836558254,7695.2964182791275,0,330250]
[14,12,1987,"14/12/1987","Asia","Indonesia","West Sumatra","Flood",null,38,884,922,1.4626141500972194,1348.5302463896362,0,3183701]
[25,12,1987,"25/12/1987","Asia","Indonesia","Esp. Polmas, Pinrang (Sul ...","Flood",null,119,null,119,1.4626141500972194,174.05108386156911,0,3183701]
[25,12,1987,"25/12/1987","Latin America and Carribean","Brazil","Minas Gerais","Flood",null,12,1500,1512,1.4638234994395189,2213.3011311525524,0,3021023]
[28,12,1987,"28/12/1987","Asia","Indonesia","Flores Isl.","Volcano","Volcanic eruption",null,13000,13000,1.4626141500972194,19013.983951263854,0,12865]
[0,0,1988,"00/00/1988","Latin America and Carribean","Brazil",null,"Flood",null,300,1000,1300,1.3303102467420784,1729.4033207647019,0,3021023]
[27,1,1988,"27/01/1988","Latin America and Carribean","Haiti","North-West","Flood",null,null,200,200,1.4633487040865003,292.66974081730007,0,1588122]
[2,2,1988,"1988-02-02","Latin America and Carribean","Brazil","Baixada Fluminense, Petro ...","Flood","General flood",289,3020734,3021023,1.3303102467420784,4018897.8525434942,1,3021023]
[6,2,1988,"1988-06-02","Asia","Bangladesh","Syhlet","Earthquake","Earthquake (ground shaking)",2,100,102,1.4184337338585928,144.68024085357646,0,3207084]
[24,2,1988,"24/02/1988","Latin America and Carribean","Peru","Cuzco province","Flood","General flood",70,5000,5070,1.3845833333333333,7019.8374999999996,0,3283034]
[1,3,1988,"1988-01-03","Southern Africa","Mozambique","Quelimane","Storm","Tropical cyclone",100,4000,4100,1.7416120628404517,7140.6094576458518,0,549405]
[15,3,1988,"15/03/1988","Asia","India","Jammu and Kashmir, Ladakh ...","Mass Movement","Avalanche",250,null,250,1.3996246535561869,349.90616338904675,0,100160]
[25,3,1988,"25/03/1988","Latin America and Carribean","Colombia",null,"Volcano","Volcanic eruption",null,1900,1900,1.3336048511177483,2533.8492171237217,0,7076]
[0,4,1988,"00/04/1988","East and Central Africa","Tanzania Uni Rep","Morogoro, Kilimanjaro, Ir ...","Flood",null,null,6500,6500,1.6614975807091299,10799.734274609344,0,201597]
[6,5,1988,"1988-06-05","East and Central Africa","Rwanda","Ruhengeri, Gitarama, Gise ...","Flood","General flood",48,21678,21726,1.5796542363194741,34319.567938276894,0,21726]
[9,5,1988,"1988-09-05","Asia","Indonesia","Moluccas","Volcano","Volcanic eruption",7,10000,10007,1.3366782197282281,13376.138944820379,0,12865]
[26,5,1988,"26/05/1988","Latin America and Carribean","Cuba","Sancti Spiritus, Cienfueg ...","Flood","General flood",23,90012,90035,1.0916959954342242,98290.848948920378,0,2500016]
[0,6,1988,"00/06/1988","Latin America and Carribean","Cuba","Monati (Oriente province) ...","Storm",null,null,1500,1500,1.0916959954342242,1637.5439931513363,0,498895]
[0,6,1988,"00/06/1988","Latin America and Carribean","Colombia","Cordoba, Sucre","Flood","General flood",120,130800,130920,1.3336048511177483,174595.5471083356,0,1207119]
[0,6,1988,"00/06/1988","Asia","Afghanistan","Badakhshan, Baghlan, Hera ...","Flood",null,null,161000,161000,2.1652910997100157,348611.86705331254,0,300013]
[0,6,1988,"00/06/1988","Asia","India","Bihar, West Bengal, Assam ...","Flood","General flood",250,16500000,16500250,1.3996246535561869,23094156.689840473,0,5500325]
[0,6,1988,"00/09/1988","Asia","Bangladesh",null,"Flood",null,2379,45000000,45002379,1.4184337338585928,63832892.477489524,0,4100012]
[13,6,1988,"13/06/1988","Asia","Bangladesh","Kushia district","Storm",null,5,5200,5205,1.4184337338585928,7382.9475847339754,0,1590000]
[20,6,1988,"20/06/1988","Latin America and Carribean","Haiti","Estere","Flood",null,null,205,205,1.4633487040865003,299.98648433773258,0,1588122]
[25,6,1988,"25/06/1988","West Africa","Chad","Biltine prefecture","Storm","Local storm",11,1200,1211,1.8049991439821949,2185.8539633624378,0,47541]
[0,7,1988,"00/07/1988","Asia","India","Uttar Pradesh, Haryana, H ...","Mass Movement","Landslide",255,null,255,1.3996246535561869,356.90428665682765,0,100160]
[0,7,1988,"00/07/1988","Latin America and Carribean","Brazil","Pilar, Marechal, Deodoro, ...","Flood","General flood",66,50000,50066,1.3303102467420784,66603.312813388897,0,3021023]
[17,7,1988,"17/07/1988","Asia","Indonesia","Makian Isl.","Volcano","Volcanic eruption",null,1570,1570,1.3366782197282281,2098.5848049733181,0,12865]
[0,8,1988,"00/08/1988","Latin America and Carribean","Honduras","Tegucigalpa, San Pedro Su ...","Flood","General flood",8,800,808,1.6664580725907385,1346.4981226533168,0,2126600]
[0,8,1988,"00/08/1988","West Africa","Cameroon",null,"Flood","General flood",2,1000,1002,1.623527431841131,1626.7744867048132,0,25009]
[0,8,1988,"00/08/1988","West Africa","Mali","Bamako, Segou, Koulikorou ...","Flood",null,17,10000,10017,1.6567791521556383,16595.95676714303,0,47264]
[0,8,1988,"00/08/1988","East and Central Africa","Ethiopia","Gambella","Flood","General flood",null,45000,45000,1.8185631340785586,81835.341033535136,0,361680]
[0,8,1988,"00/08/1988","West Africa","Niger","Tillaberi, Zinder departm ...","Flood","General flood",20,80000,80020,2.0247385870951287,162019.5817393522,0,80020]
[0,8,1988,"00/08/1988","Asia","Pakistan","Punjab, Sind, mountain pr ...","Flood","General flood",196,1000000,1000196,1.5354241369155883,1535725.0800464237,0,4800474]
[0,8,1988,"00/08/1988","Asia","India","Uttar Pradesh, Assam, Bih ...","Flood",null,850,5600000,5600850,1.3996246535561869,7839087.7408701694,0,5500325]
[8,8,1988,"1988-08-08","East and Central Africa","Uganda","West Nile, Arura","Earthquake","Earthquake (ground shaking)",null,2000,2000,1.9133249312557288,3826.6498625114577,0,4000]
[20,8,1988,"20/08/1988","Asia","Nepal","Daharam, Dhankuta, Terath ...","Earthquake","Earthquake (ground shaking)",709,301016,301725,1.5303943334390528,461758.23025689821,0,80147]
[21,8,1988,"21/08/1988","Asia","India","Dharbhanga, Madhubani, Sa ...","Earthquake","Earthquake (ground shaking)",382,20003766,20004148,1.3996246535561869,27998298.714186691,1,18701103]
[24,8,1988,"24/08/1988","West Africa","Chad","N'djamena, Moyen Chari, L ...","Flood","General flood",43,47498,47541,1.8049991439821949,85811.464304057532,0,175863]
[0,9,1988,"00/09/1988","Latin America and Carribean","Cuba","Santiago de Cuba, Guantan ...","Storm","Tropical cyclone",null,60000,60000,1.0916959954342242,65501.759726053453,0,498895]
[0,9,1988,"00/09/1988","West Africa","Benin","Borgou, Zou, Atlantique p ...","Flood","General flood",null,84000,84000,1.9247608926673752,161679.91498405952,0,580000]
[6,9,1988,"1988-06-09","Asia","Papua New Guinea","Kaiapit district (Morobe ...","Mass Movement","Landslide",76,1000,1076,1.6467553624762421,1771.9087700244365,0,2494]
[8,9,1988,"1988-08-09","Latin America and Carribean","Guatemala","Playa Grande area (El Qui ...","Flood",null,10,600,610,1.5112647780504127,921.87151461075177,0,476827]
[11,9,1988,"1988-11-09","Latin America and Carribean","Haiti","Anse-a-Veau, Camp-Perrin, ...","Storm","Tropical cyclone",54,870000,870054,1.4633487040865003,1273192.393385276,0,1165220]
[14,9,1988,"14/09/1988","Latin America and Carribean","Honduras",null,"Flood","Storm surge/coastal flood",10,969,979,1.6664580725907385,1631.462453066333,0,2126600]
[20,9,1988,"20/09/1988","Asia","Nepal","Myagi District","Mass Movement","Debris flow",106,null,106,1.5303943334390528,162.22179934453959,0,150]
[22,9,1988,"1988-09-10","Asia","India","Punjab, Himachal Pradesh, ...","Flood","General flood",1000,221000,222000,1.3996246535561869,310716.67308947351,0,5500325]
[25,9,1988,"25/09/1988","East and Central Africa","Ethiopia","Sidamo province, /Dollo","Flood",null,45,2240,2285,1.8185631340785586,4155.4167613695063,0,361680]
[30,9,1988,"30/09/1988","Latin America and Carribean","Haiti","Port-Au-Prince","Flood",null,null,320,320,1.4633487040865003,468.27158530768008,0,1588122]
[8,10,1988,"1988-08-10","Latin America and Carribean","Haiti","Leogane","Flood",null,null,655,655,1.4633487040865003,958.4934011766577,0,1588122]
[10,10,1988,"1988-10-10","Asia","Viet Nam","Nghe Tinh","Storm","Tropical cyclone",137,600000,600137,1.3317523565969847,799233.86403104453,0,1084809]
[15,10,1988,"15/10/1988","Latin America and Carribean","Guatemala","Chamaltenango area","Earthquake","Earthquake (ground shaking)",null,1550,1550,1.5112647780504127,2342.4604059781395,0,106084]
[17,10,1988,"17/10/1988","Latin America and Carribean","Colombia","San Andres, Guajira penin ...","Storm","Tropical cyclone",26,100000,100026,1.3336048511177483,133395.1588379039,0,1207119]
[22,10,1988,"23/10/1988","Latin America and Carribean","Nicaragua","Caribbean coast","Storm","Tropical cyclone",130,360278,360408,1.6271370420624152,586433.20705563098,0,300076]
[3,11,1988,"1988-03-11","Latin America and Carribean","Guatemala","South","Earthquake","Earthquake (ground shaking)",5,500,505,1.5112647780504127,763.18871291545838,0,106084]
[6,11,1988,"1988-06-11","Asia","Viet Nam","Dong Nai, Phu Khanh, Thua ...","Storm","Tropical cyclone",20,720000,720020,1.3317523565969847,958888.33179696091,0,1084809]
[19,11,1988,"27/11/1988","Asia","Thailand","Chumphon, Surat Thani, Na ...","Flood","General flood",664,1114819,1115483,1.2030545138322735,1341986.8582531658,0,5000091]
[29,11,1988,"29/11/1988","Asia","India","West Bengal","Storm","Tropical cyclone",74,1900000,1900074,1.3996246535561869,2659390.4139811182,0,1010100]
[29,11,1988,"29/11/1988","Asia","Bangladesh","Bagherhat, Barguna, Bhola ...","Storm","Tropical cyclone",1000,10568860,10569860,1.4184337338585928,14992645.986162586,0,1590000]
[20,12,1988,"20/12/1988","Asia","Indonesia","Central & West Java, Suma ...","Flood","General flood",158,100000,100158,1.3366782197282281,133879.01713153988,0,3183701]
[0,0,1989,"00/00/1989","Latin America and Carribean","Guatemala",null,"Flood",null,11,656,667,1.5112647780504127,1008.0136069596252,0,476827]
[0,0,1989,"00/00/1989","Latin America and Carribean","Honduras",null,"Mass Movement","Debris flow",2800,null,2800,1.6664580725907385,4666.0826032540681,0,12]
[0,1,1989,"00/01/1989","Southern Africa","Mozambique","Sofala","Flood",null,null,18825,18825,1.7416120628404517,32785.847082971501,0,2502240]
[16,1,1989,"16/01/1989","Asia","Indonesia","Solok, Sawahlunto Sijunju ...","Mass Movement","Landslide",6,11601,11607,1.3366782197282281,15514.824096385544,0,204817]
[23,1,1989,"23/01/1989","Southern Africa","Zambia","Chawama, Chilanga, Kanyam ...","Flood","General flood",null,800000,800000,1.5112810228127351,1209024.8182501881,0,1300000]
[2,2,1989,"1989-02-02","East and Central Africa","Burundi","Bujumbura","Flood",null,12,3600,3612,1.7816112716763006,6435.1799132947981,0,23004]
[8,2,1989,"1989-08-02","Latin America and Carribean","Peru","Arequipa","Flood",null,4,5450,5454,1.3845833333333333,7551.5174999999999,0,3283034]
[23,2,1989,"23/02/1989","Latin America and Carribean","Haiti","La Gonave Isl.","Flood",null,15,1001,1016,1.4633487040865003,1486.7622833518842,0,1588122]
[8,3,1989,"1989-08-03","Asia","Indonesia","Molucca passage","Earthquake","Earthquake (ground shaking)",null,5500,5500,1.3366782197282281,7351.7302085052543,0,455328]
[9,3,1989,"1989-09-03","Southern Africa","Malawi","Salima district","Earthquake","Earthquake (ground shaking)",9,50100,50109,1.6182694322229205,81089.862979258323,0,1004]
[14,3,1989,"14/03/1989","Southern Africa","Malawi","Chikwawa, Nsanje, Maching ...","Flood",null,13,100000,100013,1.6182694322229205,161847.98072491094,0,500059]
[0,4,1989,"00/04/1989","Southern Africa","Angola","Kwanza province","Flood",null,null,100000,100000,1.5750271182355069,157502.71182355069,0,331727]
[7,4,1989,"1989-07-04","East and Central Africa","Tanzania Uni Rep","Mahurunga, Kilambo, Kihim ...","Flood",null,10,141056,141066,1.6614975807091299,234380.81772031411,0,201597]
[21,4,1989,"21/04/1989","Latin America and Carribean","Brazil","Maranhao, Piavi, Ceara, R ...","Flood",null,44,305944,305988,1.3303102467420784,407058.9717801151,0,3021023]
[23,4,1989,"23/04/1989","Asia","Indonesia","Noongan","Volcano","Volcanic eruption",null,3000,3000,1.3366782197282281,4010.0346591846842,0,12865]
[26,4,1989,"26/04/1989","Asia","Bangladesh","Manikganj, Dhaka, Tangail ...","Storm","Local storm",800,102000,102800,1.4184337338585928,145814.98784066335,0,1590000]
[20,5,1989,"20/05/1989","Latin America and Carribean","Brazil","Salvador, Santo Amaro Da ...","Mass Movement","Landslide",69,78000,78069,1.3303102467420784,103855.99065290732,0,100100]
[25,5,1989,"25/05/1989","Asia","Viet Nam","Da Nang city (Quang Nam D ...","Storm","Tropical cyclone",751,336106,336857,1.3317523565969847,448610.10358619044,0,1084809]
[26,5,1989,"26/05/1989","Asia","Bangladesh","Manikganj, Tangail","Storm","Tropical cyclone",15,2000,2015,1.4184337338585928,2858.1439737250644,0,1590000]
[26,5,1989,"26/05/1989","Asia","India","Coastal Orissa, West Beng ...","Storm","Tropical cyclone",43,3700000,3700043,1.3996246535561869,5178671.4020179948,0,1010100]
[30,5,1989,"30/05/1989","Asia","Sri Lanka","Colombo, Gampaha, Kegalle ...","Flood","General flood",325,501000,501325,1.2389288799308955,621106.02073135623,0,1250003]
[0,6,1989,"00/06/1989","Latin America and Carribean","Ecuador",null,"Flood","General flood",35,30000,30035,1.4335142469470827,43055.60040705563,0,700307]
[3,6,1989,"1989-03-06","Asia","Indonesia","Madiun Regency (East Java ...","Flood",null,null,29000,29000,1.3366782197282281,38763.668372118613,0,3183701]
[5,6,1989,"1989-05-06","East and Central Africa","Somalia","Koryaleh province","Flood",null,null,50000,50000,1.5110579796772265,75552.898983861334,0,299052]
[12,6,1989,"1989-12-06","Asia","Bangladesh","Banaripara area","Earthquake","Earthquake (ground shaking)",1,100,101,1.4184337338585928,143.26180711971787,0,3207084]
[20,6,1989,"20/06/1989","Asia","Indonesia","Ambon (Malucu Isl.)","Flood",null,18,32500,32518,1.3366782197282281,43466.102349122521,0,3183701]
[14,7,1989,"14/07/1989","Asia","Indonesia","Alor (Timor)","Earthquake","Earthquake (ground shaking)",null,197,197,1.3366782197282281,263.32560928646092,0,455328]
[19,7,1989,"19/07/1989","Latin America and Carribean","Brazil","Ceara, Pernabuco, Alagoas ...","Flood","General flood",35,528000,528035,1.3303102467420784,702450.37113845337,0,3021023]
[24,7,1989,"24/07/1989","Asia","Viet Nam","Thanh Hoa province","Storm","Tropical cyclone",104,1445491,1445595,1.3317523565969847,1925174.5479348181,0,1084809]
[28,7,1989,"28/07/1989","Asia","India","Maharashtra, Andhra Prade ...","Flood","General flood",1591,null,1591,1.3996246535561869,2226.8028238078932,0,5500325]
[29,7,1989,"29/07/1989","Latin America and Carribean","Brazil","Ivinhema and Southwestern ...","Storm",null,36,45000,45036,1.3303102467420784,59911.852272276243,0,270050]
[0,8,1989,"00/08/1989","Asia","India","Assam, Arunachal Pradesh, ...","Flood","General flood",18,2000,2018,1.3996246535561869,2824.4425508763852,0,5500325]
[0,8,1989,"00/08/1989","West Africa","Mali",null,"Flood",null,1,14635,14636,1.6567791521556383,24248.619670949924,0,47264]
[1,8,1989,"1989-01-08","Asia","Indonesia","Irian Jaya, Jayawijaya di ...","Earthquake","Earthquake (ground shaking)",120,17196,17316,1.3366782197282281,23145.920052813999,0,455328]
[4,8,1989,"1989-04-08","Asia","Pakistan","Punjab/Sialkot, Sargodha, ...","Flood","General flood",20,142400,142420,1.5354241369155883,218675.1055795181,0,4800474]
[14,8,1989,"14/08/1989","Asia","Bangladesh","Sylhet,Bandarban, Cox's B ...","Flood","General flood",180,200000,200180,1.4184337338585928,283942.06484381313,0,4100012]
[25,8,1989,"25/08/1989","West Africa","Ghana","Tamale","Flood","General flood",7,2800,2807,1.579698857736241,4434.2146936656281,0,2000005]
[30,8,1989,"30/08/1989","Latin America and Carribean","Haiti","Cazales","Flood",null,12,1200,1212,1.4633487040865003,1773.5786293528383,0,1588122]
[0,10,1989,"00/10/1989","Asia","Viet Nam","Nghe Tinh, Binh Tri Thien ...","Storm","Tropical cyclone",104,4635762,4635866,1.3317523565969847,6173825.4703678368,0,1084809]
[16,10,1989,"16/10/1989","Latin America and Carribean","Haiti","Port-Au-Prince","Mass Movement","Landslide",null,1060,1060,1.4633487040865003,1551.1496263316903,0,83]
[3,11,1989,"1989-05-11","Asia","Thailand","Chumphon, Nakkhon Si Tham ...","Storm","Tropical cyclone",458,199000,199458,1.2030545138322735,239958.84721995759,0,450213]
[28,12,1989,"28/12/1989","Latin America and Carribean","Brazil","Bahia, Minas Gerais, Goia ...","Flood","General flood",35,200000,200035,1.3303102467420784,266108.61020705168,0,3021023]
[31,12,1989,"31/12/1989","Southern Africa","Madagascar","Mahajanga, Sainte Marie, ...","Storm","Tropical cyclone",46,55346,55392,1.8294507005931402,101336.93320725522,0,988502]
[6,1,1990,"14/01/1990","Asia","Sri Lanka","Ampara, Badulla, Kandy, K ...","Flood","General flood",33,400000,400033,1.2389288799308955,495612.4366253959,0,1250003]
[26,1,1990,"1990-01-02","Asia","Indonesia","Semarang, Temanggung, Bat ...","Flood","General flood",169,21000,21169,1.3366782197282281,28296.141233426861,0,3183701]
[10,2,1990,"1990-12-02","Asia","Indonesia","East Java","Volcano","Volcanic eruption",33,10265,10298,1.3366782197282281,13765.112306761293,0,12865]
[14,2,1990,"14/02/1990","Latin America and Carribean","Peru",null,"Flood","General flood",6,8349,8355,1.3845833333333333,11568.19375,0,3283034]
[20,2,1990,"23/02/1990","Latin America and Carribean","Peru","Southern Andean Highlands ...","Flood","General flood",null,15325,15325,1.3845833333333333,21218.739583333332,0,3283034]
[24,3,1990,"30/03/1990","Asia","Bangladesh","Habiganj district, Noakha ...","Flood","General flood",166,11600,11766,1.4184337338585928,16689.291312580204,0,4100012]
[3,4,1990,"1990-10-04","East and Central Africa","Tanzania Uni Rep","Lindi, Mtwara, Masasi","Flood","General flood",183,162000,162183,1.6614975807091299,269466.66213214881,0,201597]
[17,4,1990,"17/04/1990","Latin America and Carribean","Colombia","Narino","Flood",null,null,800,800,1.3336048511177483,1066.8838808941987,0,1207119]
[18,4,1990,"19/04/1990","Latin America and Carribean","Brazil","Rio de Janiero","Flood","General flood",7,800,807,1.3303102467420784,1073.5603691208573,0,3021023]
[18,4,1990,"18/04/1990","Asia","Indonesia","Minahassa Peninsula (Sula ...","Earthquake","Earthquake (ground shaking)",5,7036,7041,1.3366782197282281,9411.5513451064544,0,455328]
[22,4,1990,"22/04/1990","Asia","Bangladesh","South East","Storm","Local storm",54,40200,40254,1.4184337338585928,57097.631522743795,0,1590000]
[2,5,1990,"1990-02-05","East and Central Africa","Tanzania Uni Rep","Moshi, Rombo districts (K ...","Flood",null,6,868,874,1.6614975807091299,1452.1488855397795,0,201597]
[2,5,1990,"1990-02-05","Asia","Bangladesh","Manikganj, Siranjganj, Ch ...","Storm","Local storm",19,4500,4519,1.4184337338585928,6409.9020433069809,0,1590000]
[9,5,1990,"1990-09-05","Asia","India","Guntur, Krishna, East and ...","Storm","Tropical cyclone",957,2600000,2600957,1.3996246535561869,3640363.5400395393,0,1010100]
[28,5,1990,"28/05/1990","Latin America and Carribean","Cuba","Central Cuba","Flood","General flood",null,6000,6000,1.0916959954342242,6550.1759726053451,0,2500016]
[28,5,1990,"29/05/1990","Latin America and Carribean","Nicaragua","North Atlantic Coast","Flood","General flood",16,8000,8016,1.6271370420624152,13043.13052917232,0,871560]
[29,5,1990,"29/05/1990","Latin America and Carribean","Peru","Moyoyamba (San Martin) ...","Earthquake","Earthquake (ground shaking)",200,100800,101000,1.3845833333333333,139842.91666666666,0,5070]
[30,5,1990,"30/05/1990","Latin America and Carribean","Colombia",null,"Flood",null,null,17179,17179,1.3336048511177483,22909.997737351798,0,1207119]
[4,6,1990,"1990-04-06","Latin America and Carribean","Peru","Moyoyamba","Volcano","Volcanic eruption",null,3000,3000,1.3845833333333333,4153.75,0,12266]
[20,6,1990,"1990-08-07","Asia","Viet Nam","Son La, Hoang Lien Son, H ...","Flood","General flood",82,10200,10282,1.3317523565969847,13693.077730530196,0,4079074]
[27,6,1990,"27/06/1990","Latin America and Carribean","Colombia","Vichada","Flood",null,null,1548,1548,1.3336048511177483,2064.4203095302742,0,1207119]
[6,7,1990,"1990-06-07","Asia","Indonesia","Kuningan, Majalenga, Sume ...","Earthquake","Earthquake (ground shaking)",null,103,103,1.3366782197282281,137.67785663200749,0,455328]
[14,7,1990,"1990-06-09","Asia","Bangladesh","Rajshabi division, Sirajg ...","Flood","General flood",65,2000000,2000065,1.4184337338585928,2836959.6659098864,0,4100012]
[0,8,1990,"00/08/1990","Asia","India",null,"Flood",null,74,2000,2074,1.3996246535561869,2902.8215314755316,0,5500325]
[0,8,1990,"00/08/1990","Asia","Viet Nam","Ky Anh, Quang Trach, Quan ...","Storm","Tropical cyclone",19,500108,500127,1.3317523565969847,666045.3108477802,0,1084809]
[11,8,1990,"1990-11-08","Latin America and Carribean","Ecuador","Quito, Pomasqui","Earthquake","Earthquake (ground shaking)",4,6510,6514,1.4335142469470827,9337.9118046132971,0,200000]
[20,8,1990,"20/08/1990","Asia","India","Golfe du Bengale","Storm","Local storm",500,null,500,1.3996246535561869,699.81232677809351,0,1010100]
[25,8,1990,"25/08/1990","Asia","India","Gujarat","Storm","Local storm",120,null,120,1.3996246535561869,167.95495842674242,0,1010100]
[27,8,1990,"1990-04-09","Asia","Nepal","Chitwan District, Buwal, ...","Flood","General flood",30,2500,2530,1.5303943334390528,3871.8976636008038,0,800200]
[27,8,1990,"1990-01-09","East and Central Africa","Ethiopia","Gambela region","Flood","General flood",null,350000,350000,1.8185631340785586,636497.09692749556,0,361680]
[21,9,1990,"21/09/1990","Latin America and Carribean","Colombia","Antioquia","Flood",null,10,1098,1108,1.3336048511177483,1477.6341750384652,0,1207119]
[8,10,1990,"1990-08-10","Asia","Bangladesh","Chittagong","Storm","Tropical cyclone",370,13870,14240,1.4184337338585928,20198.49637014636,0,1590000]
[14,10,1990,"15/10/1990","Latin America and Carribean","Brazil","Santa Caterina, Blumenau","Flood","Flash flood",17,2000,2017,1.3303102467420784,2683.2357676787724,0,3021023]
[22,10,1990,"22/10/1990","Asia","Pakistan","Hindu Kush region","Earthquake","Earthquake (ground shaking)",11,250,261,1.5354241369155883,400.74569973496853,0,1266453]
[23,10,1990,"23/10/1990","Asia","Viet Nam","Central Eastern Coast","Storm","Tropical cyclone",15,2000,2015,1.3317523565969847,2683.4809985429242,0,1084809]
[26,10,1990,"26/10/1990","Latin America and Carribean","Cuba","East of Cuba","Flood",null,4,5000,5004,1.0916959954342242,5462.8467611528586,0,2500016]
[0,11,1990,"00/11/1990","Asia","India","Ganjam district (Orissa)","Storm","Tropical cyclone",250,1500000,1500250,1.3996246535561869,2099786.8864976694,0,1010100]
[9,11,1990,"21/11/1990","Latin America and Carribean","Honduras","Choloma, Villanueva, Pimi ...","Flood","General flood",4,1500,1504,1.6664580725907385,2506.3529411764707,0,2126600]
[15,11,1990,"15/11/1990","Asia","Indonesia","Bangkejeren, Kutacane, Me ...","Earthquake","Earthquake (ground shaking)",1,2172,2173,1.3366782197282281,2904.6017714694394,0,455328]
[21,12,1990,"21/12/1990","Asia","Bangladesh","Golfe du Bengale","Storm",null,250,null,250,1.4184337338585928,354.60843346464821,0,1590000]
[24,12,1990,"25/12/1990","Asia","Sri Lanka","Ampara","Flood","General flood",null,40000,40000,1.2389288799308955,49557.155197235821,0,1250003]
[28,12,1990,"30/12/1990","Latin America and Carribean","Peru","Huancayo, Santa Rosa de L ...","Flood","General flood",null,7500,7500,1.3845833333333333,10384.375,0,3283034]
[0,0,1991,"00/00/1991","Asia","Lao P Dem Rep","Whole country","Storm",null,null,38315,38315,1,38315,0,450015]
[5,1,1991,"1991-05-01","Asia","Myanmar","Thabeikkyin area","Earthquake","Earthquake (ground shaking)",null,160,160,1.2361695079377213,197.78712127003541,0,91070]
[10,1,1991,"18/01/1991","Latin America and Carribean","Brazil","Minas Gerais, Rio de Jane ...","Mass Movement","Landslide",24,600,624,1.3303102467420784,830.11359396705689,0,100100]
[31,1,1991,"31/01/1991","Asia","Afghanistan","Konar, Nangarhar, Badakhs ...","Earthquake","Earthquake (ground shaking)",130,7000,7130,2.1652910997100157,15438.525540932411,0,121635]
[31,1,1991,"31/01/1991","Asia","Pakistan","Malakand, Chitral, Peshaw ...","Earthquake","Earthquake (ground shaking)",300,204794,205094,1.5354241369155883,314906.27793656569,0,1266453]
[6,2,1991,"17/02/1991","Asia","Afghanistan","Badakhstan, Baglan, Laghm ...","Flood","General flood",415,108400,108815,2.1652910997100157,235616.15101494535,0,300013]
[16,2,1991,"16/02/1991","Southern Africa","Madagascar","Mahajanga, Toliary provin ...","Storm","Tropical cyclone",36,250000,250036,1.8294507005931402,457428.53537350643,0,988502]
[24,2,1991,"24/02/1991","Asia","Papua New Guinea","Chimbu province","Mass Movement","Landslide",200,5000,5200,1.6467553624762421,8563.1278848764596,0,2494]
[0,3,1991,"00/03/1991","Asia","Nepal",null,"Storm",null,6,165,171,1.5303943334390528,261.69743101807802,0,640920]
[0,3,1991,"00/03/1991","Asia","Nepal",null,"Flood",null,51,482,533,1.5303943334390528,815.70017972301514,0,800200]
[10,3,1991,"15/03/1991","Southern Africa","Malawi","Chiringa, Phalombe, Mulan ...","Flood","Flash flood",472,150000,150472,1.6182694322229205,243504.23800544729,0,500059]
[15,3,1991,"15/03/1991","Asia","Viet Nam","Khanh Hoa","Storm",null,8,10708,10716,1.3317523565969847,14271.058253293288,0,1084809]
[19,3,1991,"31/03/1991","Latin America and Carribean","Brazil","Sao Paulo, Rio de Janeiro ...","Flood","General flood",20,17000,17020,1.3303102467420784,22641.880399550177,0,3021023]
[21,3,1991,"21/03/1991","Middle East and Europe","Jordan","Karak, Tafileh, Ma'an","Flood","Flash flood",8,18000,18008,1.9611264156718702,35315.964493419036,0,18008]
[23,3,1991,"23/03/1991","Middle East and Europe","Egypt","South Sina","Flood","Flash flood",1,208,209,1.4656054783543082,306.31154497605041,0,161260]
[4,4,1991,"1991-04-04","Latin America and Carribean","Peru","Nueva Cajamarea (Near May ...","Earthquake","Earthquake (ground shaking)",53,45750,45803,1.3845833333333333,63418.070416666662,0,5070]
[29,4,1991,"1991-10-05","Asia","Bangladesh","Cox's Bazar, Chittagong, ...","Storm","Tropical cyclone",138866,15438849,15577715,1.4184337338585928,22095956.452435009,0,1590000]
[7,5,1991,"1991-07-05","Asia","Bangladesh","Ghorasal, Tungi, Sirajgan ...","Storm","Local storm",121,300,421,1.4184337338585928,597.16060195446755,0,1590000]
[7,5,1991,"1991-08-05","Asia","India","Assam, Tripura, Arunachal ...","Flood","Storm surge/coastal flood",30,2000000,2000030,1.3996246535561869,2799291.2958519803,0,5500325]
[14,5,1991,"26/05/1991","Asia","Bangladesh","Sylhet district","Flood","General flood",200,1200000,1200200,1.4184337338585928,1702404.1673770831,0,4100012]
[28,5,1991,"1991-04-06","Asia","Afghanistan","Arabjar, Chakush, Jabash ...","Flood","General flood",728,31000,31728,2.1652910997100157,68700.356011599375,0,300013]
[2,6,1991,"1991-06-06","Asia","Sri Lanka","Galle, Kalatura, Colombo, ...","Flood","General flood",27,297151,297178,1.2389288799308955,368182.40668010368,0,1250003]
[10,6,1991,"1991-12-06","Asia","India","Bombay, Kerala, Gujarat","Flood","General flood",72,300000,300072,1.3996246535561869,419988.16904191213,0,5500325]
[15,6,1991,"15/06/1991","Middle East and Europe","Georgia","Dzhava-Tskhinvazli area","Earthquake","Earthquake (ground shaking)",8,3740,3748,0.8479542941393291,3178.1326944342054,0,3748]
[20,6,1991,"20/06/1991","Asia","Indonesia","Gorontalo area (Minahassa ...","Earthquake","Earthquake (ground shaking)",null,1000,1000,1.3366782197282281,1336.678219728228,0,455328]
[0,7,1991,"00/07/1991","Asia","Bangladesh","Rajskabi division","Flood","General flood",null,1590000,1590000,1.4184337338585928,2255309.6368351625,0,4100012]
[4,7,1991,"1991-04-07","Asia","Indonesia","Kalabahi (Alors district, ...","Earthquake","Earthquake (ground shaking)",28,16191,16219,1.3366782197282281,21679.584045772132,0,455328]
[13,7,1991,"13/07/1991","Asia","Viet Nam","Quang Ninh Hai Phong","Storm","Tropical cyclone",21,776,797,1.3317523565969847,1061.4066282077968,0,1084809]
[13,7,1991,"13/07/1991","Asia","Myanmar","Sagaing, Ayeyarwady divis ...","Flood","General flood",23,359976,359999,1.2361695079377213,445019.78668807173,0,2558366]
[13,7,1991,"19/07/1991","Asia","India","Assam, Meghalaya states","Flood","Storm surge/coastal flood",59,2300000,2300059,1.3996246535561869,3219219.2810337897,0,5500325]
[14,7,1991,"16/07/1991","West Africa","Ghana","Accra, Suhum","Flood","General flood",5,2000000,2000005,1.579698857736241,3159405.6139667705,1,2000005]
[24,7,1991,"24/07/1991","Latin America and Carribean","Peru","Maca Arequipa region","Earthquake","Earthquake (ground shaking)",11,1535,1546,1.3845833333333333,2140.5658333333331,0,5070]
[28,7,1991,"31/07/1991","Asia","Viet Nam","Son La, Lai Chau province ...","Flood","General flood",38,4014,4052,1.3317523565969847,5396.2605489309817,0,4079074]
[30,7,1991,"30/07/1991","Asia","India","Andhra Pradesh, Maharasht ...","Flood","General flood",524,100000,100524,1.3996246535561869,140695.86867408213,0,5500325]
[0,8,1991,"00/08/1991","Asia","Thailand","Mae Salui and surrounding ...","Flood","General flood",16,2000,2016,1.2030545138322735,2425.3578998858634,0,5000091]
[0,8,1991,"00/08/1991","Asia","Viet Nam","An Giang, Long An, Dong T ...","Flood","General flood",21,270600,270621,1.3317523565969847,360400.15449463256,0,4079074]
[7,8,1991,"1991-07-08","Latin America and Carribean","Colombia","Norte Sant Cesar, Serrani ...","Mass Movement","Avalanche",10,117,127,1.3336048511177483,169.36781609195404,0,4500]
[13,8,1991,"13/08/1991","West Africa","Cameroon","Maroua region","Flood","General flood",2,200,202,1.623527431841131,327.95254123190847,0,25009]
[17,8,1991,"17/08/1991","Asia","Viet Nam","Quanq Bin, Ha Tinh, Than ...","Storm","Tropical cyclone",17,455921,455938,1.3317523565969847,607196.50596211595,0,1084809]
[17,8,1991,"17/08/1991","Asia","Thailand","North and Northeast","Storm","Tropical cyclone",38,1894238,1894276,1.2030545138322735,2278917.2922441438,0,450213]
[22,8,1991,"30/08/1991","Asia","Cambodia","Kampong Cham, Prey Veng, ...","Flood","General flood",100,900000,900100,1.3336048511177483,1200377.7264910853,0,1669238]
[0,9,1991,"00/09/1991","Asia","Lao P Dem Rep","Khammouane, Savannakhet, ...","Flood","General flood",null,332000,332000,1,332000,0,459031]
[2,9,1991,"1991-10-09","Asia","Bangladesh","Rangpur","Flood","General flood",65,200000,200065,1.4184337338585928,283778.94496441935,0,4100012]
[14,9,1991,"15/09/1991","Asia","India","West Bengal state","Flood","General flood",84,4000000,4000084,1.3996246535561869,5598616.1826956468,0,5500325]
[18,9,1991,"18/09/1991","Latin America and Carribean","Guatemala","Escuintla, Chimaltenango, ...","Earthquake","Earthquake (ground shaking)",14,23890,23904,1.5112647780504127,36125.273254517066,0,106084]
[19,9,1991,"25/09/1991","Asia","Viet Nam","An Giang, Dong Thap, Long ...","Flood","General flood",136,21000,21136,1.3317523565969847,28147.917809033868,0,4079074]
[20,10,1991,"20/10/1991","Asia","India","Harsil (near Gangotri, Ut ...","Earthquake","Earthquake (ground shaking)",1500,54383,55883,1.3996246535561869,78215.224514680391,0,18701103]
[24,10,1991,"24/10/1991","Asia","Indonesia","Minahasa (Tomohon distric ...","Volcano","Volcanic eruption",null,7679,7679,1.3366782197282281,10264.352049293064,0,12865]
[26,10,1991,"26/10/1991","Asia","Thailand","Southern coast","Flood",null,1,14574,14575,1.2030545138322735,17534.519539105386,0,5000091]
[12,11,1991,"19/11/1991","Asia","India","Andhra Pradesh, Tamil Nad ...","Storm","Tropical cyclone",125,25000,25125,1.3996246535561869,35165.569420599197,0,1010100]
[19,11,1991,"19/11/1991","Latin America and Carribean","Colombia","Buenaventura, Cali (Choco ...","Earthquake","Earthquake (ground shaking)",2,867,869,1.3336048511177483,1158.9026156213233,0,86069]
[22,11,1991,"22/11/1991","Middle East and Europe","Yemen","Jabal Bahr, Bani Zahir vi ...","Earthquake","Earthquake (ground shaking)",10,40039,40049,1.8923163659793814,75785.378141108245,0,345]
[0,12,1991,"00/12/1991","Middle East and Europe","Yemen","Socotra IsL.","Flood","General flood",null,30000,30000,1.8923163659793814,56769.490979381444,0,238548]
[16,12,1991,"19/12/1991","Asia","Indonesia","Riau, Jambi, Lampung prov ...","Flood","General flood",15,240000,240015,1.3366782197282281,320822.82290807064,0,3183701]
[28,12,1991,"28/12/1991","Asia","Viet Nam","Quang Ngai, Quang Nam-Da, ...","Storm",null,251,10200,10451,1.3317523565969847,13918.143878795086,0,1084809]
[1,1,1992,"26/05/1992","Latin America and Carribean","Bolivia","Santa Cruz","Flood","General flood",25,20000,20025,1.5130818375418316,30299.463796775177,0,485075]
[4,1,1992,"1992-05-01","Latin America and Carribean","Brazil","Petropolis, Teresopolis, ...","Flood","General flood",25,1000,1025,1.3303102467420784,1363.5680029106304,0,3021023]
[8,1,1992,"1992-08-01","Latin America and Carribean","Guatemala",null,"Volcano","Volcanic eruption",null,5000,5000,1.5112647780504127,7556.3238902520634,0,6599]
[31,1,1992,"1992-01-02","Asia","Bangladesh",null,"Storm",null,7,10200,10207,1.4184337338585928,14477.953121494656,0,1590000]
[1,2,1992,"1992-12-02","Latin America and Carribean","Brazil","Minas Gerais, Bahia state ...","Flood","General flood",41,19500,19541,1.3303102467420784,25995.592531586954,0,3021023]
[4,2,1992,"1992-04-02","Asia","Indonesia","Brebes area (Java, Sulawe ...","Earthquake","Earthquake (ground shaking)",null,7501,7501,1.3366782197282281,10026.423326181439,0,455328]
[6,2,1992,"1992-10-02","Latin America and Carribean","Cuba","City of Havana, Havana, M ...","Flood","General flood",null,9127,9127,1.0916959954342242,9963.9093503281638,0,2500016]
[24,2,1992,"1992-01-03","Latin America and Carribean","Brazil","Mato Grosso do Sul","Flood","General flood",12,1500,1512,1.3303102467420784,2011.4290930740226,0,3021023]
[0,3,1992,"00/03/1992","Asia","Papua New Guinea","Green River (Near Iran Ja ...","Flood",null,null,90000,90000,1.6467553624762421,148207.98262286177,0,75300]
[10,3,1992,"1992-11-03","Latin America and Carribean","Bolivia","Santa Cruz, Beni, Pando, ...","Flood","General flood",31,18000,18031,1.5130818375418316,27282.378612716766,0,485075]
[24,3,1992,"1992-08-05","Latin America and Carribean","Ecuador","Guayas, Manabi, El Oro, L ...","Flood","General flood",22,205000,205022,1.4335142469470827,293901.95793758478,0,700307]
[29,3,1992,"1992-01-04","Asia","Pakistan","Neelum valley, Mansehra d ...","Mass Movement","Avalanche",55,200,255,1.5354241369155883,391.53315491347502,0,15082]
[1,4,1992,"1992-02-07","Latin America and Carribean","Brazil","Rio do Sul, Santa Catarin ...","Flood","General flood",29,125493,125522,1.3303102467420784,166983.20279155916,0,3021023]
[2,4,1992,"1992-02-04","Latin America and Carribean","Peru","Grau, San Martin","Flood","General flood",6,20000,20006,1.3845833333333333,27699.974166666667,0,3283034]
[9,4,1992,"16/04/1992","Latin America and Carribean","Nicaragua","Esteli, Madriz, Somotillo ...","Volcano","Volcanic eruption",1,300075,300076,1.6271370420624152,488264.77503392129,0,3600]
[18,4,1992,"18/04/1992","Asia","Bangladesh","Kishoreganj, Brahmambaria","Flood","General flood",15,200,215,1.4184337338585928,304.96325277959744,0,4100012]
[22,4,1992,"22/04/1992","Asia","Bangladesh","North","Storm",null,16,100,116,1.4184337338585928,164.53831312759678,0,1590000]
[22,4,1992,"22/04/1992","Asia","India","Naogoan district (Assam s ...","Storm","Tropical cyclone",25,100,125,1.3996246535561869,174.95308169452338,0,1010100]
[0,5,1992,"00/05/1992","Asia","Myanmar","Pegu, Shwegyin, Myitnge, ...","Flood",null,5,4625,4630,1.2361695079377213,5723.4648217516497,0,2558366]
[8,5,1992,"1992-08-05","Asia","Afghanistan","Faizabad","Flood",null,150,null,150,2.1652910997100157,324.79366495650237,0,300013]
[20,5,1992,"20/05/1992","Asia","Pakistan","Peshawar, Kohat districts ...","Earthquake","Earthquake (ground shaking)",36,2100,2136,1.5354241369155883,3279.6659564516967,0,1266453]
[25,5,1992,"25/05/1992","Latin America and Carribean","Cuba","Granma,Santiago de Cuba, ...","Earthquake","Earthquake (ground shaking)",null,5869,5869,1.0916959954342242,6407.1637972034623,0,2500016]
[5,6,1992,"1992-08-06","Asia","Sri Lanka","Galle, gampaha, kalutara ...","Flood","General flood",14,250000,250014,1.2389288799308955,309749.56498704292,0,1250003]
[22,6,1992,"26/06/1992","Asia","Bangladesh","Maheskali, Chittagong, Co ...","Flood","General flood",2,45000,45002,1.4184337338585928,63832.354891104398,0,4100012]
[29,6,1992,"29/06/1992","Asia","Viet Nam","Haiphong, Quang Ninh prov ...","Storm","Tropical cyclone",14,47186,47200,1.3317523565969847,62858.711231377674,0,1084809]
[10,7,1992,"1992-10-07","Asia","Lao P Dem Rep","Whole country","Storm","Tropical cyclone",22,268877,268899,1,268899,0,450015]
[11,7,1992,"1992-11-07","Asia","Bangladesh","North-East","Flood","General flood",null,30000,30000,1.4184337338585928,42553.012015757784,0,4100012]
[15,7,1992,"1992-10-08","Asia","Pakistan","Sindh province","Flood",null,112,6184418,6184530,1.5354241369155883,9495876.6374785639,0,4800474]
[25,7,1992,"25/07/1992","Asia","Viet Nam","Ha Tuyen (Cao Bang provin ...","Mass Movement","Avalanche",200,38000,38200,1.3317523565969847,50872.940022004812,0,35026]
[26,7,1992,"31/07/1992","Asia","India","Orissa state","Flood","General flood",16,3000000,3000016,1.3996246535561869,4198896.3546630181,0,5500325]
[0,8,1992,"00/08/1992","Asia","Lao P Dem Rep","Whole country","Flood","General flood",10,150,160,1,160,0,459031]
[0,8,1992,"00/08/1992","Asia","Indonesia","Trenggalek (East Java)","Flood",null,57,265553,265610,1.3366782197282281,355035.10194201465,0,3183701]
[1,9,1992,"1992-01-09","Latin America and Carribean","Nicaragua","San Martin, San Juan Del ...","Earthquake","Earthquake (ground shaking)",179,6179,6358,1.6271370420624152,10345.337313432836,0,24882]
[8,9,1992,"31/09/1992","Asia","India","Uttar Pradesh, Jammu, Mad ...","Flood","General flood",500,70000,70500,1.3996246535561869,98673.538075711185,0,5500325]
[8,9,1992,"18/09/1992","Asia","Pakistan","Azad Kashmir and Punjab","Flood","General flood",1334,6655450,6656784,1.5354241369155883,10220986.827833498,0,4800474]
[28,9,1992,"29/09/1992","Latin America and Carribean","El Salvador","La Union, San Miguel, Usu ...","Flood","General flood",1,100,101,1.432156862745098,144.64784313725491,0,1335373]
[31,9,1992,"31/09/1992","Asia","Afghanistan","Salang, Ghorband, Shutul ...","Flood","Flash flood",450,4000,4450,2.1652910997100157,9635.5453937095699,0,300013]
[5,10,1992,"1992-09-10","Asia","Viet Nam","Nghe An, Ha Tinh, Quang B ...","Flood","General flood",55,51698,51753,1.3317523565969847,68922.179710963741,0,4079074]
[8,10,1992,"1992-08-10","Asia","India","Vamanapuram, Amravilla (T ...","Flood","General flood",51,500,551,1.3996246535561869,771.19318410945903,0,5500325]
[8,10,1992,"1992-08-10","Asia","Indonesia","Tasikmalaya, Ciamis, Garu ...","Mass Movement","Landslide",75,37000,37075,1.3366782197282281,49557.344996424057,0,204817]
[12,10,1992,"1992-12-10","Middle East and Europe","Egypt","Near Fayoum (Cairo)","Earthquake","Earthquake (ground shaking)",552,92649,93201,1.4656054783543082,136595.89618809987,0,3007]
[16,10,1992,"16/10/1992","Asia","Thailand","Ko Samui (Surat Thani pro ...","Storm","Tropical cyclone",3,106109,106112,1.2030545138322735,127658.5205717702,0,450213]
[17,10,1992,"17/10/1992","Latin America and Carribean","Colombia","(1) Murindo, Vigia del Fu ...","Earthquake","Earthquake (ground shaking)",11,1635,1646,1.3336048511177483,2195.1135849398138,0,86069]
[17,10,1992,"17/10/1992","Asia","Thailand","Sisaket province (North)","Storm","Tropical cyclone",null,160550,160550,1.2030545138322735,193150.40219577152,0,450213]
[23,10,1992,"23/10/1992","Asia","Viet Nam","Between Thua Thien Hue an ...","Storm","Tropical cyclone",17,32172,32189,1.3317523565969847,42867.776606500338,0,1084809]
[28,10,1992,"31/10/1992","Asia","Viet Nam","Quang Binh, Quang Tri pro ...","Flood","Storm surge/coastal flood",1,58000,58001,1.3317523565969847,77242.968434981711,0,4079074]
[10,11,1992,"1992-10-11","Asia","India","Tamil Nadu, Kerala, Karna ...","Flood",null,179,500,679,1.3996246535561869,950.34513976465087,0,5500325]
[12,11,1992,"1992-12-11","Asia","Thailand","Surat Thani, Krabi, Phang ...","Storm",null,3,119787,119790,1.2030545138322735,144113.90021196805,0,450213]
[28,11,1992,"28/11/1992","Middle East and Europe","Serbia Montenegro","Mojokovac","Flood","General flood",1,6000,6001,0.94335987670177246,5661.1026200873366,0,35000]
[0,12,1992,"00/12/1992","Asia","Sri Lanka",null,"Flood",null,1,405950,405951,1.2389288799308955,502944.41773682699,0,1250003]
[12,12,1992,"1992-12-12","Asia","Indonesia","Sikka, East Flores, Ende, ...","Earthquake","Earthquake (ground shaking)",2500,92103,94603,1.3366782197282281,126453.76962094956,0,455328]
[9,1,1993,"1993-09-01","Asia","Bangladesh","Sylhet","Storm","Tropical cyclone",50,2500,2550,1.2733907999677758,3247.1465399178282,0,1590000]
[12,1,1993,"1993-12-01","Asia","Bangladesh","Bogra, Noagaon, Sunamganj ...","Storm","Local storm",31,752000,752031,1.2733907999677758,957629.3566905664,0,1590000]
[21,1,1993,"21/01/1993","Asia","Indonesia","Maluku Province","Volcano","Volcanic eruption",1,3012,3013,1.2285754737970511,3701.6979025505152,0,12865]
[25,1,1993,"25/01/1993","Asia","Indonesia","Sangir Talaud Island","Volcano","Volcanic eruption",2,452,454,1.2285754737970511,557.77326510386126,0,12865]
[2,2,1993,"1993-05-02","Asia","Indonesia","Northern coast from Indra ...","Flood","General flood",59,259553,259612,1.2285754737970511,318952.93590340001,0,3183701]
[5,2,1993,"1993-10-02","Middle East and Europe","Yemen","Lahej, Abyan, Aden Govern ...","Flood","General flood",31,21500,21531,1.5808774054635983,34037.871417036738,0,238548]
[12,2,1993,"1993-12-02","East and Central Africa","Tanzania Uni Rep","Lushoto, Korogwe district ...","Flood",null,54,201543,201597,1.4080260814035559,283853.83393271267,0,201597]
[19,2,1993,"19/02/1993","Asia","Bangladesh","North-East","Storm",null,8,70500,70508,1.2733907999677758,89784.238524127941,0,1590000]
[0,3,1993,"00/03/1993","Asia","Afghanistan","Salang region","Mass Movement","Avalanche",100,null,100,1.5146676375741184,151.46676375741183,0,271804]
[12,3,1993,"1993-12-03","Latin America and Carribean","Peru","Amazon region","Flood","General flood",2,22000,22002,1.2491437640965668,27483.661097652664,0,3283034]
[13,3,1993,"13/03/1993","Latin America and Carribean","Cuba","From Pinar del Rio (West) ...","Storm","Local storm",5,149775,149780,1.0563276576161988,158216.75655775427,0,498895]
[14,3,1993,"14/03/1993","Asia","Pakistan","Baday Serai (Swat distric ...","Mass Movement","Avalanche",36,309,345,1.3619301507306056,469.86590200205893,0,15082]
[16,3,1993,"16/03/1993","Asia","Viet Nam","Tuyen Quang province","Storm","Local storm",3,2016,2019,1.2139788298117453,2451.0232573899139,0,1084809]
[27,3,1993,"27/03/1993","Asia","Bangladesh","Bhola, Barisal districts","Storm",null,300,25200,25500,1.2733907999677758,32471.465399178283,0,1590000]
[28,3,1993,"1993-03-04","Latin America and Carribean","Ecuador","Azuay, Canar provinces","Mass Movement","Landslide",200,75020,75220,1.3128883365879638,98755.460678146628,0,10100]
[9,4,1993,"1993-09-04","Asia","India","Near Kandi (Murshidabad d ...","Storm","Tropical cyclone",125,500,625,1.2743070982038596,796.44193637741228,0,1010100]
[18,4,1993,"18/04/1993","Latin America and Carribean","Peru","Lima region","Earthquake","Earthquake (ground shaking)",6,145,151,1.2491437640965668,188.62070837858158,0,5070]
[26,4,1993,"1993-01-05","Latin America and Carribean","Colombia","Andes (Antioquia Departme ...","Flood","Flash flood",63,80283,80346,1.2100350377751012,97221.475145078279,0,1207119]
[0,5,1993,"00/05/1993","Asia","India","Tripura, Karamganj (Assam ...","Flood","General flood",null,50000,50000,1.2743070982038596,63715.354910192975,0,5500325]
[6,5,1993,"1993-06-05","East and Central Africa","Tanzania Uni Rep","Korogwe District","Flood",null,null,280,280,1.4080260814035559,394.24730279299564,0,201597]
[7,5,1993,"1993-07-05","Asia","Bangladesh","North Dhaka","Storm",null,9,3250,3259,1.2733907999677758,4149.9806170949814,0,1590000]
[9,5,1993,"1993-09-05","Latin America and Carribean","Ecuador","Ambija (Zamora province)","Mass Movement","Landslide",250,45,295,1.3128883365879638,387.3020592934493,0,10100]
[13,5,1993,"13/05/1993","Asia","Bangladesh","Begumgang, Thana Unions","Storm","Tropical cyclone",14,7500,7514,1.2733907999677758,9568.2584709578678,0,1590000]
[14,5,1993,"14/05/1993","Asia","Papua New Guinea","Woodlark, Trobriand, Kita ...","Storm","Tropical cyclone",15,40040,40055,1.4385673624288424,57621.815702087282,0,25000]
[17,5,1993,"17/05/1993","Asia","Bangladesh","Comilla area","Storm",null,25,7000,7025,1.2733907999677758,8945.5703697736244,0,1590000]
[28,5,1993,"1993-07-06","Asia","Sri Lanka","Colombo, Southern Kalutar ...","Flood","General flood",8,180000,180008,1.1644295302013423,209606.63087248322,0,1250003]
[31,5,1993,"1993-02-06","Latin America and Carribean","Cuba","Eastern provinces","Flood","Flash flood",12,40000,40012,1.0563276576161988,42265.782236539351,0,2500016]
[4,6,1993,"22/06/1993","Asia","Bangladesh","Habiganj, Sylhet, Sunamga ...","Flood","General flood",28,3207056,3207084,1.2733907999677758,4083871.2603238542,0,4100012]
[12,6,1993,"1993-12-06","Asia","Papua New Guinea","Bougainville Isl.","Flood",null,null,54000,54000,1.4385673624288424,77682.637571157495,0,75300]
[15,6,1993,"15/06/1993","Asia","Afghanistan","Chindawal district (Kabul ...","Mass Movement","Landslide",115,1000,1115,1.5146676375741184,1688.854415895142,0,271804]
[0,7,1993,"00/07/1993","Asia","Lao P Dem Rep",null,"Storm",null,8,120,128,1,128,0,450015]
[0,7,1993,"00/07/1993","Asia","India","Himachal Pradesh","Flood","General flood",175,null,175,1.2743070982038596,223.00374218567543,0,5500325]
[1,7,1993,"31/08/1993","Asia","Bangladesh","Bogra, Sirajganj, Netroko ...","Flood","General flood",162,11469537,11469699,1.2733907999677758,14605409.184999598,0,4100012]
[7,7,1993,"1993-07-07","Asia","Pakistan","Narowal, Sialkot, Kasur, ...","Flood",null,15,261295,261310,1.3619301507306056,355885.96768741455,0,4800474]
[8,7,1993,"1993-08-07","Asia","Nepal","Okhaldunga District","Mass Movement","Landslide",28,200,228,1.3233990035196781,301.7349728024866,0,150]
[8,7,1993,"31/07/1993","Asia","India","Punjab, Haryana, Himachal ...","Flood",null,827,128000000,128000827,1.2743070982038596,163112362.42206424,1,5500325]
[11,7,1993,"1993-11-07","Asia","Thailand","Nakhon Phanom, Sakon Nakh ...","Storm",null,4,188448,188452,1.1277448499566938,212525.77246403886,0,450213]
[22,7,1993,"22/07/1993","Latin America and Carribean","Colombia","Arauca, Puerto Rondon, Pu ...","Earthquake","Earthquake (ground shaking)",2,3071,3073,1.2100350377751012,3718.437671082886,0,86069]
[0,8,1993,"00/08/1993","East and Central Africa","Ethiopia","Near Addis Abeba","Flood","General flood",null,4800,4800,1.5843924392439244,7605.0837083708366,0,361680]
[0,8,1993,"00/08/1993","East and Central Africa","Ethiopia","Gollam, Gonder regions","Flood","General flood",2,30000,30002,1.5843924392439244,47534.941962196222,0,361680]
[10,8,1993,"1993-10-08","Latin America and Carribean","Nicaragua","Rio Coco area, Prinzapolk ...","Storm","Tropical cyclone",37,123000,123037,1.3673888255416191,168239.4189281642,0,300076]
[21,8,1993,"21/08/1993","Asia","Bangladesh","Chittagong, Dhaka","Flood",null,4,1075020,1075024,1.2733907999677758,1368925.6713445582,0,4100012]
[23,8,1993,"23/08/1993","Asia","Nepal","Taplejung, Pantchthar, Ma ...","Flood","Flash flood",1048,553268,554316,1.3233990035196781,733581.24203501386,0,800200]
[2,9,1993,"1993-02-09","Latin America and Carribean","Honduras","Mosquitta region","Flood","Storm surge/coastal flood",15,2125,2140,1.439200144118177,3079.8883084128988,0,2126600]
[9,9,1993,"17/09/1993","Asia","India","Uttar Pradesh","Flood","General flood",260,null,260,1.2743070982038596,331.3198455330035,0,5500325]
[29,9,1993,"29/09/1993","Asia","Thailand","Udon Thani, Khon Kaen, Na ...","Storm",null,null,25468,25468,1.1277448499566938,28721.405838697076,0,450213]
[29,9,1993,"29/09/1993","Asia","India","Killari, Haegoan, Sostour ...","Earthquake","Earthquake (ground shaking)",9748,30000,39748,1.2743070982038596,50651.158539407013,0,18701103]
[2,10,1993,"1993-12-10","Asia","Viet Nam","Phu Yen, Lam Dong, Quang ...","Flood","Flash flood",64,15000,15064,1.2139788298117453,18287.377092284132,0,4079074]
[6,10,1993,"1993-08-10","Southern Africa","South Africa","Northern Natal province","Flood","General flood",12,15000,15012,1.1629487543809796,17458.186700767266,0,100022]
[8,10,1993,"1993-08-10","Asia","Sri Lanka","Kodigama","Mass Movement","Landslide",65,130,195,1.1644295302013423,227.06375838926175,0,35018]
[11,10,1993,"21/10/1993","Asia","India","Karnataka state","Flood","Flash flood",35,10000,10035,1.2743070982038596,12787.671730475731,0,5500325]
[13,10,1993,"13/10/1993","Asia","Papua New Guinea","Goroka","Earthquake","Earthquake (ground shaking)",53,20200,20253,1.4385673624288424,29135.304791271345,0,90000]
[20,10,1993,"20/10/1993","Asia","Nepal","Northwestern","Earthquake","Earthquake (ground shaking)",null,285,285,1.3233990035196781,377.16871600310827,0,80147]
[31,10,1993,"1993-03-11","Latin America and Carribean","Honduras","Yoro, Colon, Atlantida pr ...","Flood","Flash flood",7,3000,3007,1.439200144118177,4327.6748333633586,0,2126600]
[31,10,1993,"31/10/1993","Asia","Thailand","South","Flood",null,4,302862,302866,1.1277448499566938,341555.571726984,0,5000091]
[11,11,1993,"1993-11-11","Latin America and Carribean","Haiti",null,"Flood","General flood",4,1500,1504,1.3251259899208063,1992.9894888408928,0,1588122]
[12,11,1993,"1993-12-11","Asia","India","Latur area","Earthquake","Earthquake (ground shaking)",null,525,525,1.2743070982038596,669.01122655702625,0,18701103]
[14,11,1993,"14/11/1993","Asia","Pakistan","Keti Bandar, Hyderabad","Storm","Tropical cyclone",609,null,609,1.3619301507306056,829.41546179493878,0,536171]
[23,11,1993,"23/11/1993","Asia","Viet Nam","Phu Yen, Khanh Hoa, Binh ...","Storm","Tropical cyclone",130,11506,11636,1.2139788298117453,14125.857663689469,0,1084809]
[24,11,1993,"28/11/1993","Latin America and Carribean","Cuba","Guantanamo, Santiago de C ...","Flood","Flash flood",34,532000,532034,1.0563276576161988,562002.22899217671,0,2500016]
[27,11,1993,"1993-02-12","Asia","Thailand","Surat Thani, Nakhorn Si T ...","Flood","Flash flood",23,393809,393832,1.1277448499566938,444142.0097481446,0,5000091]
[28,11,1993,"28/11/1993","Latin America and Carribean","Colombia","Caldas","Mass Movement","Landslide",10,157,167,1.2100350377751012,202.07585130844191,0,4500]
[0,12,1993,"00/12/1993","Asia","Thailand","South","Flood",null,14,192674,192688,1.1277448499566938,217302.89964845541,0,5000091]
[4,12,1993,"1993-04-12","Asia","India","Tamil Nadu, Karaikal regi ...","Storm","Tropical cyclone",61,72000,72061,1.2743070982038596,91827.843803668322,0,1010100]
[8,12,1993,"1993-08-12","Asia","Viet Nam","Ninh Hai, Cam Ranh distri ...","Storm","Tropical cyclone",73,25235,25308,1.2139788298117453,30723.37622487565,0,1084809]
[14,12,1993,"14/12/1993","Middle East and Europe","Egypt","Mokattam (Cairo)","Mass Movement","Subsidence",34,300,334,1.3652048519806599,455.97842056154042,0,79]
[15,12,1993,"27/12/1993","Asia","Sri Lanka","Batticaloa, Polonnaruwa, ...","Flood","General flood",null,150000,150000,1.1644295302013423,174664.42953020133,0,1250003]
[18,12,1993,"18/12/1993","Latin America and Carribean","Colombia","Antioquia Province","Mass Movement","Landslide",75,2411,2486,1.2100350377751012,3008.1471039089015,0,4500]
[21,12,1993,"21/12/1993","Latin America and Carribean","Colombia","Caldas","Mass Movement","Landslide",10,924,934,1.2100350377751012,1130.1727252819446,0,4500]
[26,12,1993,"27/12/1993","Asia","Indonesia","Tanggerang, Serang and Le ...","Flood","Flash flood",72,8000,8072,1.2285754737970511,9917.0612244897966,0,3183701]
[0,1,1994,"00/01/1994","Latin America and Carribean","Colombia","Valle de Caucu Department ...","Flood","General flood/Mudslide",11,9950,9961,1.2100350377751012,12053.159011277783,0,1207119]
[0,1,1994,"00/01/1994","Asia","Sri Lanka","Colombo","Flood",null,null,150000,150000,1.1644295302013423,174664.42953020133,0,1250003]
[9,1,1994,"13/01/1994","East and Central Africa","Tanzania Uni Rep","Kilwa district (lindi reg ...","Flood","General flood",31,7000,7031,1.4080260814035559,9899.8313783484009,0,201597]
[12,1,1994,"22/01/1994","Asia","Indonesia","City of Bandung (West Jav ...","Flood","General flood",4,30000,30004,1.2285754737970511,36862.178515806721,0,3183701]
[13,1,1994,"13/01/1994","Southern Africa","Madagascar","(1) Vatomandry, Anosibe, ...","Storm","Tropical cyclone",200,540043,540243,1.5727165237954479,849649.09296482417,0,988502]
[21,1,1994,"21/01/1994","Asia","Indonesia","(1) Irian Jaya region(2) ...","Earthquake","Earthquake (ground shaking)",7,200040,200047,1.2285754737970511,245772.8378066787,0,455328]
[31,1,1994,"1994-02-02","Latin America and Carribean","Colombia","Florida town (Bogota)","Flood","General flood",19,7000,7019,1.2100350377751012,8493.2359301434353,0,1207119]
[0,2,1994,"00/02/1994","Latin America and Carribean","Peru","Andes, Callo, Concepci�n","Flood","General flood",100,25500,25600,1.2491437640965668,31978.080360872111,0,3283034]
[3,2,1994,"1994-03-02","Asia","Indonesia","Eastern Java","Volcano","Volcanic eruption",7,2000,2007,1.2285754737970511,2465.7509759106815,0,12865]
[6,2,1994,"1994-06-02","East and Central Africa","Uganda","Port Portal, Kabarole, Bu ...","Earthquake","Earthquake (ground shaking)",7,50000,50007,1.6142580956984049,80724.20459159014,0,4000]
[16,2,1994,"16/02/1994","Asia","Indonesia","Liwa, Lampung Province (S ...","Earthquake","Earthquake (ground shaking)",207,49399,49606,1.2285754737970511,60944.714953176517,0,455328]
[21,2,1994,"25/02/1994","Latin America and Carribean","Peru","Arequipa, Cuzco, Huancayo ...","Flood",null,332,25000,25332,1.2491437640965668,31643.30983209423,0,3283034]
[23,3,1994,"26/03/1994","Asia","Indonesia","Ngawi, Tuban, Bojonegoro, ...","Flood","General flood",33,187131,187164,1.2285754737970511,229945.09997775126,0,3183701]
[26,3,1994,"26/03/1994","Southern Africa","Mozambique","Nampula, Zambesia, Manica ...","Storm","Tropical cyclone",240,2502000,2502240,1.3993656834760546,3501548.7878211229,0,549405]
[28,3,1994,"28/03/1994","Asia","Bangladesh","Mymensingh, Chittagong (N ...","Storm","Tropical cyclone",40,150,190,1.2733907999677758,241.9442519938774,0,1590000]
[0,4,1994,"00/04/1994","Latin America and Carribean","Colombia","De Huila Department","Flood",null,7,1019,1026,1.2100350377751012,1241.4959487572539,0,1207119]
[0,4,1994,"00/04/1994","Southern Africa","South Africa","Mautse (Orange state)","Storm","Local storm",2,2000,2002,1.1629487543809796,2328.2234062707212,0,500064]
[19,4,1994,"19/04/1994","Asia","Bangladesh","Pirojpur, Barguna, Barisa ...","Storm",null,20,5200,5220,1.2733907999677758,6647.0999758317894,0,1590000]
[23,4,1994,"23/04/1994","Asia","Indonesia","Simalungun District","Flood",null,8,1000,1008,1.2285754737970511,1238.4040775874275,0,3183701]
[23,4,1994,"23/04/1994","East and Central Africa","Tanzania Uni Rep","Dar Es Salam","Storm","Tropical cyclone",4,2500,2504,1.4080260814035559,3525.697307834504,0,141066]
[0,5,1994,"00/10/1994","Asia","India","Assam, Arunachal Pradesh, ...","Flood",null,2001,12060050,12062051,1.2743070982038596,15370757.208196962,0,5500325]
[1,5,1994,"1994-01-05","Asia","Afghanistan","Termez, Depth Shallow, Ba ...","Earthquake","Earthquake (ground shaking)",160,100330,100490,1.5146676375741184,152208.95089982316,0,121635]
[2,5,1994,"1994-02-05","Asia","Myanmar","Maungdaw, Buthidaung, Rak ...","Storm","Tropical cyclone",17,64970,64987,1.1618566330563074,75505.577012430251,0,359999]
[2,5,1994,"1994-02-05","Asia","Bangladesh","St. Martins, Teknaf Upazi ...","Storm","Tropical cyclone",130,653559,653689,1.2733907999677758,832401.55864013545,0,1590000]
[8,5,1994,"1994-08-05","Asia","Thailand","Bangkok","Storm","Tropical cyclone",null,5000,5000,1.1277448499566938,5638.7242497834686,0,450213]
[15,5,1994,"15/05/1994","Latin America and Carribean","Brazil","Sao Paulo","Storm","Local storm",null,1000,1000,1.2296568507557599,1229.6568507557599,0,270050]
[15,5,1994,"15/05/1994","Latin America and Carribean","Brazil","Sao Paulo","Storm","Local storm",null,1000,1000,1.2296568507557599,1229.6568507557599,0,270050]
[18,5,1994,"18/05/1994","Asia","Bangladesh","North","Storm",null,15,100,115,1.2733907999677758,146.43994199629421,0,1590000]
[18,5,1994,"18/05/1994","Latin America and Carribean","Cuba","Guantanamo, Santiago de C ...","Flood","General flood",12,38600,38612,1.0563276576161988,40786.923515876668,0,2500016]
[19,5,1994,"19/05/1994","Asia","Bangladesh","North","Flood","Flash flood",12,100,112,1.2733907999677758,142.61976959639088,0,4100012]
[1,6,1994,"1994-03-06","Asia","Bangladesh","Sylhet district","Flood","General flood",3,25000,25003,1.2733907999677758,31838.5901715943,0,4100012]
[2,6,1994,"1994-02-06","Asia","Indonesia","Purwoharjo, Sarongan, Teg ...","Earthquake","Earthquake (ground shaking)",239,8720,8959,1.2285754737970511,11006.807669747781,0,455328]
[6,6,1994,"1994-06-06","Latin America and Carribean","Colombia","Toez, Irlanda, Belalcazar ...","Earthquake","Earthquake (ground shaking)",271,37416,37687,1.2100350377751012,45602.590468630238,0,86069]
[7,6,1994,"1994-07-06","Asia","India","Mormugao","Storm","Local storm",11,100,111,1.2743070982038596,141.44808790062842,0,1010100]
[19,6,1994,"19/06/1994","Southern Africa","South Africa","Capetown, Cape Peninsula","Flood",null,null,11000,11000,1.1629487543809796,12792.436298190774,0,100022]
[0,7,1994,"00/07/1994","Asia","Thailand",null,"Flood",null,60,59000,59060,1.1277448499566938,66604.610838442328,0,5000091]
[0,7,1994,"00/07/1994","West Africa","Niger","Zinder, Maradi, Tahoua, D ...","Flood",null,60,61992,62052,1.7260571801282749,107105.30014131972,0,80020]
[11,7,1994,"16/09/1994","Asia","Pakistan","Murree, Risalpur, Karachi ...","Flood","General flood",316,840016,840332,1.3619301507306056,1144473.4874237513,0,4800474]
[12,7,1994,"1994-12-07","Asia","Indonesia","West Nusa Tengarra provin ...","Flood","General flood",5,50000,50005,1.2285754737970511,61434.916567221539,0,3183701]
[15,7,1994,"31/07/1994","Asia","Viet Nam","Lai Chau province","Mass Movement","Landslide",21,1034,1055,1.2139788298117453,1280.7476654513914,0,35026]
[28,7,1994,"1994-04-08","Asia","Thailand","Lampang, Nan, Kanchanabur ...","Storm","Tropical cyclone",9,10000,10009,1.1277448499566938,11287.598203216548,0,450213]
[31,7,1994,"31/07/1994","Asia","Cambodia","Battambang, Takeo, Kompon ...","Flood",null,506,29000,29506,1.2100350377751012,35703.29382459214,0,1669238]
[0,8,1994,"00/08/1994","Asia","Lao P Dem Rep","Central","Flood",null,null,190000,190000,1,190000,0,459031]
[2,8,1994,"1994-02-08","Asia","Thailand","North and Central provinc ...","Mass Movement","Landslide",9,10000,10009,1.1277448499566938,11287.598203216548,0,5000]
[15,8,1994,"18/08/1994","East and Central Africa","Ethiopia","North Shoa, South Welo, T ...","Flood","General flood",4,43014,43018,1.5843924392439244,68157.393951395134,0,361680]
[17,8,1994,"17/08/1994","Asia","India","New Delhi","Flood","General flood",14,2550,2564,1.2743070982038596,3267.3233997946959,0,5500325]
[19,8,1994,"19/08/1994","Asia","Bangladesh","Chapainawabganj, Rajshahi ...","Flood",null,40,370000,370040,1.2733907999677758,471205.53162007575,0,4100012]
[0,9,1994,"00/09/1994","West Africa","Benin","Karimam, Malanville count ...","Flood",null,null,34000,34000,1.6036833717017887,54525.234637860813,0,580000]
[4,9,1994,"18/12/1994","Asia","Viet Nam","Dong Thap, An Giang, Long ...","Flood","General flood",310,382000,382310,1.2139788298117453,464116.24642532837,0,4079074]
[17,9,1994,"17/09/1994","Asia","Viet Nam","Thanh Hoa, Ninh Binh, Nam ...","Storm","Tropical cyclone",30,11000,11030,1.2139788298117453,13390.18649282355,0,1084809]
[19,9,1994,"19/09/1994","Asia","Papua New Guinea","Eastern New Britain","Volcano","Volcanic eruption",5,152002,152007,1.4385673624288424,218672.30906072105,0,0]
[26,9,1994,"26/09/1994","Latin America and Carribean","Honduras",null,"Flood",null,null,6000,6000,1.439200144118177,8635.2008647090624,0,2126600]
[27,9,1994,"27/09/1994","Latin America and Carribean","Guatemala","Suchitepequez province","Flood",null,5,1000,1005,1.3512165935380933,1357.9726765057837,0,476827]
[0,10,1994,"00/10/1994","West Africa","Togo","Near Mango","Flood",null,null,11500,11500,1.562106324011086,17964.222726127489,0,125003]
[0,10,1994,"00/10/1994","Latin America and Carribean","Honduras","Aguan Valley, Atlantida, ...","Flood",null,4,14000,14004,1.439200144118177,20154.558818230951,0,2126600]
[9,10,1994,"1994-09-10","Asia","Indonesia","North Maluku (Obi Isl.)","Earthquake","Earthquake (ground shaking)",1,2437,2438,1.2285754737970511,2995.2670051172108,0,455328]
[12,10,1994,"1994-12-10","Asia","Indonesia","Riau Province","Flood",null,3,60000,60003,1.2285754737970511,73718.214154244459,0,3183701]
[21,10,1994,"21/10/1994","Asia","Thailand","South","Flood",null,11,112257,112268,1.1277448499566938,126609.6588149381,0,5000091]
[31,10,1994,"1994-04-11","Asia","India","Tamil Nadu, Andhra Prades ...","Storm","Tropical cyclone",208,428500,428708,1.2743070982038596,546305.64745678019,0,1010100]
[0,11,1994,"00/11/1994","Asia","Sri Lanka","Battocaloa, Ampara","Flood","General flood",null,100000,100000,1.1644295302013423,116442.95302013423,0,1250003]
[2,11,1994,"1994-08-11","Middle East and Europe","Egypt","Asyut, Sohag, Qena, Luxor ...","Flood","General flood",600,160660,161260,1.3652048519806599,220152.93443040122,0,161260]
[5,11,1994,"15/11/1994","Latin America and Carribean","Haiti","Jacmel, Port au Prince, l ...","Storm",null,1122,1587000,1588122,1.3251259899208063,2104461.7373650107,0,1165220]
[11,11,1994,"1994-11-11","East and Central Africa","Somalia","South","Flood","General flood",100,null,100,1.5797531635681925,157.97531635681926,0,299052]
[13,11,1994,"18/11/1994","Latin America and Carribean","Cuba","Guatanamo province","Storm","Tropical cyclone",2,110558,110560,1.0563276576161988,116787.58582604694,0,498895]
[22,11,1994,"00/12/1994","Asia","Indonesia","Java Isl.","Volcano","Volcanic eruption",58,2722,2780,1.2285754737970511,3415.4398171558023,0,12865]
[26,11,1994,"27/11/1994","Asia","Sri Lanka","Batticaloa, Trincomalee d ...","Flood","General flood",null,478150,478150,1.1644295302013423,556771.97986577183,0,1250003]
[2,12,1994,"1994-02-12","Asia","Indonesia","Pesisir Selaten (West Sum ...","Flood",null,6,640,646,1.2285754737970511,793.65975607289499,0,3183701]
[0,1,1995,"00/01/1995","Southern Africa","Malawi","Karonga, Nkhata Bay (Nort ...","Flood",null,1,1000,1001,1.5050662509742789,1506.5713172252531,0,500059]
[7,1,1995,"1995-07-01","Latin America and Carribean","Peru","Puno","Mass Movement","Landslide",20,150,170,1.2491437640965668,212.35443989641635,0,330250]
[11,1,1995,"1995-11-01","Asia","Indonesia","Riau","Flood","General flood",3,3000,3003,1.2285754737970511,3689.4121478125444,0,3183701]
[17,1,1995,"17/01/1995","Asia","India","Kashmir province","Mass Movement","Avalanche",250,5250,5500,1.2743070982038596,7008.6890401212277,0,100160]
[19,1,1995,"19/01/1995","Latin America and Carribean","Colombia","Boyaca Province, Casanare ...","Earthquake","Earthquake (ground shaking)",7,2845,2852,1.2100350377751012,3451.0199277345887,0,86069]
[3,2,1995,"17/02/1995","Asia","Indonesia","Java, Sumatra","Flood","General flood",47,36000,36047,1.2285754737970511,44286.460103962301,0,3183701]
[7,2,1995,"1995-07-02","Latin America and Carribean","Brazil","Sao Paulo","Mass Movement","Landslide",42,2000,2042,1.2296568507557599,2510.9592892432615,0,100100]
[8,2,1995,"1995-08-02","Latin America and Carribean","Colombia","Pereira","Earthquake","Earthquake (ground shaking)",40,15097,15137,1.2100350377751012,18316.300366801708,0,86069]
[4,3,1995,"1995-04-03","Latin America and Carribean","Colombia","Pasto area","Earthquake","Earthquake (ground shaking)",8,259,267,1.2100350377751012,323.07935508595205,0,86069]
[8,3,1995,"1995-08-03","East and Central Africa","Tanzania Uni Rep","Mbeya","Flood","General flood",null,1850,1850,1.4080260814035559,2604.8482505965785,0,201597]
[20,3,1995,"20/03/1995","Middle East and Europe","Egypt","El Minja","Flood","General flood",7,3000,3007,1.3652048519806599,4105.1709899058442,0,161260]
[27,3,1995,"27/03/1995","Asia","Afghanistan","Kurluk Zir Kutal (Daraim ...","Mass Movement","Landslide",354,174,528,1.5146676375741184,799.74451263913454,0,271804]
[1,4,1995,"1995-01-04","West Africa","Morocco","Tata region (south-east)","Flood",null,6,650,656,1.2095380143796848,793.45693743307322,0,266455]
[12,4,1995,"1995-12-04","Asia","Bangladesh","Chittagong","Storm","Local storm",6,2070,2076,1.2733907999677758,2643.5593007331026,0,1590000]
[12,4,1995,"1995-12-04","Asia","Bangladesh","Chittagong, Madaripur, Mu ...","Storm","Local storm",50,51500,51550,1.2733907999677758,65643.295738338842,0,1590000]
[20,4,1995,"20/04/1995","Asia","Afghanistan","Takhar province","Flood","General flood",10,7500,7510,1.5146676375741184,11375.153958181629,0,300013]
[22,4,1995,"22/04/1995","Latin America and Carribean","Brazil","Near Fortaleza (Ceara sta ...","Flood",null,2,3500,3502,1.2296568507557599,4306.2582913466713,0,3021023]
[28,4,1995,"15/05/1995","East and Central Africa","Ethiopia","Kelafo, Mustahil, Ferfer, ...","Flood","General flood",27,93875,93902,1.5843924392439244,148777.61882988299,0,361680]
[1,5,1995,"1995-01-05","Asia","Indonesia","Tapanuli, Labuhan distric ...","Flood","General flood",45,17500,17545,1.2285754737970511,21555.356687769261,0,3183701]
[7,5,1995,"1995-07-05","Asia","Indonesia","Bengkulu (Northern Sumatr ...","Flood","Flash flood",27,2200,2227,1.2285754737970511,2736.0375801460327,0,3183701]
[7,5,1995,"1995-11-05","Asia","Sri Lanka","Western, North Western, S ...","Flood","General flood",3,120000,120003,1.1644295302013423,139735.03691275168,0,1250003]
[14,5,1995,"14/05/1995","Asia","Indonesia","Dili, Maliana, Mauraba (E ...","Earthquake","Earthquake (ground shaking)",15,176,191,1.2285754737970511,234.65791549523675,0,455328]
[15,5,1995,"15/05/1995","Asia","Bangladesh","Chittagong, Bhola, Coxbaz ...","Flood","Storm surge/coastal flood",50,461325,461375,1.2733907999677758,587510.68033513252,0,4100012]
[15,5,1995,"15/05/1995","Asia","Bangladesh","Cox's Bazar, Teknaf, Barg ...","Storm",null,525,2070000,2070525,1.2733907999677758,2636587.4861032791,0,1590000]
[17,5,1995,"24/05/1995","Asia","Bangladesh","Chittagong, Khulna, Dhaka ...","Flood","General flood",41,351000,351041,1.2733907999677758,447012.37981148798,0,4100012]
[19,5,1995,"19/05/1995","Asia","Indonesia","Parigi, Palu, Poso (Sulaw ...","Earthquake","Earthquake (ground shaking)",null,1538,1538,1.2285754737970511,1889.5490786998646,0,455328]
[26,5,1995,"26/05/1995","East and Central Africa","Tanzania Uni Rep","Dar Es Salaam","Flood","General flood",3,20000,20003,1.4080260814035559,28164.745706315327,0,201597]
[3,6,1995,"1995-03-06","Latin America and Carribean","Cuba","Havana","Storm","Tropical cyclone",2,163,165,1.0563276576161988,174.29406350667281,0,498895]
[3,6,1995,"1995-03-06","Asia","India","Mizoram State","Mass Movement","Landslide",40,14285,14325,1.2743070982038596,18254.449181770287,0,100160]
[10,6,1995,"1995-10-06","Asia","Nepal","Baglung, Lamjung, Soluklu ...","Mass Movement","Landslide",85,534,619,1.3233990035196781,819.18398317868071,0,150]
[16,6,1995,"23/06/1995","Asia","Bangladesh","Sylhet, Moulvibazar, Suna ...","Flood",null,250,12656006,12656256,1.2733907999677758,16116359.952436963,0,4100012]
[19,6,1995,"25/07/1995","Asia","Nepal","Baglung, Lamjung, Solukhu ...","Flood","General flood",140,13000,13140,1.3233990035196781,17389.462906248569,0,800200]
[23,6,1995,"23/06/1995","Latin America and Carribean","Cuba","Pinar Del Rio, Sancti Spi ...","Flood","General flood",null,33180,33180,1.0563276576161988,35048.951679705475,0,2500016]
[0,7,1995,"00/07/1995","Asia","Pakistan",null,"Flood","General flood",600,null,600,1.3619301507306056,817.15809043836339,0,4800474]
[0,7,1995,"00/07/1995","West Africa","Benin","Mono, Zou, Oueme, Atlanti ...","Flood",null,20,123000,123020,1.6036833717017887,197285.12838675405,0,580000]
[0,7,1995,"00/07/1995","Asia","Lao P Dem Rep",null,"Flood",null,null,200000,200000,1,200000,0,459031]
[1,7,1995,"1995-11-07","Middle East and Europe","Georgia","Abkhazia region","Flood","General flood",1,300,301,0.9178136844205067,276.26191901057251,0,19162]
[3,7,1995,"1995-03-07","West Africa","Togo","Adewi, Aflao-Gakali, Afla ...","Flood","General flood",3,125000,125003,1.562106324011086,195267.97682035778,0,125003]
[5,7,1995,"1995-07-07","West Africa","Ghana","Accra","Flood","General flood",145,700000,700145,1.3748305467690918,962580.73316764575,0,2000005]
[22,7,1995,"22/07/1995","Asia","Pakistan","Swat, Azad Kasmir, Dadu, ...","Flood","Flash flood",451,1255000,1255451,1.3619301507306056,1709836.5696648895,0,4800474]
[23,7,1995,"23/07/1995","Latin America and Carribean","Colombia","Fresdonia, Toledo","Flood","Flash flood",69,86000,86069,1.2100350377751012,104146.50566626519,0,1207119]
[0,8,1995,"00/09/1995","West Africa","Togo","Bassar, Tandjoare, Blitta ...","Flood","General flood",null,60000,60000,1.562106324011086,93726.379440665158,0,125003]
[0,8,1995,"00/08/1995","West Africa","Chad","From Kanem to Moyen-Chari ...","Flood",null,2,80686,80688,1.557311669128508,125656.36395864106,0,175863]
[1,8,1995,"1995-01-08","Asia","Lao P Dem Rep",null,"Storm","Tropical cyclone",26,1000000,1000026,1,1000026,0,450015]
[1,8,1995,"1995-09-11","Asia","Thailand","Phayao, Pichit, Pitsanulo ...","Flood","General flood",231,4280984,4281215,1.1277448499566938,4828118.1678073471,0,5000091]
[9,8,1995,"1995-09-08","Latin America and Carribean","Guatemala","Nuevo Progreso, Malacatan ...","Flood",null,null,1440,1440,1.3512165935380933,1945.7518946948544,0,476827]
[11,8,1995,"1995-11-08","West Africa","Liberia","Monrovia","Storm",null,null,2000,2000,1.789367088607595,3578.7341772151899,0,0]
[17,8,1995,"18/08/1995","West Africa","Morocco","Marrakesh (Ourika region) ...","Flood","General flood",null,1000,1000,1.2095380143796848,1209.5380143796847,0,266455]
[0,9,1995,"00/09/1995","Asia","Lao P Dem Rep","Bolikhamxay, Savannakhet, ...","Flood","General flood",null,391400,391400,1,391400,0,459031]
[1,9,1995,"20/09/1995","Asia","India","Bihar, Haryana, Punjab, R ...","Flood","General flood",1479,32704000,32705479,1.2743070982038596,41676824.039857268,0,5500325]
[4,9,1995,"1995-04-09","West Africa","Morocco","Taza, Oued Amlil, Zouagha ...","Flood","Flash flood",6,1100,1106,1.2095380143796848,1337.7490439039314,0,266455]
[9,9,1995,"1995-12-09","Latin America and Carribean","Honduras","El Guayaba, Tegucigalpa, ...","Flood",null,20,15000,15020,1.439200144118177,21616.786164655019,0,2126600]
[12,9,1995,"1995-12-09","Asia","Myanmar","Wun Tho Kawlin (Sagaing d ...","Flood",null,51,31945,31996,1.1618566330563074,37174.764831269611,0,2558366]
[12,9,1995,"1995-12-09","Asia","India","Kulla (Himachal Pradesh)","Mass Movement","Landslide",400,1100000,1100400,1.2743070982038596,1402247.530863527,0,100160]
[21,9,1995,"19/10/1995","Asia","Viet Nam","Quang Binh, Quang Tri, Ke ...","Flood","General flood",253,400000,400253,1.2139788298117453,485898.66856864048,0,4079074]
[28,9,1995,"28/09/1995","Latin America and Carribean","El Salvador","Usulutan Province","Flood",null,2,400,402,1.3115460585383372,527.24151553241154,0,1335373]
[29,9,1995,"16/10/1995","Asia","Bangladesh","Dinajpur, Panchagar, Rang ...","Flood","General flood",400,1250000,1250400,1.2733907999677758,1592247.8562797068,0,4100012]
[2,10,1995,"1995-02-10","Latin America and Carribean","Ecuador","Pastaza, Tena, Archidona, ...","Earthquake","Earthquake (ground shaking)",2,805,807,1.3128883365879638,1059.5008876264867,0,200000]
[7,10,1995,"1995-07-10","Asia","Indonesia","Airhangat, Danaukerinci, ...","Earthquake","Earthquake (ground shaking)",84,90218,90302,1.2285754737970511,110942.82243482131,0,455328]
[9,10,1995,"1995-09-10","Latin America and Carribean","Nicaragua","Chinandega, Rivas provinc ...","Storm","Tropical cyclone",38,15085,15123,1.3673888255416191,20679.021208665905,0,300076]
[20,10,1995,"23/10/1995","Asia","India","Andhra Pradesh","Storm","Tropical cyclone",94,12000,12094,1.2743070982038596,15411.470045677477,0,1010100]
[23,10,1995,"23/10/1995","Asia","India","Andhra Pradesh","Flood","General flood",null,3000,3000,1.2743070982038596,3822.9212946115786,0,5500325]
[1,11,1995,"1995-01-11","Asia","Viet Nam","Quang Ngai, Binh Dinh, Qu ...","Storm","Tropical cyclone",16,23051,23067,1.2139788298117453,28002.849667267528,0,1084809]
[5,11,1995,"1995-05-11","East and Central Africa","Somalia","Mogadishu","Flood","General flood",20,8500,8520,1.5797531635681925,13459.496953600999,0,299052]
[10,11,1995,"1995-10-11","Asia","India","Orissa, Andra Pradesh","Storm","Tropical cyclone",128,null,128,1.2743070982038596,163.11130857009402,0,1010100]
[21,11,1995,"21/11/1995","Latin America and Carribean","Nicaragua","Leon","Volcano","Volcanic eruption",null,12000,12000,1.3673888255416191,16408.665906499431,0,3600]
[25,11,1995,"25/11/1995","Asia","Bangladesh","Gulf of Bengale","Storm","Tropical cyclone",172,250000,250172,1.2733907999677758,318566.72320953844,0,1590000]
[14,12,1995,"14/12/1995","Latin America and Carribean","Brazil","Minas Gerais","Flood",null,16,300,316,1.2296568507557599,388.57156483882011,0,3021023]
[23,12,1995,"23/12/1995","Southern Africa","Malawi","Chikwawa district","Flood",null,null,300,300,1.5050662509742789,451.5198752922837,0,500059]
[25,12,1995,"1996-02-01","Southern Africa","South Africa","Pietermaritzburg region ( ...","Flood","Flash flood",207,4500,4707,1.1629487543809796,5473.9997868712708,0,100022]
[25,12,1995,"25/12/1995","Latin America and Carribean","Brazil","Santa Catarina, Florianop ...","Flood","General flood",92,30000,30092,1.2296568507557599,37002.833952942325,0,3021023]
[28,12,1995,"1996-02-01","Asia","Indonesia","North Aceh Provinces","Flood","General flood",18,201472,201490,1.2285754737970511,247545.67221536784,0,3183701]
[0,1,1996,"00/01/1996","Latin America and Carribean","Colombia","Cordoba, Bolivar, Magdale ...","Flood",null,null,180000,180000,1.2100350377751012,217806.30679951824,0,1207119]
[0,1,1996,"00/01/1996","Asia","Indonesia","Jakarta","Flood","General Flood",6,252965,252971,1.2285754737970511,310793.9661819138,0,3183701]
[1,1,1996,"1996-04-01","Latin America and Carribean","Brazil","Sao Paulo City, Sao Jose ...","Flood","General flood",15,7000,7015,1.2296568507557599,8626.0428080516558,0,3021023]
[1,1,1996,"1996-01-01","Asia","Indonesia","North of Palu (Sulawesi I ...","Earthquake","Earthquake (ground shaking)",9,13000,13009,1.2285754737970511,15982.538338625838,0,455328]
[10,1,1996,"1996-11-01","Southern Africa","Madagascar","Fenerive, Foulpointe","Storm","Tropical cyclone",9,100000,100009,1.5727165237954479,157285.80682825894,0,988502]
[12,1,1996,"14/01/1996","Southern Africa","South Africa","Kwazulu-Natal province","Flood","Flash flood",7,500,507,1.1629487543809796,589.61501847115665,0,100022]
[21,1,1996,"1996-01-02","West Africa","Morocco","Beni Mellal, Casa Sebaa, ...","Flood","General flood",24,2000,2024,1.2095380143796848,2448.1049411044819,0,266455]
[31,1,1996,"31/01/1996","Asia","Afghanistan","Pakhalsoz, Dar-E-Zand, Qa ...","Earthquake","Earthquake (ground shaking)",null,3250,3250,1.5146676375741184,4922.6698221158849,0,121635]
[0,2,1996,"00/02/1996","Latin America and Carribean","Haiti","North, NorthWest, Grande ...","Flood",null,null,2500,2500,1.3251259899208063,3312.814974802016,0,1588122]
[9,2,1996,"19/02/1996","Southern Africa","South Africa","Mpumalanga, Gauteng, Free ...","Flood","General flood",27,7030,7057,1.1629487543809796,8206.9293596665721,0,100022]
[9,2,1996,"13/02/1996","Asia","Indonesia","Jakarta","Flood","General flood",20,556000,556020,1.2285754737970511,683112.53494063637,0,3183701]
[13,2,1996,"29/02/1996","Southern Africa","Mozambique","Zambezia, Gaza, Maputo, I ...","Storm","Tropical cyclone",11,200000,200011,1.3993656834760546,279888.52971772914,0,549405]
[17,2,1996,"17/02/1996","Asia","Indonesia","Biak (Iran Jaya)","Earthquake","Earthquake (ground shaking)",166,25638,25804,1.2285754737970511,31702.161525859108,0,455328]
[20,2,1996,"20/02/1996","Latin America and Carribean","Brazil","Rio de Janeiro, Sao Paulo ...","Mass Movement","Landslide",96,4000,4096,1.2296568507557599,5036.6744606955926,0,100100]
[21,2,1996,"21/02/1996","Latin America and Carribean","Peru","Pacific Coast","Earthquake","Tsunami",7,752,759,1.2491437640965668,948.10011694929415,0,5070]
[27,3,1996,"31/03/1996","Asia","Indonesia","SUlu Musi district, Lahat ...","Flood","General flood",34,527,561,1.2285754737970511,689.23084080014564,0,3183701]
[28,3,1996,"28/03/1996","Latin America and Carribean","Ecuador","Pujili, San Juan, Atocha, ...","Earthquake","Earthquake (ground shaking)",27,30705,30732,1.3128883365879638,40347.684360021303,0,200000]
[6,4,1996,"1996-11-04","East and Central Africa","Kenya","Nyanza province","Flood","General flood",null,1000,1000,1.4764415277982599,1476.4415277982598,0,900086]
[9,4,1996,"1996-09-04","Latin America and Carribean","Bolivia","Mount Cotahuma (La Paz)","Mass Movement","Landslide",49,600,649,1.3487457627118644,875.33600000000001,0,339535]
[9,4,1996,"23/04/1996","Asia","Afghanistan","Badakhstan, Takhar, Farya ...","Flood","General flood",70,9855,9925,1.5146676375741184,15033.076302923126,0,300013]
[23,4,1996,"23/04/1996","Asia","Bangladesh","Gowriganga River","Storm",null,17,300,317,1.2733907999677758,403.66488358978495,0,1590000]
[29,4,1996,"29/04/1996","Latin America and Carribean","Brazil","Recife city","Mass Movement","Landslide",49,3090,3139,1.2296568507557599,3859.8928545223303,0,100100]
[5,5,1996,"1996-05-05","Latin America and Carribean","Colombia","Danubio","Mass Movement","Landslide",5,110,115,1.2100350377751012,139.15402934413663,0,4500]
[12,5,1996,"14/05/1996","Asia","Bangladesh","Gopalpur, Basail, Kalihat ...","Storm","Tropical cyclone",525,118291,118816,1.2733907999677758,151299.20128897126,0,1590000]
[14,5,1996,"18/05/1996","Middle East and Europe","Yemen","Hudayda, Taiz regions","Flood","General flood",7,5000,5007,1.5808774054635983,7915.453169156237,0,238548]
[24,5,1996,"24/05/1996","Latin America and Carribean","Cuba","Central Region","Flood","General flood",3,8000,8003,1.0563276576161988,8453.7902439024401,0,2500016]
[8,6,1996,"1996-08-06","East and Central Africa","Ethiopia","Gambella Region","Flood","General flood",40,90000,90040,1.5843924392439244,142658.69522952294,0,361680]
[9,6,1996,"1996-09-06","Asia","Sri Lanka","Ratnapura district","Flood",null,null,10000,10000,1.1644295302013423,11644.295302013423,0,1250003]
[13,6,1996,"14/06/1996","East and Central Africa","Somalia",null,"Flood","General flood",3,100,103,1.5797531635681925,162.71457584752383,0,299052]
[13,6,1996,"25/06/1996","Middle East and Europe","Yemen","Shabwa, Mareb, Hadhramout ...","Flood","General flood",338,238210,238548,1.5808774054635983,377115.14331853046,0,238548]
[14,6,1996,"16/06/1996","Asia","India","Andhra Pradesh, Karnataka ...","Storm","Tropical cyclone",731,1842100,1842831,1.2743070982038596,2348332.6240901169,0,1010100]
[30,6,1996,"22/10/1996","Asia","Thailand",null,"Flood","General flood",91,5000000,5000091,1.1277448499566938,5638826.8745648153,0,5000091]
[10,7,1996,"24/07/1996","Asia","India","West Bengal, Arunachal Pr ...","Flood","General flood",82,3000000,3000082,1.2743070982038596,3823025.7877936312,0,5500325]
[12,7,1996,"1996-12-07","Asia","Nepal","Taplejung, Pyuthan, Gulmi ...","Flood","Flash flood",768,151382,152150,1.3233990035196781,201355.15838551903,0,800200]
[17,7,1996,"1996-10-08","Asia","India","Kishanganj, Darbhanga, Si ...","Flood","General Flood",74,4000000,4000074,1.2743070982038596,5097322.691540705,0,5500325]
[18,7,1996,"21/08/1996","Asia","Thailand","Chumphon, Chiang Rai, Nan ...","Storm","Tropical cyclone",9,343386,343395,1.1277448499566938,387261.94275087886,0,450213]
[19,7,1996,"1996-02-08","Asia","Bangladesh","Kurigram, Gaibandha, Bogr ...","Flood","General flood",33,5663319,5663352,1.2733907999677758,7211660.3337791031,0,4100012]
[24,7,1996,"24/07/1996","Asia","Viet Nam","Thai Binh, Nam Ha, Ninh B ...","Storm","Tropical cyclone",585,387091,387676,1.2139788298117453,470630.45682609821,0,1084809]
[28,7,1996,"30/07/1996","Latin America and Carribean","Nicaragua","San Andres, Providencia I ...","Storm","Tropical cyclone",42,10724,10766,1.3673888255416191,14721.308095781071,0,300076]
[29,7,1996,"29/07/1996","West Africa","Sierra Leone","Freetown","Flood",null,12,200000,200012,1.351713475908271,270358.91574336507,0,200012]
[12,8,1996,"25/08/1996","East and Central Africa","Ethiopia","Gambella region, East-Sho ...","Flood","General flood",null,25000,25000,1.5843924392439244,39609.810981098111,0,361680]
[14,8,1996,"26/08/1996","Asia","Viet Nam","Thanh Hoa, Golfe du Tonki ...","Storm","Tropical cyclone",194,null,194,1.2139788298117453,235.51189298347859,0,1084809]
[15,8,1996,"15/08/1996","Asia","Lao P Dem Rep","Huaphanh, Phongsaly, Luan ...","Flood","General flood",30,420000,420030,1,420030,0,459031]
[19,8,1996,"1996-02-09","Asia","Pakistan","Lahore, Sialkot, Pasrur ( ...","Flood","General flood",111,1300000,1300111,1.3619301507306056,1770660.3701965185,0,4800474]
[23,8,1996,"23/08/1996","Asia","India","Jammu & Kashmir state","Flood",null,226,70000,70226,1.2743070982038596,89489.490278464247,0,5500325]
[25,8,1996,"1996-01-09","Asia","India","Bihar, Assam, Gujarat, Ha ...","Flood",null,500,100000,100500,1.2743070982038596,128067.86336948788,0,5500325]
[26,8,1996,"1996-07-09","Asia","Bangladesh","Rajshai, Padma","Flood","General flood",22,165000,165022,1.2733907999677758,210137.49659228229,0,4100012]
[6,9,1996,"13/09/1996","Asia","Nepal","Amiko Highway (North)","Flood","General flood",20,1000,1020,1.3233990035196781,1349.8669835900716,0,800200]
[21,9,1996,"22/09/1996","Asia","Viet Nam","Nghe An, Ha Tinh province ...","Storm","Tropical cyclone",9,280000,280009,1.2139788298117453,339924.99815675698,0,1084809]
[29,9,1996,"29/09/1996","West Africa","Benin","Ouinhi, Zagnanado, Cove ( ...","Flood",null,11,148727,148738,1.6036833717017887,238528.65734018065,0,580000]
[30,9,1996,"1996-03-11","Asia","Cambodia","Kratie, Phnom Penh, Tatan ...","Flood","General flood",59,1300000,1300059,1.2100350377751012,1573116.9411748603,0,1669238]
[1,10,1996,"13/11/1996","Asia","Viet Nam","An Giang, Dong Thap, Tay ...","Flood","General flood",162,375000,375162,1.2139788298117453,455438.72574983397,0,4079074]
[6,10,1996,"1996-06-10","Asia","Papua New Guinea","Rabaul Town","Volcano","Volcanic eruption",null,300,300,1.4385673624288424,431.57020872865274,0,0]
[15,10,1996,"15/10/1996","Latin America and Carribean","Colombia","Santander Province","Flood",null,12,200,212,1.2100350377751012,256.52742800832146,0,1207119]
[17,10,1996,"18/10/1996","Latin America and Carribean","Cuba","Sancti Spiritus, Pinar de ...","Storm","Tropical cyclone",null,336676,336676,1.0563276576161988,355640.17045559135,0,498895]
[20,10,1996,"22/10/1996","Asia","Indonesia","Banyumas, Cilacap, Kebume ...","Flood","Flash flood",13,5007,5020,1.2285754737970511,6167.4488784611967,0,3183701]
[21,10,1996,"25/10/1996","Asia","India","Tamil Nadu, Andhra Prades ...","Flood","General flood",388,100000,100388,1.2743070982038596,127925.14097448906,0,5500325]
[23,10,1996,"23/10/1996","Latin America and Carribean","Haiti","Henne Bay","Storm",null,40,115,155,1.3251259899208063,205.39452843772497,0,1165220]
[29,10,1996,"29/10/1996","Asia","Bangladesh","Chittagong, Patuakhali, P ...","Storm","Tropical cyclone",24,100,124,1.2733907999677758,157.90045919600419,0,1590000]
[6,11,1996,"1996-08-11","Asia","India","East and West Godavari, K ...","Storm","Tropical cyclone",708,7000000,7000708,1.2743070982038596,8921051.8968525454,0,1010100]
[11,11,1996,"1996-11-11","Latin America and Carribean","Guatemala","Near Guatemala City","Volcano","Volcanic eruption",null,743,743,1.3512165935380933,1003.9539289988033,0,6599]
[12,11,1996,"1996-12-11","Latin America and Carribean","Peru","Ica, Palpa, Nazca, Carave ...","Earthquake","Earthquake (ground shaking)",14,75970,75984,1.2491437640965668,94914.939771113539,0,5070]
[13,11,1996,"18/11/1996","Middle East and Europe","Egypt","Manfalout, Minya, Sohag, ...","Flood","Flash flood",12,260,272,1.3652048519806599,371.3357197387395,0,161260]
[15,11,1996,"17/11/1996","Latin America and Carribean","Haiti","Le Borgne","Flood","General flood",6,2500,2506,1.3251259899208063,3320.7657307415407,0,1588122]
[15,11,1996,"15/11/1996","Latin America and Carribean","Cuba","Camaguey, Holguin, Las Tu ...","Flood",null,null,2866,2866,1.0563276576161988,3027.435066728026,0,2500016]
[20,11,1996,"20/11/1996","Latin America and Carribean","Honduras","Cortes, Yoro, Atlantida, ...","Flood",null,374,15000,15374,1.439200144118177,22126.263015672852,0,2126600]
[4,12,1996,"1996-04-12","Asia","Papua New Guinea","Manam Isl.","Volcano","Volcanic eruption",4,1529,1533,1.4385673624288424,2205.3237666034156,0,0]
[4,12,1996,"1996-04-12","Asia","India","Andhra Pradesh","Storm","Tropical cyclone",6,335000,335006,1.2743070982038596,426900.52374088217,0,1010100]
[13,12,1996,"13/12/1996","Asia","Indonesia","Piddie, Utara & Blora Dis ...","Flood",null,14,10000,10014,1.2285754737970511,12302.954794603669,0,3183701]
[6,1,1997,"1997-06-01","Latin America and Carribean","Brazil","Minas Gerais, Rio de Jane ...","Flood",null,70,37200,37270,1.2296568507557599,45829.31082766717,0,3021023]
[15,1,1997,"28/02/1997","Southern Africa","Mozambique","Manica, Sofala, Tete, Zam ...","Flood","General flood",16,29012,29028,1.3993656834760546,40620.787059942915,0,2502240]
[17,1,1997,"17/01/1997","Asia","Indonesia","Boyolali, Klaten, Magelan ...","Volcano","Volcanic eruption",1,3000,3001,1.2285754737970511,3686.9549968649503,0,12865]
[22,1,1997,"27/01/1997","Latin America and Carribean","Brazil","Sao Paulo","Flood","General flood",20,5000,5020,1.2296568507557599,6172.8773907939149,0,3021023]
[24,1,1997,"26/01/1997","Southern Africa","Madagascar","Vangaidrano, Vohipeno, Fa ...","Storm","Tropical cyclone",140,600000,600140,1.5727165237954479,943850.09459060011,0,988502]
[1,2,1997,"15/02/1997","Latin America and Carribean","Bolivia","Beni, Santa Cruz, Cochaba ...","Flood","General flood",24,26200,26224,1.3487457627118644,35369.508881355934,0,485075]
[18,2,1997,"18/02/1997","Southern Africa","Malawi","Chikwawa & Nsauje Distric ...","Flood","General flood",null,400000,400000,1.5050662509742789,602026.50038971158,0,500059]
[20,2,1997,"20/02/1997","Latin America and Carribean","Peru","Cuzco (Canchis & La Conve ...","Mass Movement","Landslide",33,162,195,1.2491437640965668,243.58303399883053,0,330250]
[28,2,1997,"28/02/1997","Asia","Pakistan","Harnai (Sibi district, Ba ...","Earthquake","Earthquake (ground shaking)",50,10100,10150,1.3619301507306056,13823.591029915648,0,1266453]
[1,3,1997,"1997-04-03","Latin America and Carribean","Bolivia","La Paz, Pando, Beni state ...","Flood","General flood",null,30000,30000,1.3487457627118644,40462.372881355936,0,485075]
[6,3,1997,"1997-06-03","Southern Africa","South Africa","Natal Province","Flood",null,null,307,307,1.1629487543809796,357.02526759496072,0,100022]
[9,3,1997,"19/03/1997","Latin America and Carribean","Ecuador","Esmeraldas, Manabi, Guaya ...","Flood","General flood",27,13916,13943,1.3128883365879638,18305.60207704598,0,700307]
[11,3,1997,"1997-11-03","Asia","Papua New Guinea",null,"Storm","Tropical cyclone",32,7500,7532,1.4385673624288424,10835.289373814041,0,25000]
[23,3,1997,"23/03/1997","Asia","Bangladesh","Bay Of Bengal Level 1 = ...","Storm",null,11,101,112,1.2733907999677758,142.61976959639088,0,1590000]
[27,3,1997,"27/03/1997","Asia","Afghanistan","Mazar-E-Sharif (city) Lev ...","Mass Movement","Avalanche",100,null,100,1.5146676375741184,151.46676375741183,0,271804]
[4,4,1997,"1997-04-04","East and Central Africa","Tanzania Uni Rep","Kilewa district (Coastal ...","Flood",null,46,7104,7150,1.4080260814035559,10067.386482035425,0,201597]
[26,4,1997,"1997-02-05","Middle East and Europe","Georgia","Kvemo Kartii district (Me ...","Flood","General flood",4,300,304,0.9178136844205067,279.01536006383401,0,19162]
[2,5,1997,"1997-07-05","East and Central Africa","Somalia","Shebele Valley, Hawardre ...","Flood","General flood",null,2000,2000,1.5797531635681925,3159.5063271363852,0,299052]
[12,5,1997,"15/05/1997","Asia","Afghanistan","Balk, Faryab, Baghlan, Ta ...","Flood","General flood",40,20000,20040,1.5146676375741184,30353.939456985332,0,300013]
[18,5,1997,"18/05/1997","Asia","Bangladesh","Banshkali, Anowara (Chitt ...","Storm","Tropical cyclone",111,3052738,3052849,1.2733907999677758,3887469.8302908246,0,1590000]
[22,5,1997,"22/05/1997","Asia","India","Jabalpur (Madhya Pradesh) ...","Earthquake","Earthquake (ground shaking)",43,156500,156543,1.2743070982038596,199483.85607412679,0,18701103]
[23,5,1997,"23/05/1997","Middle East and Europe","Georgia","Gori","Flood",null,null,200,200,0.9178136844205067,183.56273688410135,0,19162]
[8,6,1997,"1997-08-06","Latin America and Carribean","Cuba","Central East","Flood",null,null,35000,35000,1.0563276576161988,36971.468016566956,0,2500016]
[9,6,1997,"1997-09-06","Latin America and Carribean","El Salvador",null,"Storm",null,4,2000,2004,1.3115460585383372,2628.3383013108278,0,256336]
[14,6,1997,"14/06/1997","Latin America and Carribean","Brazil","Parana State","Storm",null,3,676,679,1.2296568507557599,834.93700166316103,0,270050]
[22,6,1997,"28/06/1997","Asia","India","Mehsana, Gandhi Nagar, Ah ...","Flood","General flood",111,1000000,1000111,1.2743070982038596,1274448.5462917602,0,5500325]
[24,6,1997,"24/06/1997","West Africa","Benin","Cotonou (Atlantic Departm ...","Flood",null,null,51000,51000,1.6036833717017887,81787.851956791215,0,580000]
[13,7,1997,"13/07/1997","Asia","Bangladesh","North, Central North","Flood","Flash flood",79,900030,900109,1.2733907999677758,1146190.5195681946,0,4100012]
[0,8,1997,"00/08/1997","Asia","India","West","Flood",null,244,null,244,1.2743070982038596,310.93093196174175,0,5500325]
[6,8,1997,"1997-06-08","Asia","India","Darjeeling Hills Level 1 ...","Mass Movement","Landslide",23,2000,2023,1.2743070982038596,2577.9232596664078,0,100160]
[8,8,1997,"14/08/1997","Asia","India","Chandigarh, Chirgaon, Him ...","Flood","General flood",135,20,155,1.2743070982038596,197.51760022159823,0,5500325]
[12,8,1997,"1997-03-09","Asia","Pakistan","Punjab Province","Flood","General flood",140,851328,851468,1.3619301507306056,1159639.9415822874,0,4800474]
[19,8,1997,"1997-01-09","Asia","Thailand","Surat Thani Province","Storm","Tropical cyclone",46,50394,50440,1.1277448499566938,56883.450231815637,0,450213]
[21,8,1997,"21/08/1997","Asia","Myanmar","Mon, Kachin, Shan states, ...","Flood",null,68,137418,137486,1.1618566330563074,159739.02105237948,0,2558366]
[22,8,1997,"22/08/1997","Asia","India","Coastal districts of West ...","Flood","Storm surge/coastal flood",400,null,400,1.2743070982038596,509.72283928154383,0,5500325]
[27,8,1997,"27/08/1997","Asia","Bangladesh","Cox's Bazar (level 2) Lev ...","Storm",null,100,null,100,1.2733907999677758,127.33907999677758,0,1590000]
[0,9,1997,"00/09/1997","East and Central Africa","Kenya","Kwale, Kilifi, Mombasa, M ...","Flood",null,86,900000,900086,1.4764415277982599,1328924.3489898245,0,900086]
[0,9,1997,"00/09/1997","Asia","India","Andhra Pradesh, Arunachal ...","Flood",null,1442,29259000,29260442,1.2743070982038596,37286788.937182337,0,5500325]
[7,9,1997,"1997-08-09","Asia","Afghanistan","Laghman","Flood","General flood",30,750,780,1.5146676375741184,1181.4407573078124,0,300013]
[13,9,1997,"19/09/1997","Asia","Sri Lanka","Dehiowita, Kegalle, Yatiy ...","Flood","General flood",10,5000,5010,1.1644295302013423,5833.7919463087246,0,1250003]
[26,9,1997,"27/09/1997","Asia","Bangladesh","Bhola, Noakhali, Bagerhat ...","Storm","Tropical cyclone",188,750063,750251,1.2733907999677758,955362.72106662381,0,1590000]
[28,9,1997,"29/09/1997","West Africa","Morocco","El Hajeb, Taza, Khenifra, ...","Flood","Flash flood",18,3000,3018,1.2095380143796848,3650.3857273978888,0,266455]
[28,9,1997,"28/09/1997","Asia","Indonesia","Parepare (city) Level 1 = ...","Earthquake","Earthquake (ground shaking)",20,3105,3125,1.2285754737970511,3839.2983556157847,0,455328]
[0,10,1997,"00/03/1998","Latin America and Carribean","Ecuador","Guayas and Los Rios, El O ...","Flood",null,218,35091,35309,1.3128883365879638,46356.774276584416,0,700307]
[1,10,1997,"1997-04-10","Asia","Thailand",null,"Storm","Tropical cyclone",152,null,152,1.1277448499566938,171.41721719341746,0,450213]
[12,10,1997,"1997-12-10","Asia","Bangladesh","Tongi Dis. - 1st level = ...","Storm","Local storm",15,500,515,1.2733907999677758,655.79626198340452,0,1590000]
[14,10,1997,"16/10/1997","Latin America and Carribean","Colombia","Carmen de Bolivar (Boliva ...","Flood","General flood",2,15000,15002,1.2100350377751012,18152.945636702068,0,1207119]
[15,10,1997,"22/10/1997","Latin America and Carribean","Brazil","Rio Grande Do Sul, Santa ...","Flood","General flood",null,20000,20000,1.2296568507557599,24593.137015115197,0,3021023]
[19,10,1997,"17/11/1997","East and Central Africa","Somalia","Gedo, Middle, Lower Juba ...","Flood","General flood",2311,1230000,1232311,1.5797531635681925,1946747.200749883,0,299052]
[26,10,1997,"26/11/1997","East and Central Africa","Ethiopia","Afder and Liben districts ...","Flood","General flood",297,65000,65297,1.5843924392439244,103456.07310531053,0,361680]
[2,11,1997,"1997-04-11","Asia","Viet Nam","Ca Mau, Soc Trang, Ben Tr ...","Storm","Tropical cyclone",3682,1081127,1084809,1.2139788298117453,1316935.1603892497,0,1084809]
[14,11,1997,"28/11/1997","East and Central Africa","Uganda","Bundibugyo, Kabarole, Tor ...","Flood","General flood",100,153500,153600,1.6142580956984049,247950.04349927499,0,718074]
[22,11,1997,"22/11/1997","Asia","Bangladesh","Chittagong","Earthquake","Earthquake (ground shaking)",23,200,223,1.2733907999677758,283.96614839281403,0,3207084]
[20,12,1997,"31/12/1997","East and Central Africa","Tanzania Uni Rep","Tabora region","Flood","General flood",37,3028,3065,1.4080260814035559,4315.5999395018989,0,201597]
[24,12,1997,"00/03/1998","Latin America and Carribean","Peru","Cusco, Lima, Ica, Tumbes, ...","Storm","Tropical cyclone",518,580730,581248,1.2491437640965668,726062.31459360127,0,581248]
[0,0,1998,"00/00/1998","Latin America and Carribean","Brazil","Macaos","Flood",null,3,32000,32003,1.1405569419237749,36501.243812386565,0,3021023]
[14,1,1998,"14/01/1998","Latin America and Carribean","Peru","Santa Teresa","Mass Movement","Landslide",40,366,406,1.1464330892781844,465.45183424694289,0,330250]
[19,1,1998,"1998-04-02","Southern Africa","Malawi","Karonga, Nkhotakota, Phal ...","Flood","General flood",4,15000,15004,1.3089306897136079,19639.196068462974,0,500059]
[21,1,1998,"21/01/1998","Southern Africa","Mozambique","Milange district (Zambezi ...","Mass Movement","Landslide",87,2500,2587,1.2171586206896552,3148.7893517241378,0,4100]
[29,1,1998,"29/01/1998","Latin America and Carribean","Peru","Near Choco","Mass Movement","Avalanche",25,385,410,1.1464330892781844,470.0375666040556,0,330250]
[0,2,1998,"00/02/1998","Southern Africa","Madagascar","Antananarivo, Majunga, Ta ...","Flood",null,null,20000,20000,1.3519247871934952,27038.495743869902,0,2510147]
[4,2,1998,"1998-04-02","Asia","Afghanistan","Rustaq (Takhar province)","Earthquake","Earthquake (ground shaking)",2323,32818,35141,1.3224195086508332,46471.143953498933,0,121635]
[6,2,1998,"1998-06-02","Southern Africa","Zambia","Northern","Flood",null,null,1300000,1300000,1.1814796668299854,1535923.566878981,0,1300000]
[11,2,1998,"1998-11-02","Latin America and Carribean","Bolivia","Mocotoro","Mass Movement","Landslide",69,1001,1070,1.2137888956680902,1298.7541183648566,0,339535]
[20,2,1998,"27/02/1998","Asia","Afghanistan","Kandahar, Helmand, Zabul, ...","Flood","Flash flood",30,300,330,1.3224195086508332,436.39843785477495,0,300013]
[20,2,1998,"20/02/1998","Asia","Pakistan","Yar Husain, Rawalpindi, P ...","Earthquake","Earthquake (ground shaking)",1,611,612,1.2013974071388394,735.2552131689697,0,1266453]
[2,3,1998,"1998-02-03","Latin America and Carribean","Brazil","Sao Paulo state","Flood",null,3,5000,5003,1.1405569419237749,5706.2063804446461,0,3021023]
[2,3,1998,"1998-05-03","Asia","Pakistan","Kech Valley (Baluchistan ...","Flood",null,1000,200000,201000,1.2013974071388394,241480.8788349067,0,4800474]
[13,3,1998,"13/03/1998","Asia","Pakistan","Kashmir = Jamnu and Kashm ...","Mass Movement","Landslide",13,3000,3013,1.2013974071388394,3619.8103877093231,0,15082]
[14,3,1998,"16/03/1998","Middle East and Europe","Yemen","Tihama Valley in Al Hodei ...","Flood",null,null,3000,3000,1.3497443557189637,4049.2330671568911,0,238548]
[23,3,1998,"23/03/1998","Asia","Bangladesh","N.A. on the source","Storm",null,28,100,128,1.1564592006204228,148.02677767941412,0,1590000]
[24,3,1998,"24/03/1998","Asia","India","Tanton, Jaleshwar (Midnap ...","Storm","Local storm",250,40500,40750,1.1657636887608069,47504.870317002882,0,1010100]
[25,3,1998,"25/03/1998","Latin America and Carribean","Nicaragua","Ticuante area","Earthquake","Earthquake (ground shaking)",null,238,238,1.2149949341438704,289.16879432624114,0,24882]
[23,4,1998,"23/04/1998","Asia","Bangladesh","Chittagong","Storm",null,14,200,214,1.1564592006204228,247.48226893277049,0,1590000]
[27,4,1998,"1998-04-05","East and Central Africa","Tanzania Uni Rep","Kinondoni, Dala, Temeke d ...","Flood","Flash flood",5,4600,4605,1.242673232083531,5722.5102337446606,0,201597]
[0,5,1998,"00/05/1998","East and Central Africa","Kenya","Lac Victoria","Flood",null,40,200,240,1.3126720860102268,315.04130064245442,0,900086]
[8,5,1998,"1998-08-05","Asia","Viet Nam","Thanh Hoa province","Storm","Local storm",42,500,542,1.1312612089216703,613.14357523554531,0,1084809]
[20,5,1998,"20/05/1998","Latin America and Carribean","Guatemala","Near Guatemala City","Volcano","Volcanic eruption",null,600,600,1.2223725755525485,733.42354533152911,0,6599]
[20,5,1998,"20/05/1998","Asia","Bangladesh","Chittagong, Cox's Bazar, ...","Storm","Tropical cyclone",19,108944,108963,1.1564592006204228,126011.26387720314,0,1590000]
[22,5,1998,"22/05/1998","Latin America and Carribean","Bolivia","Aiquile, Tortora","Earthquake","Earthquake (ground shaking)",95,18050,18145,1.2137888956680902,22024.199511897496,0,40054]
[30,5,1998,"30/05/1998","Asia","Afghanistan","Shari-I-Buzurg (Faizabad ...","Earthquake","Earthquake (ground shaking)",4700,116935,121635,1.3224195086508332,160852.49693474409,0,121635]
[3,6,1998,"1998-03-06","Asia","India","Assam","Mass Movement","Landslide",48,150,198,1.1657636887608069,230.82121037463978,0,100160]
[9,6,1998,"1998-11-06","Asia","India","Kutch, Porbandar, Jamnaga ...","Storm","Tropical cyclone",2871,4600893,4603764,1.1657636887608069,5366900.9028242072,0,1010100]
[17,6,1998,"17/06/1998","West Africa","Mali","Asango","Flood",null,3,1784,1787,1.2989360700499011,2321.1987571791733,0,47264]
[4,7,1998,"25/08/1998","Asia","Nepal","Jhapa, Morang, Parsa, Rau ...","Flood",null,260,70000,70260,1.1665726488838746,81963.394310581032,0,800200]
[5,7,1998,"22/09/1998","Asia","Bangladesh","Mymensingh, Jamalpur, She ...","Flood","General flood",1050,15000050,15001100,1.1564592006204228,17348160.114427026,0,4100012]
[11,7,1998,"1998-11-07","Asia","Indonesia","Jawa Tengah and Yogyakar ...","Volcano","Volcanic eruption",null,6000,6000,1.1362724419980452,6817.6346519882718,0,12865]
[17,7,1998,"17/07/1998","Asia","Papua New Guinea","Sandaun Province","Earthquake","Tsunami",2182,9867,12049,1.2601288177851653,15183.292125493457,0,90000]
[17,7,1998,"20/07/1998","Asia","Sri Lanka","Colombo Galle Kalutara Ga ...","Flood","Flash flood",1,135000,135001,1.1069150030870549,149434.63233175551,0,1250003]
[30,7,1998,"30/07/1998","Latin America and Carribean","Brazil","Natal","Flood",null,7,2000,2007,1.1405569419237749,2289.0977824410161,0,3021023]
[31,7,1998,"31/07/1998","East and Central Africa","Uganda","Lake Kyoga","Flood","General flood",null,15200,15200,1.3941809984972449,21191.551177158122,0,718074]
[0,8,1998,"00/08/1998","West Africa","Niger","Niamey, Maradi, Kallo, Zi ...","Flood",null,null,20000,20000,1.449913249931513,28998.26499863026,0,80020]
[0,8,1998,"00/08/1998","West Africa","Benin","Atacora, Borgou","Flood",null,null,420000,420000,1.3681825049101073,574636.65206224506,0,580000]
[0,8,1998,"00/08/1998","Asia","India","Assam, Arunachal, Bihar, ...","Flood",null,1811,29227200,29229011,1.1657636887608069,34074119.682190202,0,5500325]
[2,8,1998,"1998-02-08","Asia","Indonesia","East Kalamatan = Kaliman ...","Flood",null,4,100000,100004,1.1362724419980452,113631.78928957251,0,3183701]
[4,8,1998,"1998-04-08","Latin America and Carribean","Ecuador","Canoa, Bahia de Caraquez, ...","Earthquake","Earthquake (ground shaking)",3,2040,2043,1.188413948256468,2427.9296962879639,0,200000]
[14,8,1998,"30/08/1998","Middle East and Europe","Yemen","Siham valley Red Sea port ...","Flood","Flash flood",70,240,310,1.3497443557189637,418.42075027287876,0,238548]
[17,8,1998,"17/08/1998","Asia","India","Malpa village (Pithoragra ...","Mass Movement","Landslide",239,200000,200239,1.1657636887608069,233431.35527377523,0,100160]
[0,9,1998,"00/09/1998","West Africa","Mali","Koulikoro, Kayes","Flood",null,null,4650,4650,1.2989360700499011,6040.05272573204,0,47264]
[1,9,1998,"1998-01-09","West Africa","Chad",null,"Flood",null,null,1000,1000,1.3273322422258593,1327.3322422258593,0,175863]
[16,9,1998,"18/09/1998","Asia","India","Gujarat, Maharashtra stat ...","Flood","Flash flood",90,50000,50090,1.1657636887608069,58393.103170028822,0,5500325]
[17,9,1998,"1998-02-10","West Africa","Liberia","Lake Piso (Grand Capemoun ...","Flood","General flood",10,5000,5010,1.3113172541743969,6569.6994434137287,0,17001]
[20,9,1998,"30/09/1998","Latin America and Carribean","Haiti","Cap-Haitien, Jacmel, Caye ...","Storm","Tropical cyclone",190,12029,12219,1.2047388401623249,14720.703887943448,0,1165220]
[20,9,1998,"20/09/1998","Asia","India","Andhra Pradesh, Hyderabad ...","Flood",null,230,375000,375230,1.1657636887608069,437429.50893371756,0,5500325]
[22,9,1998,"22/09/1998","Latin America and Carribean","Cuba","Guantanamo, Tunas, Holgui ...","Storm","Tropical cyclone",6,147000,147006,1.0334053664685756,151916.78930307942,0,498895]
[28,9,1998,"28/09/1998","Asia","Indonesia","Malang area (Jawa)","Earthquake","Earthquake (ground shaking)",1,500,501,1.1362724419980452,569.27249344102063,0,455328]
[0,10,1998,"00/10/1998","West Africa","Togo","Lacs, Oti, Kpendjal prefe ...","Flood",null,null,30405,30405,1.3152312261349173,39989.60543063216,0,125003]
[3,10,1998,"14/10/1998","Latin America and Carribean","Brazil","Parana","Flood","General flood",null,8500,8500,1.1405569419237749,9694.734006352086,0,3021023]
[16,10,1998,"23/10/1998","Asia","Viet Nam","Khan Hoa, Binh Dinh, Quan ...","Flood","General flood",45,32505,32550,1.1312612089216703,36822.552350400365,0,4079074]
[18,10,1998,"18/10/1998","Asia","India","Bombay (city) Level 1 = M ...","Storm","Tropical cyclone",250,null,250,1.1657636887608069,291.44092219020172,0,1010100]
[25,10,1998,"1998-01-11","Latin America and Carribean","El Salvador",null,"Storm","Tropical cyclone",475,84000,84475,1.1922951354880835,100719.13157035585,0,256336]
[25,10,1998,"1998-08-11","Latin America and Carribean","Nicaragua","Chinandega and Esteli","Storm","Tropical cyclone",3332,868228,871560,1.2149949341438704,1058940.9848024317,0,300076]
[25,10,1998,"1998-08-11","Latin America and Carribean","Honduras","Coastal Area","Storm","Tropical cyclone",14600,2112000,2126600,1.2563296115741469,2671710.5519735808,0,608000]
[26,10,1998,"26/10/1998","Latin America and Carribean","Guatemala",null,"Storm","Tropical cyclone",384,105700,106084,1.2223725755525485,129674.17230491656,0,98740]
[13,11,1998,"29/11/1998","Asia","Viet Nam","Quang Binh, Khanh Hoa, Qu ...","Storm","Tropical cyclone",283,2440092,2440375,1.1312612089216703,2760701.5727222213,0,1084809]
[22,11,1998,"22/11/1998","Latin America and Carribean","Colombia","La Catorce","Mass Movement","Landslide",104,null,104,1.136083269082498,118.1526599845798,0,4500]
[22,11,1998,"22/11/1998","Asia","India","West Begala, Midnapur dis ...","Storm",null,100,20000,20100,1.1657636887608069,23431.850144092219,0,1010100]
[25,11,1998,"25/11/1998","Asia","Bangladesh","Sathkhira, Khulna distric ...","Storm","Tropical cyclone",200,121000,121200,1.1564592006204228,140162.85511519524,0,1590000]
[29,11,1998,"29/11/1998","Asia","Indonesia","Halmahera Tengah (Sula Is ...","Earthquake","Earthquake (ground shaking)",33,6448,6481,1.1362724419980452,7364.1816965893313,0,455328]
[15,12,1998,"15/12/1998","Southern Africa","South Africa","Umtata","Storm","Local storm",18,160,178,1.0897612284750577,193.97749866856029,0,500064]
[16,12,1998,"16/12/1998","Asia","Viet Nam","Khanh Hoa, Phu Yen, Quang ...","Storm","Tropical cyclone",43,84645,84688,1.1312612089216703,95804.249261158417,0,1084809]
[28,12,1998,"00/01/1999","Asia","Sri Lanka","Batticaloa, Trincomalee, ...","Flood","General flood",2,229485,229487,1.1069150030870549,254022.60331343897,0,1250003]
[0,1,1999,"00/01/1999","Latin America and Carribean","Colombia","North-West","Flood",null,9,250,259,1.136083269082498,294.24556669236699,0,1207119]
[5,1,1999,"1999-05-01","Asia","Indonesia","Sulawesi, Java","Flood",null,12,16000,16012,1.1362724419980452,18193.994341272701,0,3183701]
[15,1,1999,"15/03/1999","Southern Africa","Mozambique","Nampula, Inhambane, Sofal ...","Flood","General flood",null,50000,50000,1.2171586206896552,60857.931034482761,0,2502240]
[18,1,1999,"18/01/1999","Southern Africa","South Africa","Mount Ayliff, Kokstad","Storm",null,21,603,624,1.0897612284750577,680.01100656843607,0,500064]
[25,1,1999,"25/01/1999","Latin America and Carribean","Colombia","Armenia (Quindio), Risara ...","Earthquake","Earthquake (ground shaking)",1186,1205933,1207119,1.136083269082498,1371387.699691596,0,86069]
[0,2,1999,"00/02/1999","Asia","Afghanistan","Kanhahar & Helmand Provin","Flood",null,null,500,500,1.3224195086508332,661.20975432541661,0,300013]
[0,2,1999,"00/02/1999","Asia","Thailand","Nakorn Srithammarat, Sura ...","Flood","Flash flood",3,20000,20003,1.0727093564228483,21457.405256526235,0,5000091]
[11,2,1999,"1999-11-02","Asia","Afghanistan","Maidam Shar, Nirkh, Sayed ...","Earthquake","Earthquake (ground shaking)",70,91960,92030,1.3224195086508332,121702.26738113619,0,121635]
[0,3,1999,"00/03/1999","East and Central Africa","Burundi","Kayanza Prov","Storm","Local storm",null,30810,30810,1.4455518100542284,44537.451267770775,0,5001]
[15,3,1999,"18/03/1999","Latin America and Carribean","Bolivia","Rurrenabaque, San Buenave ...","Flood","General flood",4,40050,40054,1.2137888956680902,48617.100427089688,0,485075]
[19,3,1999,"19/03/1999","Latin America and Carribean","Peru","Loretto department","Flood",null,null,30000,30000,1.1464330892781844,34392.99267834553,0,3283034]
[26,3,1999,"26/03/1999","Asia","Bangladesh","Panchagarh district, Leve ...","Storm","Local storm",2,100060,100062,1.1564592006204228,115717.62053248075,0,1590000]
[28,3,1999,"28/03/1999","Asia","India","Chamoli, Rudraprayag, Bag ...","Earthquake","Earthquake (ground shaking)",100,477894,477994,1.1657636887608069,557228.04864553316,0,18701103]
[0,4,1999,"00/04/1999","Southern Africa","Malawi","North Malawi","Flood",null,null,2000,2000,1.3089306897136079,2617.861379427216,0,500059]
[3,4,1999,"1999-03-04","Latin America and Carribean","Peru","Arequipa Area","Earthquake","Earthquake (ground shaking)",1,1550,1551,1.1464330892781844,1778.1177214704639,0,5070]
[4,4,1999,"1999-04-04","West Africa","Cameroon","Idenau, Bakingili, Batoke ...","Volcano","Volcanic eruption",null,3010,3010,1.2575115687935867,3785.1098220686958,0,0]
[7,4,1999,"1999-08-04","Asia","Bangladesh","Parbatipur","Storm",null,7,200,207,1.1564592006204228,239.38705452842754,0,1590000]
[9,4,1999,"1999-09-04","Latin America and Carribean","Colombia","Cienaga, Choco, Cauca, Co ...","Mass Movement","Landslide",25,3000,3025,1.136083269082498,3436.6518889745566,0,4500]
[10,4,1999,"1999-11-04","Asia","Bangladesh","Bhola, Barisal, Patuakhil ...","Flood",null,66,100,166,1.1564592006204228,191.97222730299021,0,4100012]
[10,4,1999,"1999-10-04","Asia","Bangladesh","Bhola, Barisal & Patuakhi ...","Storm",null,66,100,166,1.1564592006204228,191.97222730299021,0,1590000]
[17,4,1999,"22/04/1999","Asia","Sri Lanka","Ratnapura, Colombo, Gampa ...","Flood","General flood",6,375000,375006,1.1069150030870549,415099.76764766412,0,1250003]
[23,4,1999,"23/04/1999","Asia","Papua New Guinea","Ouest de la PNG, Ibongu d ...","Flood","General flood",2,38000,38002,1.2601288177851653,47887.41533347185,0,75300]
[30,4,1999,"30/04/1999","Asia","Bangladesh","Kurigram (Rangpur)","Storm","Local storm",3,1150,1153,1.1564592006204228,1333.3974583153476,0,1590000]
[13,5,1999,"24/05/1999","Latin America and Carribean","Peru","Iquitos (Loreto province) ...","Flood",null,null,30000,30000,1.1464330892781844,34392.99267834553,0,3283034]
[20,5,1999,"23/05/1999","Asia","India","Gujarat Coast","Storm","Tropical cyclone",451,40696,41147,1.1657636887608069,47967.678501440925,0,1010100]
[20,5,1999,"22/05/1999","Asia","Pakistan","Thatta, Umer Kot, Mirpu, ...","Storm","Tropical cyclone",231,535940,536171,1.2013974071388394,644154.44918303867,0,536171]
[0,6,1999,"00/06/1999","Asia","Nepal",null,"Flood","General flood",170,18068,18238,1.1665726488838746,21275.951970344104,0,800200]
[6,6,1999,"1999-06-06","Latin America and Carribean","Haiti","Port-au-Prince, Fond Pari ...","Flood",null,null,3000,3000,1.2047388401623249,3614.2165204869748,0,1588122]
[0,7,1999,"00/07/1999","West Africa","Benin","Djidja, Zangnanado, Bante ...","Flood",null,3,57469,57472,1.3681825049101073,78632.184922193686,0,580000]
[0,7,1999,"00/07/1999","Middle East and Europe","Serbia Montenegro","Belgrade, Podunavlje, Sum ...","Flood","General flood",11,70678,70689,0.96593897948448182,68281.260520778538,0,35000]
[11,7,1999,"1999-11-07","Latin America and Carribean","Guatemala","San Pedro Sula","Earthquake","Earthquake (ground shaking)",2,280,282,1.2223725755525485,344.70906630581868,0,106084]
[11,7,1999,"1999-03-08","Asia","Bangladesh","Comilla, Lalmonirhat, Hab ...","Flood","General flood",31,441270,441301,1.1564592006204228,510346.60169299319,0,4100012]
[11,7,1999,"1999-03-08","Asia","India","Assam, Bihar, Gujarat, Ka ...","Flood","General flood",325,5500000,5500325,1.1657636887608069,6412079.1613832852,0,5500325]
[15,7,1999,"15/07/1999","Asia","Pakistan","Sanjzvi, Dukki, Thal, Har ...","Flood",null,20,1000,1020,1.2013974071388394,1225.4253552816162,0,4800474]
[22,7,1999,"22/07/1999","Asia","Bangladesh","Maheshkhali Isl. Level 1 ...","Earthquake","Earthquake (ground shaking)",6,15200,15206,1.1564592006204228,17585.11860463415,0,3207084]
[24,7,1999,"1999-05-08","Asia","Thailand","Chantaburi, Trad, and Ubo ...","Flood","Flash flood",7,90700,90707,1.0727093564228483,97302.247593047301,0,5000091]
[24,7,1999,"1999-05-08","Asia","Viet Nam","Binh Thuan, Lam Dong, Dac ...","Flood","Flash flood",40,115175,115215,1.1312612089216703,130338.26018591024,0,4079074]
[28,7,1999,"1999-05-08","Asia","Bangladesh","Jamuna","Flood",null,null,4000,4000,1.1564592006204228,4625.8368024816909,0,4100012]
[0,8,1999,"00/08/1999","East and Central Africa","Ethiopia","Sud Tigr� (Nord)","Flood",null,null,500,500,1.3716667965401699,685.8333982700849,0,361680]
[0,8,1999,"00/08/1999","Asia","Thailand","Mae Hong Son & Tak Provin ...","Flood","Flash flood",null,862,862,1.0727093564228483,924.67546523649526,0,5000091]
[0,8,1999,"00/08/1999","West Africa","Cameroon","Wouro-Haoussa, Demsa","Flood",null,24,1000,1024,1.2575115687935867,1287.6918464446328,0,25009]
[0,8,1999,"00/08/1999","West Africa","Niger","Tillabery, Diffa, Agades, ...","Flood","Flash flood",7,12395,12402,1.449913249931513,17981.824125650626,0,80020]
[0,8,1999,"00/08/1999","Asia","Myanmar","Eastern Part Of Burma","Flood","Flash flood",22,50000,50022,1.0950317148597097,54775.676440712399,0,2558366]
[1,8,1999,"23/08/1999","West Africa","Chad","Batha, Biltine, Chari-Bag ...","Flood","Flash flood",null,173506,173506,1.3273322422258593,230300.10801963994,0,175863]
[2,8,1999,"1999-08-08","Asia","Cambodia","Kampot, Kratie, and Kompo ...","Flood","Flash flood",7,535904,535911,1.136083269082498,608839.52081727062,0,1669238]
[4,8,1999,"1999-04-08","West Africa","Mali","Bamako, Koulikoro, Keleya ...","Flood",null,2,2200,2202,1.2989360700499011,2860.257226249882,0,47264]
[5,8,1999,"1999-05-08","Latin America and Carribean","Nicaragua","Leon Department","Volcano","Volcanic eruption",null,2195,2195,1.2149949341438704,2666.9138804457957,0,3600]
[11,8,1999,"15/08/1999","Asia","Bangladesh","Chittagong port city, Azi ...","Flood","General flood",17,50050,50067,1.1564592006204228,57900.442797462711,0,4100012]
[13,8,1999,"13/08/1999","Asia","Pakistan","Kasur (Near Lahore), Leve ...","Storm",null,27,411,438,1.2013974071388394,526.21206432681163,0,536171]
[23,8,1999,"1999-09-09","East and Central Africa","Ethiopia","Iowlands","Flood","General flood",null,6755,6755,1.3716667965401699,9265.609210628847,0,361680]
[29,8,1999,"29/08/1999","Southern Africa","South Africa","Surrey Estate, Manenberg, ...","Storm","Local storm",5,18177,18182,1.0897612284750577,19814.0386561335,0,500064]
[0,9,1999,"00/09/1999","Latin America and Carribean","Ecuador","Ambato (Tungurahua Provin ...","Volcano","Volcanic eruption",null,24200,24200,1.188413948256468,28759.617547806523,0,128150]
[0,9,1999,"00/09/1999","West Africa","Ghana","Upper West, Upper East, N ...","Flood","General flood",52,324602,324654,1.2322802754151478,400064.72053462942,0,2000005]
[0,9,1999,"00/09/1999","Asia","India","Uttar Pradesh, Bihar, Wes ...","Flood",null,229,22120000,22120229,1.1657636887608069,25786959.755273774,0,5500325]
[1,9,1999,"1999-01-09","Latin America and Carribean","Guatemala","Zacapa, Chiquimunda","Flood",null,16,2524,2540,1.2223725755525485,3104.8263419034733,0,476827]
[7,9,1999,"14/09/1999","West Africa","Niger",null,"Flood","Flash flood",7,12000,12007,1.449913249931513,17409.108391927679,0,80020]
[10,9,1999,"13/09/1999","Latin America and Carribean","El Salvador","Rancho Grande, Traura","Flood","General flood",2,500,502,1.1922951354880835,598.5321580150179,0,1335373]
[12,9,1999,"1999-10-10","Latin America and Carribean","Nicaragua","Chinandega, Managua, Cara ...","Flood","Storm surge/coastal flood",4,10663,10667,1.2149949341438704,12960.350962512666,0,871560]
[15,9,1999,"1999-11-10","West Africa","Togo","Savanes, Kara, Plateaux a ...","Flood","General flood",null,65000,65000,1.3152312261349173,85490.02969876962,0,125003]
[0,10,1999,"00/10/1999","Latin America and Carribean","Honduras","Olancho, Progreso, Tela, ...","Flood",null,150,15000,15150,1.2563296115741469,19033.393615348326,0,2126600]
[0,10,1999,"00/10/1999","East and Central Africa","Ethiopia","Itang District","Flood",null,null,16000,16000,1.3716667965401699,21946.668744642717,0,361680]
[4,10,1999,"15/10/1999","Latin America and Carribean","Colombia","Florencia, Puerto Lopez, ...","Flood",null,29,150040,150069,1.136083269082498,170490.8801079414,0,1207119]
[11,10,1999,"1999-11-10","East and Central Africa","Ethiopia","Limu District (South Of ...","Flood",null,1,45000,45001,1.3716667965401699,61726.377511104183,0,361680]
[14,10,1999,"14/10/1999","Latin America and Carribean","Cuba","Havana, Cienfuegos, Isla ...","Storm","Tropical cyclone",4,254990,254994,1.0334053664685756,263512.16801728797,0,498895]
[18,10,1999,"18/10/1999","Asia","India","Orissa, Ganjam, Puri, Khu ...","Storm","Tropical cyclone",84,1201000,1201084,1.1657636887608069,1400180.114351585,0,1010100]
[25,10,1999,"1999-09-11","Asia","Cambodia","Takeo, Kandal, Kampong Sp ...","Flood","Storm surge/coastal flood",null,124475,124475,1.136083269082498,141413.96491904394,0,1669238]
[25,10,1999,"1999-09-11","Asia","Thailand","Prachuap Khiri Khan, Phet ...","Flood","Storm surge/coastal flood",10,170000,170010,1.0727093564228483,182371.31768544842,0,5000091]
[25,10,1999,"1999-09-11","Asia","Viet Nam","Da Nang, Quang Nam, Thanh ...","Flood","Storm surge/coastal flood",622,3504412,3505034,1.1312612089216703,3965109.0001515574,0,4079074]
[26,10,1999,"28/10/1999","Southern Africa","South Africa","city of Durban (Kwazulu-N ...","Flood","Flash flood",4,300,304,1.0897612284750577,331.28741345641754,0,100022]
[28,10,1999,"30/10/1999","Asia","India","Kendrapara, Jagatsinghpur ...","Storm","Tropical cyclone",9843,12628312,12638155,1.1657636887608069,14733102.191930836,0,1010100]
[30,10,1999,"1999-02-11","East and Central Africa","Ethiopia","Mustahil, Kefalo (Ogaden ...","Flood","Flash flood",34,79000,79034,1.3716667965401699,108408.31359775578,0,361680]
[31,10,1999,"31/10/1999","Latin America and Carribean","Peru","Quispillacta, Chuschi are ...","Earthquake","Earthquake (ground shaking)",null,6580,6580,1.1464330892781844,7543.5297274504537,0,5070]
[0,11,1999,"00/11/1999","Latin America and Carribean","Colombia","South Colombia, Pacific C ...","Flood","Storm surge/coastal flood",3,1100,1103,1.136083269082498,1253.0998457979954,0,1207119]
[8,11,1999,"1999-08-11","Latin America and Carribean","Peru","Sicsi","Mass Movement","Landslide",40,1200,1240,1.1464330892781844,1421.5770307049488,0,330250]
[20,11,1999,"20/11/1999","Latin America and Carribean","Nicaragua","La Bosla, La Mora, Las Ro ...","Volcano","Volcanic eruption",null,3500,3500,1.2149949341438704,4252.4822695035464,0,3600]
[2,12,1999,"1999-10-12","Asia","Viet Nam","Thua Thien Hue, Khanh Hoa ...","Flood","General flood",127,2163694,2163821,1.1312612089216703,2447846.7603500974,0,4079074]
[4,12,1999,"1999-07-12","Asia","Thailand","Yala, Pattani, Narathiwat ...","Flood","General flood",2,2000,2002,1.0727093564228483,2147.5641315585422,0,5000091]
[4,12,1999,"1999-04-12","Middle East and Europe","Yemen","Socotra Archipelago","Flood",null,null,19750,19750,1.3497443557189637,26657.451025449533,0,238548]
[16,12,1999,"16/12/1999","Middle East and Europe","Bosnia-Hercegovenia","Mostar, Capljina, Citluk, ...","Storm",null,null,1090,1090,1.1454770755885997,1248.5700123915738,0,275000]
[21,12,1999,"23/12/1999","Southern Africa","South Africa","Durban city (KwaZulu Nata ...","Flood","General flood",23,2000,2023,1.0897612284750577,2204.5869652050419,0,100022]
[21,12,1999,"21/12/1999","Asia","Indonesia","Karyasari, Pandelang Dist ...","Earthquake","Earthquake (ground shaking)",5,16920,16925,1.1362724419980452,19231.411080816917,0,455328]
[23,12,1999,"23/12/1999","Asia","Thailand","Surat Thani, Nakhon Si Th ...","Flood","Storm surge/coastal flood",null,200,200,1.0727093564228483,214.54187128456965,0,5000091]
[25,12,1999,"25/12/1999","Latin America and Carribean","Colombia","Narino","Mass Movement","Landslide",22,400,422,1.136083269082498,479.42713955281414,0,4500]
[28,12,1999,"28/12/1999","Middle East and Europe","Serbia Montenegro","Kikinda, Novo Milosevo, L ...","Flood",null,null,330,330,0.96593897948448182,318.75986322987899,0,35000]
[1,1,2000,"2000-06-01","Latin America and Carribean","Brazil","Rio de Janeiro, Minas Ger ...","Flood","General flood",26,70000,70026,1.1405569419237749,79868.640415154267,0,3021023]
[2,1,2000,"2000-02-01","Asia","Bangladesh","Cox's Bazar, Moheskhali","Earthquake","Earthquake (ground shaking)",null,1000,1000,1.1564592006204228,1156.4592006204227,0,3207084]
[8,1,2000,"15/01/2000","Southern Africa","Angola","Dombre-Grande (Benguela P ...","Flood","General flood",31,70000,70031,1.2593235039028621,88191.68430182134,0,331727]
[16,1,2000,"16/01/2000","Latin America and Carribean","Guatemala","El Caracol, El Patrocinio ...","Volcano","Volcanic eruption",null,800,800,1.2223725755525485,977.89806044203885,0,6599]
[24,1,2000,"24/01/2000","Middle East and Europe","Jordan",null,"Storm",null,9,200,209,1.3666808873720135,285.6363054607508,0,209]
[26,1,2000,"27/03/2000","Southern Africa","South Africa","Northern Province, Mpumal ...","Flood","General flood",83,200,283,1.0897612284750577,308.40242765844135,0,100022]
[26,1,2000,"27/03/2000","Southern Africa","Mozambique","Matutuine, Manhica, Magud ...","Flood","General flood",23,70000,70023,1.2171586206896552,85229.098096551723,0,2502240]
[26,1,2000,"27/03/2000","Southern Africa","Zimbabwe","Chimanimani, Mutare (Mani ...","Flood","General flood",70,266000,266070,0.98578680203045688,262288.29441624368,0,30013]
[0,2,2000,"00/02/2000","Latin America and Carribean","Colombia","Tolima (centre), Santande ...","Flood",null,8,39000,39008,1.136083269082498,44316.336160370083,0,1207119]
[2,2,2000,"2000-02-02","Southern Africa","South Africa","KwaZulu-Natal, Newcastle","Storm","Local storm",1,300,301,1.0897612284750577,328.0181297709924,0,500064]
[3,2,2000,"2000-03-02","Latin America and Carribean","Bolivia","Andes","Flood",null,250,50000,50250,1.2137888956680902,60992.892007321534,0,485075]
[10,2,2000,"2000-10-02","Middle East and Europe","Bosnia-Hercegovenia","Velika Broda (Zenica)","Mass Movement","Landslide",6,403,409,1.1454770755885997,468.50012391573728,0,4]
[17,2,2000,"2000-11-03","Southern Africa","Madagascar","Marolambo, Antanambao, Ma ...","Storm","Tropical cyclone",130,736937,737067,1.3519247871934952,996459.14712234796,0,988502]
[0,3,2000,"00/03/2000","Southern Africa","Malawi","Chikwana, Nsanje, Karonga ...","Flood",null,null,20000,20000,1.3089306897136079,26178.613794272158,0,500059]
[3,3,2000,"2000-04-03","Southern Africa","Zambia","Chiawa Region","Flood","General flood",null,12000,12000,1.1814796668299854,14177.756001959824,0,1300000]
[5,3,2000,"2000-05-03","Asia","Bangladesh","Natore district (North-We ...","Storm","Local storm",null,3050,3050,1.1564592006204228,3527.2005618922899,0,1590000]
[13,3,2000,"15/03/2000","Latin America and Carribean","Bolivia","Bermejo, Aviles, Acre, Gr ...","Flood","General flood",69,45004,45073,1.2137888956680902,54709.106894447832,0,485075]
[16,3,2000,"16/03/2000","Latin America and Carribean","Peru","Hipre (Uraya, Angaraes Pr ...","Flood","Flash flood",70,36000,36070,1.1464330892781844,41351.841530264115,0,3283034]
[27,3,2000,"27/03/2000","Southern Africa","Angola","Caxito (Bengo province)","Flood",null,3,6000,6003,1.2593235039028621,7559.718993928881,0,331727]
[2,4,2000,"2000-02-04","Southern Africa","Mozambique","Angoche, Moma, Mogincual ...","Storm","Tropical cyclone",1,304,305,1.2171586206896552,371.23337931034484,0,549405]
[2,4,2000,"2000-02-04","Southern Africa","Madagascar","Antalaha, Sambava, Maroan ...","Storm","Tropical cyclone",23,369272,369295,1.3519247871934952,499259.06428662181,0,988502]
[5,4,2000,"25/04/2000","Middle East and Europe","Serbia Montenegro","Surjan, Konaks (Secanj di ...","Flood","General flood",null,4000,4000,0.96593897948448182,3863.7559179379273,0,35000]
[10,4,2000,"2000-10-04","Southern Africa","Angola","Porto-Amboin","Flood",null,1,3000,3001,1.2593235039028621,3779.229835212489,0,331727]
[11,4,2000,"2000-11-04","Asia","Bangladesh","Moulvibazar and Netrokona ...","Storm","Tropical cyclone",null,7012,7012,1.1564592006204228,8109.0919147504046,0,1590000]
[12,4,2000,"2000-12-04","Latin America and Carribean","Ecuador","Quito","Mass Movement","Landslide",14,205,219,1.188413948256468,260.26265466816648,0,10100]
[21,4,2000,"21/04/2000","Asia","Bangladesh","Alpara, Netrokona Sadar, ...","Storm","Tropical cyclone",20,62800,62820,1.1564592006204228,72648.766982974965,0,1590000]
[1,5,2000,"2000-01-05","East and Central Africa","Somalia","Bombasso, Cariolei, Mubaa ...","Flood","General flood",null,3500,3500,1.3690766314649336,4791.7682101272676,0,299052]
[4,5,2000,"2000-04-05","Asia","Indonesia","Bangga, Totikum, Tinangk ...","Earthquake","Earthquake (ground shaking)",45,52770,52815,1.1362724419980452,60012.229024126762,0,455328]
[16,5,2000,"24/05/2000","Asia","Indonesia","Malaka Tengah, Malaka Bar ...","Flood","Flash flood",126,50000,50126,1.1362724419980452,56956.792427594017,0,3183701]
[18,5,2000,"24/05/2000","Latin America and Carribean","Colombia","Narino, Putumayo, Santand ...","Flood","General flood",96,12000,12096,1.136083269082498,13742.063222821896,0,1207119]
[27,5,2000,"19/06/2000","Asia","Bangladesh","Dhaka, Chittagong, Cox's ...","Storm",null,36,71000,71036,1.1564592006204228,82150.235775272362,0,1590000]
[0,6,2000,"00/06/2000","Latin America and Carribean","Nicaragua","El Rama (East)","Flood","General flood",null,13546,13546,1.2149949341438704,16458.321377912867,0,871560]
[0,6,2000,"00/06/2000","Asia","Nepal","Argakhachi, Lalitpur, Mor ...","Flood",null,144,50070,50214,1.1665726488838746,58578.278991054874,0,800200]
[4,6,2000,"2000-04-06","Asia","Indonesia","Bengkulu province (Sumatr","Earthquake","Earthquake (ground shaking)",103,204714,204817,1.1362724419980452,232727.91275271363,0,455328]
[6,6,2000,"21/06/2000","Latin America and Carribean","Guatemala","Guatemala City, Alta Vera ...","Flood","General flood",null,6000,6000,1.2223725755525485,7334.2354533152911,0,476827]
[7,6,2000,"2000-07-06","Asia","Indonesia","Southern Sumatra","Earthquake","Earthquake (ground shaking)",1,3000,3001,1.1362724419980452,3409.9535984361337,0,455328]
[10,6,2000,"2000-10-06","Asia","India","Assam, Arunachal Pradesh","Flood","Flash flood",20,3000000,3000020,1.1657636887608069,3497314.3815561961,0,5500325]
[12,6,2000,"2000-12-06","Asia","Viet Nam","Binh Hoa, Giao Ha commune ...","Storm",null,3,129,132,1.1312612089216703,149.32647957766048,0,1084809]
[21,6,2000,"21/06/2000","Asia","Thailand","Muang, Mae Chan districts ...","Flood",null,null,2500,2500,1.0727093564228483,2681.7733910571205,0,5000091]
[24,6,2000,"24/06/2000","Asia","Indonesia","Banngai","Mass Movement","Landslide",null,520,520,1.1362724419980452,590.86166983898352,0,204817]
[24,6,2000,"24/06/2000","Asia","Bangladesh","Chittagong, Cowkbazar, Mo","Flood","Flash flood",11,200050,200061,1.1564592006204228,231362.38413532241,0,4100012]
[25,6,2000,"25/06/2000","Asia","Bangladesh","Ullapara, Gournadi distri ...","Storm","Local storm",null,2537,2537,1.1564592006204228,2933.9369919740129,0,1590000]
[0,7,2000,"00/07/2000","Asia","India","Arunachal Pradesh","Flood","Flash flood",130,null,130,1.1657636887608069,151.5492795389049,0,5500325]
[0,7,2000,"00/07/2000","West Africa","Niger","Dosso, Maradi departments ...","Flood",null,2,4159,4161,1.449913249931513,6033.0890329650256,0,80020]
[0,7,2000,"00/07/2000","Asia","Thailand","Phan, Mae Lao, Muang, Khu ...","Flood",null,47,2500000,2500047,1.0727093564228483,2681823.8083968726,0,5000091]
[0,7,2000,"00/11/2000","Asia","Viet Nam","Lon An, Dong Thap, An Gia ...","Flood","General flood",460,5000004,5000464,1.1312612089216703,5656830.9498092914,0,4079074]
[4,7,2000,"2000-04-07","East and Central Africa","Ethiopia","Ofa district (North Omo)","Mass Movement","Landslide",4,165,169,1.3716667965401699,231.81168861528872,0,4800]
[6,7,2000,"2000-06-07","Latin America and Carribean","Nicaragua","Laguna de Apoyo, Masaya","Earthquake","Earthquake (ground shaking)",7,7477,7484,1.2149949341438704,9093.0220871327256,0,24882]
[10,7,2000,"2000-10-07","Asia","Viet Nam","Can Tho province","Storm",null,null,2005,2005,1.1312612089216703,2268.1787238879488,0,1084809]
[10,7,2000,"2000-10-07","East and Central Africa","Somalia","Mogadishu","Flood",null,null,220000,220000,1.3690766314649336,301196.85892228538,0,299052]
[11,7,2000,"2000-10-08","Asia","Cambodia","Stung Treng, Kratie, Koh ...","Flood","General flood",347,3448053,3448400,1.136083269082498,3917669.5451040859,0,1669238]
[12,7,2000,"2000-12-07","Asia","Indonesia","Ciranggon (West Java Isl. ...","Earthquake","Earthquake (ground shaking)",null,4124,4124,1.1362724419980452,4685.9875507999386,0,455328]
[12,7,2000,"2000-12-07","Asia","India","Ghatkopar (Bombay)","Mass Movement","Landslide",58,7038,7096,1.1657636887608069,8272.2591354466858,0,100160]
[30,7,2000,"17/08/2000","Latin America and Carribean","Brazil","Alagoas, Pernambouc, Reci ...","Mass Movement","Landslide",60,143000,143060,1.1405569419237749,163168.07611161523,0,100100]
[2,8,2000,"30/08/2000","Asia","India","Gujarat, Andhra Pradesh, ...","Flood","General flood",867,22000000,22000867,1.1657636887608069,25647811.869855907,0,5500325]
[3,8,2000,"2000-05-08","West Africa","Cameroon","Douala, Bonaberi, B�panda ...","Flood","General flood",3,500,503,1.2575115687935867,632.52831910317411,0,25009]
[10,8,2000,"21/08/2000","East and Central Africa","Ethiopia","Dubti Woreda district (Af ...","Flood","General flood",9,30000,30009,1.3716667965401699,41162.348897373959,0,361680]
[21,8,2000,"21/08/2000","Asia","Thailand","Tha Tum, Chom Phra, Samro ...","Storm","Tropical cyclone",2,41219,41221,1.0727093564228483,44218.152381106229,0,450213]
[23,8,2000,"31/08/2000","Asia","India","Hyberabad, Guntur, Medak, ...","Flood","Flash flood",179,252016,252195,1.1657636887608069,293999.77348703169,0,5500325]
[24,8,2000,"24/08/2000","Asia","Viet Nam","Khanh Binh Tay commune (T ...","Storm","Local storm",null,134,134,1.1312612089216703,151.58900199550382,0,1084809]
[24,8,2000,"24/08/2000","Asia","Viet Nam","Rach Gia (Kien Giang prov ...","Storm",null,null,503,503,1.1312612089216703,569.02438808760019,0,1084809]
[24,8,2000,"24/08/2000","Asia","Viet Nam","My tho, Go Gong (Tien Gan ...","Storm",null,null,5730,5730,1.1312612089216703,6482.1267271211709,0,1084809]
[30,8,2000,"30/08/2000","Asia","Bangladesh","Hutiya, Urirchar, Maheskh ...","Flood","Storm surge/coastal flood",1,12010,12011,1.1564592006204228,13890.231458651899,0,4100012]
[0,9,2000,"00/09/2000","Asia","Indonesia","Phetchabun","Flood",null,9,12500,12509,1.1362724419980452,14213.631976953548,0,3183701]
[0,9,2000,"00/09/2000","Asia","Lao P Dem Rep","Louang Namtha, Bolikhamxa ...","Flood",null,15,450000,450015,1,450015,0,459031]
[0,9,2000,"00/10/2000","Asia","Bangladesh","Gangni, Meherpur Sadar (M ...","Flood","Flash flood",31,2467138,2467169,1.1564592006204228,2853180.289535488,0,4100012]
[5,9,2000,"2000-09-09","Latin America and Carribean","El Salvador","Central, Eastern regions","Flood","General flood",null,1000,1000,1.1922951354880835,1192.2951354880836,0,1335373]
[10,9,2000,"2000-10-09","Asia","Viet Nam","Thach Ha, Cam Xuyen, Ky A ...","Storm","Tropical cyclone",5,6029,6034,1.1312612089216703,6826.0301346333581,0,1084809]
[15,9,2000,"17/09/2000","Latin America and Carribean","Guatemala","Teleman, Zacapa, Guatemal ...","Flood","General flood",12,6023,6035,1.2223725755525485,7377.01849345963,0,476827]
[16,9,2000,"16/09/2000","Latin America and Carribean","Peru","Arma (Cusco department)","Mass Movement","Landslide",14,2600,2614,1.1464330892781844,2996.776095373174,0,330250]
[16,9,2000,"18/09/2000","Latin America and Carribean","Brazil","Recife city, Pernambuco S ...","Flood","General flood",3,10000,10003,1.1405569419237749,11408.99109006352,0,3021023]
[18,9,2000,"22/09/2000","Asia","Sri Lanka","Galle, Matara districts","Flood","General flood",2,100000,100002,1.1069150030870549,110693.71413871167,0,1250003]
[18,9,2000,"21/10/2000","Asia","India","Birbhum, Burdwan, Murshid ...","Flood","General flood",884,24600000,24600884,1.1657636887608069,28678817.278616715,0,5500325]
[20,9,2000,"20/09/2000","Latin America and Carribean","Colombia","Ayapel (Cordoba departmen ...","Flood","General flood",9,28000,28009,1.136083269082498,31820.556283731687,0,1207119]
[21,9,2000,"21/09/2000","East and Central Africa","Uganda","Bukonzo (Kasese district) ...","Storm",null,null,10000,10000,1.3941809984972449,13941.809984972449,0,30089]
[29,9,2000,"2000-03-10","Latin America and Carribean","Nicaragua","L�on, Chinandega, Managua ...","Storm","Tropical cyclone",1,2300,2301,1.2149949341438704,2795.7033434650457,0,300076]
[1,10,2000,"2000-01-10","Latin America and Carribean","El Salvador",null,"Storm","Tropical cyclone",1,100,101,1.1922951354880835,120.42180868429644,0,256336]
[2,10,2000,"2000-02-10","East and Central Africa","Tanzania Uni Rep","Isale, kipili, Kirando, N ...","Earthquake","Earthquake (ground shaking)",1,791,792,1.242673232083531,984.19719981015658,0,6500]
[9,10,2000,"2000-09-10","Latin America and Carribean","Nicaragua","El Viejo","Storm","Local storm",1,210,211,1.2149949341438704,256.36393110435665,0,300076]
[12,10,2000,"15/10/2000","Latin America and Carribean","Brazil","Rio Grande do Sul state","Flood","General flood",6,5000,5006,1.1405569419237749,5709.628051270417,0,3021023]
[14,10,2000,"14/10/2000","Latin America and Carribean","Ecuador","Penipe, Guano (Chimborazo ...","Mass Movement","Landslide",30,180,210,1.188413948256468,249.56692913385828,0,10100]
[19,10,2000,"19/10/2000","Asia","India","Shovanoli union of Assasu ...","Flood",null,6,534035,534041,1.1657636887608069,622565.60610951006,0,5500325]
[22,10,2000,"25/10/2000","West Africa","Morocco","eastern region of Taza","Flood","Flash flood",16,6292,6308,1.1249955536584497,7096.471952477501,0,266455]
[25,10,2000,"25/10/2000","Asia","Indonesia","Pandelang, Lebak, Serang","Earthquake","Earthquake (ground shaking)",null,5500,5500,1.1362724419980452,6249.4984309892488,0,455328]
[28,10,2000,"28/10/2000","Asia","Bangladesh","Barisal, Barguna, Jhalkah ...","Storm","Tropical cyclone",15,200,215,1.1564592006204228,248.63872813339091,0,1590000]
[29,10,2000,"2000-01-11","Asia","Indonesia","Cilacap, Banyumas (Centra ...","Mass Movement","Landslide",40,56210,56250,1.1362724419980452,63915.324862390044,0,204817]
[0,11,2000,"00/11/2000","Latin America and Carribean","Haiti","Cap Haitien, Bahon, Paroi ...","Flood",null,null,4690,4690,1.2047388401623249,5650.225160361304,0,1588122]
[8,11,2000,"2000-08-11","Latin America and Carribean","Colombia","Jurado area, Panama borde ...","Earthquake","Earthquake (ground shaking)",2,430,432,1.136083269082498,490.78797224363916,0,86069]
[16,11,2000,"16/11/2000","Asia","Papua New Guinea","East New Britain, New Ire ...","Earthquake","Earthquake (ground shaking)",1,5000,5001,1.2601288177851653,6301.9042177436113,0,90000]
[18,11,2000,"18/11/2000","Southern Africa","Mozambique","Zambezia, Nampula provinc ...","Storm",null,9,750,759,1.2171586206896552,923.82339310344832,0,549405]
[18,11,2000,"26/11/2000","Asia","Viet Nam","Quang Nam, Khanh Hoa, Phu ...","Flood","General flood",36,25003,25039,1.1312612089216703,28325.649410189701,0,4079074]
[18,11,2000,"22/11/2000","Asia","Sri Lanka","Ampara, Batticaloa, Polon ...","Flood","General flood",3,300000,300003,1.1069150030870549,332077.82167112571,0,1250003]
[19,11,2000,"23/11/2000","Southern Africa","South Africa","Kwazulu Natal province","Flood","Flash flood",3,3000,3003,1.0897612284750577,3272.5529691105985,0,100022]
[20,11,2000,"20/11/2000","East and Central Africa","Somalia","Southern Lower, Middle Ju ...","Flood","General flood",null,150000,150000,1.3690766314649336,205361.49471974003,0,299052]
[21,11,2000,"21/11/2000","Asia","Thailand","Songkhla , Nakhon Si Tham ...","Flood","General flood",51,808801,808852,1.0727093564228483,867663.10836133361,0,5000091]
[26,11,2000,"26/11/2000","Southern Africa","Mozambique","Regone, Milange (Zambezia ...","Storm",null,5,350,355,1.2171586206896552,432.0913103448276,0,549405]
[28,11,2000,"2000-04-12","Asia","Indonesia","Aceh, Riau, Jambi (Tanah ...","Flood","General flood",100,386021,386121,1.1362724419980452,438738.65157672722,0,3183701]
[29,11,2000,"29/11/2000","Asia","India","Nagappattinam, Thanjavur, ...","Storm","Tropical cyclone",null,30000,30000,1.1657636887608069,34972.910662824208,0,1010100]
[0,12,2000,"00/12/2000","Latin America and Carribean","Haiti","Abricots region (Grand'An ...","Flood",null,13,5000,5013,1.2047388401623249,6039.355805733735,0,1588122]
[1,12,2000,"31/12/2000","East and Central Africa","Tanzania Uni Rep","Mabatini, Nyakato, Rufiji ...","Flood","General flood",36,1817,1853,1.242673232083531,2302.673499050783,0,201597]
[3,12,2000,"2000-06-12","Asia","Indonesia","Bitung, Bolang Mongondow, ...","Flood","Flash flood",38,39852,39890,1.1362724419980452,45325.907711302025,0,3183701]
[17,12,2000,"26/12/2000","Latin America and Carribean","Brazil","Minas Gerais, Sao Paulo, ...","Flood","General flood",13,2000,2013,1.1405569419237749,2295.9411240925588,0,3021023]
[22,12,2000,"22/12/2000","West Africa","Morocco","Tetouan, Tangiers, Chefch ...","Flood",null,35,10000,10035,1.1249955536584497,11289.330380962543,0,266455]
[24,12,2000,"28/12/2000","Asia","Sri Lanka","Ampara, Batticaloa, Anura ...","Storm","Tropical cyclone",5,375000,375005,1.1069150030870549,415098.66073266102,0,501325]
[25,12,2000,"25/12/2000","Latin America and Carribean","Cuba","Old Havana, Central Havan ...","Flood",null,2,675,677,1.0334053664685756,699.6154330992257,0,2500016]
[27,12,2000,"27/12/2000","East and Central Africa","Burundi","Bujumbura","Flood",null,null,500,500,1.4455518100542284,722.77590502711416,0,23004]
[28,12,2000,"30/12/2000","Middle East and Europe","Serbia Montenegro","Danilovgrad, Lake Skadar, ...","Flood","General flood",null,2000,2000,0.96593897948448182,1931.8779589689636,0,35000]
[0,1,2001,"00/01/2001","Southern Africa","Malawi","Chikwawa, Nsanje, Maching ...","Flood","Storm surge/coastal flood",59,500000,500059,1.3089306897136079,654542.57176749711,0,500059]
[1,1,2001,"22/03/2001","Latin America and Carribean","Bolivia","Beni, Cochabamba, La Paz, ...","Flood","General flood",null,63000,63000,1.2137888956680902,76468.700427089687,0,485075]
[1,1,2001,"27/04/2001","Southern Africa","Mozambique","Zambezia, Sofala, Tete, Z ...","Flood","Storm surge/coastal flood",1,75000,75001,1.2171586206896552,91288.113710344827,0,2502240]
[5,1,2001,"2001-05-01","East and Central Africa","Tanzania Uni Rep","Rungwe district (Mbeya re ...","Earthquake","Earthquake (ground shaking)",null,700,700,1.242673232083531,869.87126245847173,0,6500]
[13,1,2001,"13/01/2001","Latin America and Carribean","Guatemala","Jutapia Department","Earthquake","Earthquake (ground shaking)",6,152,158,1.2223725755525485,193.13486693730266,0,106084]
[13,1,2001,"13/01/2001","Latin America and Carribean","El Salvador","Berl�n Alegr�a Tecap�n, S ...","Earthquake","Earthquake (ground shaking)",844,1334529,1335373,1.1922951354880835,1592158.7319621285,0,402]
[22,1,2001,"22/01/2001","East and Central Africa","Tanzania Uni Rep","Kigoma region","Mass Movement","Landslide",13,150,163,1.242673232083531,202.55573682961554,0,1501]
[26,1,2001,"26/01/2001","Asia","Pakistan",null,"Earthquake","Earthquake (ground shaking)",12,914292,914304,1.2013974071388394,1098442.4549366694,0,1266453]
[26,1,2001,"26/01/2001","Asia","India","Kachch-Bhuj, Ahmedabad, R ...","Earthquake","Earthquake (ground shaking)",20005,6321812,6341817,1.1657636887608069,7393059.9793659942,0,18701103]
[0,2,2001,"00/02/2001","Asia","Sri Lanka","Matale district","Flood",null,null,160,160,1.1069150030870549,177.10640049392879,0,1250003]
[0,2,2001,"00/02/2001","Middle East and Europe","Georgia","Kazbegi, Gudauri","Storm",null,null,900,900,0.96315679296629686,866.84111366966715,0,2500]
[0,2,2001,"00/02/2001","Southern Africa","Zimbabwe","Muzarabani, Guruve distri ...","Flood",null,13,30000,30013,0.98578680203045688,29586.419289340101,0,30013]
[0,2,2001,"00/02/2001","Southern Africa","Zambia","Eastern, Northern, Northw ...","Flood",null,5,617900,617905,1.1814796668299854,730042.19353258214,0,1300000]
[4,2,2001,"18/02/2001","Asia","Indonesia","Jember (East Java provinc ...","Flood","Flash flood",130,80000,80130,1.1362724419980452,91049.510777303367,0,3183701]
[8,2,2001,"2001-12-02","Asia","Indonesia","Cipinas, Lebak district ( ...","Mass Movement","Landslide",122,23000,23122,1.1362724419980452,26272.891403878803,0,204817]
[13,2,2001,"13/02/2001","Latin America and Carribean","El Salvador","La Paz, Cuscatlan, San Vi ...","Earthquake","Earthquake (ground shaking)",315,256021,256336,1.1922951354880835,305628.16585047339,0,402]
[27,2,2001,"27/02/2001","East and Central Africa","Tanzania Uni Rep","Kigogo, Jangwani Mtoni, K ...","Flood","Flash flood",5,200,205,1.242673232083531,254.74801257712386,0,201597]
[1,3,2001,"21/03/2001","Latin America and Carribean","Peru","El Collao, Chucuito, San ...","Flood","General flood",null,46000,46000,1.1464330892781844,52735.922106796483,0,3283034]
[8,3,2001,"2001-10-03","Latin America and Carribean","Ecuador","Manabi province","Flood","Flash flood",11,1200,1211,1.188413948256468,1439.1692913385828,0,700307]
[11,3,2001,"2001-11-03","Asia","Thailand","Pathiu (Chumphon prov.), ...","Flood",null,2,6000,6002,1.0727093564228483,6438.4015572499356,0,5000091]
[28,3,2001,"28/03/2001","Asia","Pakistan","Chak Miran (Punjab provin ...","Storm","Local storm",4,500,504,1.2013974071388394,605.50429319797502,0,536171]
[1,4,2001,"2001-01-04","Asia","Bangladesh","Patuakhali district, Satk ...","Storm","Tropical cyclone",193,2500,2693,1.1564592006204228,3114.3446272707988,0,1590000]
[2,4,2001,"2001-09-04","Southern Africa","Angola","Namibe city, Macala, Luci ...","Flood","General flood",48,39928,39976,1.2593235039028621,50342.716392020811,0,331727]
[9,4,2001,"2001-09-04","Latin America and Carribean","Colombia","Sibundoy Valley region (P ...","Flood","General flood",null,1500,1500,1.136083269082498,1704.1249036237471,0,1207119]
[25,4,2001,"26/04/2001","Latin America and Carribean","Brazil","Cuiaba (Mato Grosso provi ...","Flood","General flood",23,4000,4023,1.1405569419237749,4588.4605773593466,0,3021023]
[25,4,2001,"26/04/2001","Latin America and Carribean","Peru","Junin","Flood","Flash flood",17,47714,47731,1.1464330892781844,54720.397784337023,0,3283034]
[28,4,2001,"28/04/2001","Asia","Bangladesh","Sirajgang, Pabna, Sylhet","Storm",null,21,600,621,1.1564592006204228,718.16116358528257,0,1590000]
[0,5,2001,"00/05/2001","East and Central Africa","Uganda","Kasese district","Flood",null,1,300,301,1.3941809984972449,419.64848054767072,0,718074]
[4,5,2001,"2001-05-05","Asia","Thailand","Phrae, Sukhotai, Lampang ...","Flood","Flash flood",83,4130,4213,1.0727093564228483,4519.32451860946,0,5000091]
[4,5,2001,"2001-04-05","Asia","Thailand","Wang Chin district","Flood","Flash flood",33,5140,5173,1.0727093564228483,5549.1255007753944,0,5000091]
[11,5,2001,"2001-11-05","Asia","Bangladesh","Mymenshing, Netrokona, Ta ...","Storm","Tropical cyclone",12,200,212,1.1564592006204228,245.16935053152963,0,1590000]
[16,5,2001,"18/05/2001","Latin America and Carribean","Haiti","Artibonite province","Flood","General flood",26,5081,5107,1.2047388401623249,6152.6012567089929,0,1588122]
[0,6,2001,"00/06/2001","Middle East and Europe","Bosnia-Hercegovenia","Brcko district, Tuzla can ...","Flood","General flood",null,9000,9000,1.1454770755885997,10309.293680297396,0,275000]
[0,6,2001,"00/06/2001","Asia","Nepal","Koshi, Bagmati, Janakpur, ...","Mass Movement","Landslide",144,21019,21163,1.1665726488838746,24688.176968329437,0,150]
[1,6,2001,"2001-01-06","Asia","Afghanistan","Jabul Saraj, Gumbahar, Pa ...","Earthquake","Earthquake (ground shaking)",4,270,274,1.3224195086508332,362.34294537032832,0,121635]
[1,6,2001,"2001-01-06","Latin America and Carribean","Colombia","Barranquilla, Soledad (At ...","Storm","Local storm",5,7700,7705,1.136083269082498,8753.5215882806478,0,1207119]
[2,6,2001,"2001-02-06","Asia","Myanmar","Meiktila, Wundwin, Mahlai ...","Flood","General flood",51,3750,3801,1.0950317148597097,4162.2155481817563,0,2558366]
[5,6,2001,"2001-05-06","Asia","Papua New Guinea","Mumeng (Morobe province)","Earthquake","Earthquake (ground shaking)",null,201,201,1.2601288177851653,253.28589237481822,0,90000]
[5,6,2001,"2001-05-06","Asia","Bangladesh","Sylhet, Hobigonj, Sunamgo ...","Flood","General flood",9,500000,500009,1.1564592006204228,578240.00844301702,0,4100012]
[5,6,2001,"22/06/2001","Asia","India","Assam state, Tripura Stat ...","Flood","General flood",5,700000,700005,1.1657636887608069,816040.41095100867,0,5500325]
[11,6,2001,"20/06/2001","Latin America and Carribean","Ecuador","Zamora-Chinchipe, Napo, P ...","Flood","General flood",47,8330,8377,1.188413948256468,9955.3436445444313,0,700307]
[20,6,2001,"23/06/2001","Asia","East Timor","Los Palos, Lliomar, Leoro","Flood","General flood",1,2508,2509,1.3636363636363635,3421.363636363636,0,603]
[23,6,2001,"23/06/2001","Latin America and Carribean","Peru","Arequipa, Moquegua, Tacna ...","Earthquake","Earthquake (ground shaking)",145,349978,350123,1.1464330892781844,401392.59251734579,0,5070]
[27,6,2001,"27/06/2001","Asia","Thailand","Muang, La-ngu, Tha Phae, ...","Storm",null,null,150,150,1.0727093564228483,160.90640346342724,0,450213]
[27,6,2001,"27/06/2001","Asia","Thailand","Southern Ranong province","Flood","Flash flood",null,1000,1000,1.0727093564228483,1072.7093564228483,0,5000091]
[27,6,2001,"30/06/2001","West Africa","Ghana","Accra, Nsawam, Adoagyr, Z ...","Flood","General flood",12,144025,144037,1.2322802754151478,177493.95402997165,0,2000005]
[28,6,2001,"29/06/2001","West Africa","Cameroon","Limb� (South-West provinc ...","Flood","Flash flood",30,1500,1530,1.2575115687935867,1923.9927002541876,0,25009]
[28,6,2001,"28/06/2001","Asia","Indonesia","Jawa Barat province","Earthquake","Earthquake (ground shaking)",null,12512,12512,1.1362724419980452,14217.040794279543,0,455328]
[30,6,2001,"30/06/2001","Asia","Viet Nam","Tien Yen, Dong Trieu, Hoa ...","Flood",null,9,175,184,1.1312612089216703,208.15206244158733,0,4079074]
[0,7,2001,"00/07/2001","East and Central Africa","Ethiopia","Jol district (Gambella re ...","Flood",null,null,6000,6000,1.3716667965401699,8230.0007792410197,0,361680]
[0,7,2001,"00/07/2001","Southern Africa","Mozambique",null,"Flood",null,4,100003,100007,1.2171586206896552,121724.38217931034,0,2502240]
[3,7,2001,"2001-03-07","Southern Africa","South Africa","Cape Town","Flood",null,null,42356,42356,1.0897612284750577,46157.926593289543,0,100022]
[4,7,2001,"16/07/2001","Asia","India","Idukki, Kottayam, Pathana ...","Flood","General flood",86,40000,40086,1.1657636887608069,46730.80322766571,0,5500325]
[4,7,2001,"2001-04-07","Asia","Viet Nam","Thai Nguyen, Tuyen Quang, ...","Storm","Tropical cyclone",30,117453,117483,1.1312612089216703,132903.96060774458,0,1084809]
[8,7,2001,"2001-10-07","Asia","India","Marshagal, Mahakalpada (K ...","Flood","General flood",100,9670000,9670100,1.1657636887608069,11273051.446685879,0,5500325]
[22,7,2001,"25/07/2001","Asia","Pakistan","Islamabad Capital territo ...","Flood","Flash flood",210,400179,400389,1.2013974071388394,481026.30644691276,0,4800474]
[31,7,2001,"2001-01-08","Asia","Indonesia","Nias Isl. (North Sumatra ...","Flood","General flood",257,3694,3951,1.1362724419980452,4489.4124183342765,0,3183701]
[0,8,2001,"00/08/2001","East and Central Africa","Ethiopia","Himora town","Flood",null,null,2500,2500,1.3716667965401699,3429.1669913504247,0,361680]
[0,8,2001,"00/08/2001","Asia","India","Bihar state","Flood","General flood",null,400000,400000,1.1657636887608069,466305.47550432279,0,5500325]
[0,8,2001,"00/08/2001","Asia","Lao P Dem Rep","Khammouane, Savannakhet, ...","Flood",null,null,453000,453000,1,453000,0,459031]
[8,8,2001,"2001-06-09","Asia","Thailand","Nam Kor village (Lom Sak ...","Flood","Flash flood",104,450109,450213,1.0727093564228483,482947.69748319976,0,5000091]
[9,8,2001,"2001-09-08","Latin America and Carribean","Peru","Antambaba","Earthquake","Earthquake (ground shaking)",4,3965,3969,1.1464330892781844,4550.1929313451137,0,5070]
[10,8,2001,"2001-10-08","East and Central Africa","Ethiopia","Kuraz, Dubti, Assayita di ...","Flood","General flood",5,31000,31005,1.3716667965401699,42528.529026727963,0,361680]
[11,8,2001,"2001-11-08","Asia","Viet Nam","Ha Tinh, Nghe An, Quang B ...","Storm","Tropical cyclone",3,10003,10006,1.1312612089216703,11319.399656470232,0,1084809]
[14,8,2001,"14/08/2001","Latin America and Carribean","Ecuador","Quero, Cevallos, Mocha, P ...","Volcano","Volcanic eruption",null,22770,22770,1.188413948256468,27060.185601799774,0,128150]
[15,8,2001,"19/11/2001","Asia","Viet Nam","Long An, Dong Thap, An Gi ...","Flood","General flood",310,1570270,1570580,1.1312612089216703,1776736.2295081969,0,4079074]
[15,8,2001,"19/11/2001","Asia","Cambodia","Stung Treng, Kratie, Kamp ...","Flood","General flood",56,1669182,1669238,1.136083269082498,1896393.3639167307,0,1669238]
[18,8,2001,"2001-09-10","West Africa","Mali","Sikasso, Kidal, Mopti, Ko ...","Flood","General flood",2,3500,3502,1.2989360700499011,4548.8741173147537,0,47264]
[19,8,2001,"2001-11-10","West Africa","Chad","Western Tandjil�, Western ...","Flood","Flash flood",100,175763,175863,1.3273322422258593,233428.6301145663,0,175863]
[20,8,2001,"20/08/2001","Asia","India","Gopalganj, East Champaran ...","Flood",null,158,7000000,7000158,1.1657636887608069,8160530.0119884731,0,5500325]
[31,8,2001,"31/08/2001","Asia","Thailand","Ubon Ratchathani, Yasotho ...","Flood",null,null,4000,4000,1.0727093564228483,4290.837425691393,0,5000091]
[31,8,2001,"31/08/2001","Asia","Bangladesh","Sunamgonj, Sylhet, Chapai ...","Flood",null,null,200000,200000,1.1564592006204228,231291.84012408456,0,4100012]
[0,9,2001,"00/09/2001","Asia","India","Saran, Gopalganj, East Ch ...","Flood","Flash flood",48,2800000,2800048,1.1657636887608069,3264194.2851873199,0,5500325]
[7,9,2001,"24/09/2001","Asia","India","Bihar, Saran, Gopalganj","Flood",null,146,null,146,1.1657636887608069,170.20149855907781,0,5500325]
[14,9,2001,"14/09/2001","Southern Africa","South Africa","Midrand, East Rand, Tembi ...","Storm","Local storm",null,630,630,1.0897612284750577,686.54957393928635,0,500064]
[18,9,2001,"21/09/2001","Latin America and Carribean","El Salvador","San Salvador","Flood","Flash flood",8,1500,1508,1.1922951354880835,1797.9810643160299,0,1335373]
[29,9,2001,"2001-04-10","Latin America and Carribean","Brazil","Santa Catarina, Rio Grand ...","Storm","Local storm",13,3400,3413,1.1405569419237749,3892.7208427858436,0,270050]
[0,10,2001,"00/10/2001","Asia","India","Andhra Pradesh","Storm","Tropical cyclone",78,27000,27078,1.1657636887608069,31566.549164265129,0,1010100]
[5,10,2001,"2001-05-10","Asia","Bangladesh","Lalmonirhat, Nilphamari, ...","Storm","Local storm",12,25450,25462,1.1564592006204228,29445.764166197205,0,1590000]
[8,10,2001,"2001-11-10","Latin America and Carribean","Guatemala","Peten, Zacapa, Quetzalten ...","Storm","Tropical cyclone",8,6446,6454,1.2223725755525485,7889.1926026161482,0,98740]
[20,10,2001,"24/10/2001","Asia","Viet Nam","Quang Nam, Quang Ngai, Ha ...","Flood","Flash flood",20,35006,35026,1.1312612089216703,39623.555103690422,0,4079074]
[23,10,2001,"23/10/2001","Asia","Indonesia","Ayah district","Mass Movement","Landslide",null,600,600,1.1362724419980452,681.76346519882713,0,204817]
[28,10,2001,"28/10/2001","Latin America and Carribean","Peru","Jachahuanca (South-East)","Mass Movement","Landslide",150,4000,4150,1.1464330892781844,4757.6973205044651,0,330250]
[30,10,2001,"30/10/2001","Asia","Indonesia","Seling village (Sadang di ...","Mass Movement","Landslide",null,310,310,1.1362724419980452,352.24445701939402,0,204817]
[30,10,2001,"2001-02-11","East and Central Africa","Rwanda","Gisenyi, Ruhengeri, Byumb ...","Flood","General flood",2,3000,3002,1.3165039295070255,3952.1447963800906,0,21726]
[30,10,2001,"2001-04-11","Latin America and Carribean","Honduras","Colon, Atlantida, Yoro, C ...","Storm","Tropical cyclone",21,86321,86342,1.2563296115741469,108474.01132253499,0,608000]
[1,11,2001,"14/11/2001","East and Central Africa","Somalia","Jilib (Middle Juba Region ...","Flood","General flood",null,6500,6500,1.3690766314649336,8898.9981045220684,0,299052]
[1,11,2001,"2001-04-11","Latin America and Carribean","Nicaragua","Sandy Bay Norte, Lidaukur ...","Storm","Tropical cyclone",16,24866,24882,1.2149949341438704,30231.503951367784,0,300076]
[3,11,2001,"2001-03-11","East and Central Africa","Uganda","Nthandi (Kasitu sub-count ...","Mass Movement","Landslide",11,3366,3377,1.3941809984972449,4708.1492319251956,0,0]
[4,11,2001,"2001-04-11","Asia","Viet Nam","Thu Duc district","Flood","Storm surge/coastal flood",null,3000,3000,1.1312612089216703,3393.7836267650109,0,4079074]
[4,11,2001,"2001-04-11","Latin America and Carribean","Cuba","Matanzas, Cienfuegos, Vil ...","Storm","Tropical cyclone",5,5900012,5900017,1.0334053664685756,6097109.2300558258,1,498895]
[12,11,2001,"2001-12-11","Asia","Viet Nam","Phu Yen, Binh Dinh, Quang ...","Storm","Tropical cyclone",20,73183,73203,1.1312612089216703,82811.714276693034,0,1084809]
[19,11,2001,"23/11/2001","Latin America and Carribean","Brazil","Espirito Santo, Minas Ger ...","Flood","General flood",12,5100,5112,1.1405569419237749,5830.5270871143375,0,3021023]
[22,11,2001,"22/11/2001","Latin America and Carribean","Colombia","Filadelfia","Mass Movement","Landslide",80,32,112,1.136083269082498,127.24132613723978,0,4500]
[30,11,2001,"30/11/2001","West Africa","Niger","Diffa department","Flood","General flood",4,20000,20004,1.449913249931513,29004.064651629986,0,80020]
[0,12,2001,"00/12/2001","East and Central Africa","Uganda","Kabale district","Flood",null,null,500,500,1.3941809984972449,697.09049924862245,0,718074]
[0,12,2001,"00/12/2001","Latin America and Carribean","Colombia","Tolima, Cundinamarca, Ant ...","Flood","General flood",null,4500,4500,1.136083269082498,5112.3747108712414,0,1207119]
[4,12,2001,"2001-04-12","Latin America and Carribean","Peru","Pucuncho, Chuquibamba","Earthquake","Earthquake (ground shaking)",2,155,157,1.1464330892781844,179.98999501667495,0,5070]
[19,12,2001,"22/12/2001","Southern Africa","South Africa","Greater Tubatse,Thembisil ...","Flood","Flash flood",5,312,317,1.0897612284750577,345.45430942659328,0,100022]
[23,12,2001,"26/12/2001","West Africa","Morocco","Settat, Essaouira","Flood","General flood",10,12000,12010,1.1249955536584497,13511.196599437981,0,266455]
[24,12,2001,"25/12/2001","Latin America and Carribean","Brazil","Petropolis, Paracambi, Du ...","Flood","Flash flood",50,1946,1996,1.1405569419237749,2276.5516560798546,0,3021023]
[26,12,2001,"29/12/2001","Latin America and Carribean","Peru","Padre Abad province (Amaz ...","Flood","General flood",25,50300,50325,1.1464330892781844,57694.245217924632,0,3283034]
[28,12,2001,"2002-01-01","Asia","Indonesia","Sumatra Isl., Sulawesi pr ...","Flood","General flood",15,2000,2015,1.1362724419980452,2289.5889706260609,0,3183701]
[30,12,2001,"30/12/2001","Southern Africa","Malawi","Chikawa district","Flood",null,null,8750,8750,1.3089306897136079,11453.143534994069,0,500059]
[0,1,2002,"00/01/2002","Latin America and Carribean","Honduras","La Ceiba","Flood",null,5,15000,15005,1.2563296115741469,18851.225821670076,0,2126600]
[1,1,2002,"2002-05-03","Southern Africa","Malawi","Blantyre, Chickwawa, Dedz ...","Flood","General flood",1,150000,150001,1.3089306897136079,196340.9123877309,0,500059]
[2,1,2002,"2002-02-01","Southern Africa","Madagascar","Morombe, Morondava, Tolia ...","Storm","Tropical cyclone",2,1900,1902,1.3519247871934952,2571.3609452420278,0,988502]
[5,1,2002,"2002-05-01","East and Central Africa","Uganda","Vuulu, Geregaere (Lugazi ...","Storm",null,null,100,100,1.3941809984972449,139.41809984972448,0,30089]
[8,1,2002,"2002-08-01","Southern Africa","South Africa","Northern province","Storm",null,null,150,150,1.0897612284750577,163.46418427125866,0,500064]
[10,1,2002,"2002-10-01","Asia","Papua New Guinea","Aitape","Earthquake","Earthquake (ground shaking)",1,1000,1001,1.2601288177851653,1261.3889466029505,0,90000]
[12,1,2002,"2002-12-01","Asia","Thailand","Muang, Chiang Saen, Mae C ...","Storm","Local storm",1,27704,27705,1.0727093564228483,29719.41271969501,0,450213]
[13,1,2002,"18/01/2002","Asia","Indonesia","Medan city (Sumatra Isl.) ...","Flood","General flood",13,2000,2013,1.1362724419980452,2287.3164257420649,0,3183701]
[17,1,2002,"17/01/2002","East and Central Africa","Rwanda","Gisenyi region","Earthquake","Earthquake (ground shaking)",45,1643,1688,1.3165039295070255,2222.2586330078593,0,2024]
[27,1,2002,"2002-12-02","Asia","Indonesia","Bondowoso, Sampang, Surab ...","Flood","General flood",150,500750,500900,1.1362724419980452,569158.86619682086,0,3183701]
[3,2,2002,"2002-05-02","Latin America and Carribean","Brazil","Teofilo Otoni (Minas Gera ...","Flood","General flood",17,1500,1517,1.1405569419237749,1730.2248808983666,0,3021023]
[4,2,2002,"2002-04-02","Latin America and Carribean","Guatemala",null,"Flood","General flood",84,6515,6599,1.2223725755525485,8066.4366260712677,0,476827]
[4,2,2002,"15/02/2002","Latin America and Carribean","Peru","Tumbes, Cajamarca, Lima, ...","Flood","General flood",18,60012,60030,1.1464330892781844,68820.378349369406,0,3283034]
[6,2,2002,"2002-06-02","Asia","Afghanistan","Salang area","Mass Movement","Avalanche",5,400,405,1.3224195086508332,535.57990100358745,0,271804]
[19,2,2002,"21/02/2002","Latin America and Carribean","Bolivia","La Paz","Flood","General flood",10,90000,90010,1.2137888956680902,109253.1384990848,0,485075]
[0,3,2002,"00/03/2002","East and Central Africa","Burundi","Buringa (Bubanza province ...","Flood",null,null,2000,2000,1.4455518100542284,2891.1036201084567,0,23004]
[3,3,2002,"2002-11-03","Middle East and Europe","Egypt","Hourgada region","Flood","General flood",4,800,804,1.235009745392041,992.947835295201,0,161260]
[3,3,2002,"2002-03-03","Asia","Afghanistan","Dakhli-Ezeu (Hindu Kush m ...","Earthquake","Earthquake (ground shaking)",150,3513,3663,1.3224195086508332,4844.0226601880022,0,121635]
[6,3,2002,"29/04/2002","Latin America and Carribean","Ecuador","Guayas, Los Rios, Manabi ...","Flood","General flood",31,54113,54144,1.188413948256468,64345.484814398202,0,700307]
[17,3,2002,"31/03/2002","Latin America and Carribean","Peru","Tumbes (North) and Puno ( ...","Flood","General flood",52,101100,101152,1.1464330892781844,115963.99984666691,0,3283034]
[18,3,2002,"22/03/2002","Southern Africa","Mozambique","Nampula, Beira","Flood","General flood",20,113535,113555,1.2171586206896552,138214.44717241378,0,2502240]
[19,3,2002,"19/03/2002","Latin America and Carribean","Ecuador","Huequillas","Flood",null,null,520,520,1.188413948256468,617.97525309336334,0,700307]
[22,3,2002,"22/03/2002","Asia","Afghanistan","Yulmarab village (Mazar-e ...","Flood",null,null,120,120,1.3224195086508332,158.6903410381,0,300013]
[25,3,2002,"25/03/2002","Asia","Bangladesh","Cox's Bazar","Storm",null,32,1000,1032,1.1564592006204228,1193.4658950402763,0,1590000]
[25,3,2002,"25/03/2002","Asia","Afghanistan","Nahrin (Baghlan province) ...","Earthquake","Earthquake (ground shaking)",1000,91228,92228,1.3224195086508332,121964.10644384904,0,121635]
[27,3,2002,"30/03/2002","Asia","Indonesia","Gomo and Amandraya sub-di ...","Flood","General flood",14,780,794,1.1362724419980452,902.20031894644785,0,3183701]
[30,3,2002,"30/03/2002","East and Central Africa","Uganda","Kangulumira (Kayunga dist ...","Flood",null,null,100,100,1.3941809984972449,139.41809984972448,0,718074]
[2,4,2002,"2002-02-04","Asia","Papua New Guinea","Wantoat (Markham district ...","Mass Movement","Landslide",36,174,210,1.2601288177851653,264.62705173488473,0,2494]
[3,4,2002,"2002-03-04","Asia","India","West Bengal","Storm","Tropical cyclone",9,5050,5059,1.1657636887608069,5897.5985014409225,0,1010100]
[4,4,2002,"2002-04-07","Asia","Afghanistan","Deh Miran area (Faryab pr ...","Flood","General flood",39,4225,4264,1.3224195086508332,5638.7967848871531,0,300013]
[8,4,2002,"2002-08-04","West Africa","Ghana","Accra region","Flood","General flood",null,200,200,1.2322802754151478,246.45605508302958,0,2000005]
[11,4,2002,"2002-11-04","Middle East and Europe","Yemen","Shahar district (Hadramou ...","Flood",null,2,700,702,1.3497443557189637,947.52053771471253,0,238548]
[11,4,2002,"2002-11-04","Southern Africa","South Africa","East Cape towns","Storm","Local storm",null,1000,1000,1.0897612284750577,1089.7612284750578,0,500064]
[11,4,2002,"2002-11-04","Asia","India","Orissa","Storm","Local storm",null,10200,10200,1.1657636887608069,11890.78962536023,0,1010100]
[12,4,2002,"2002-12-04","Asia","Afghanistan","Dawabi, Khojakeder (Nahri ...","Earthquake","Earthquake (ground shaking)",50,6150,6200,1.3224195086508332,8199.0009536351663,0,121635]
[16,4,2002,"21/04/2002","East and Central Africa","Ethiopia","Afar, Oromiya, Somali reg ...","Flood","General flood",22,4000,4022,1.3716667965401699,5516.8438556845631,0,361680]
[22,4,2002,"22/04/2002","Asia","Bangladesh","Gaibandha, Lalmonirat, Bo ...","Storm","Tropical cyclone",31,100400,100431,1.1564592006204228,116144.35397750969,0,1590000]
[23,4,2002,"26/04/2002","Asia","Afghanistan","Qamla-I-Naw, Ab Kamari di","Flood","General flood",7,1200,1207,1.3224195086508332,1596.1603469415556,0,300013]
[23,4,2002,"23/04/2002","Asia","Thailand","Sam Ngao, Phop Phra distr ...","Storm","Local storm",null,2500,2500,1.0727093564228483,2681.7733910571205,0,450213]
[24,4,2002,"24/04/2002","Middle East and Europe","Serbia Montenegro","Gnjilane (Kosovo)","Earthquake","Earthquake (ground shaking)",1,100,101,0.96593897948448182,97.559836927932665,0,0]
[24,4,2002,"29/04/2002","Latin America and Carribean","Colombia","North, West, Central","Flood","General flood",37,38000,38037,1.136083269082498,43213.199306090974,0,1207119]
[25,4,2002,"25/04/2002","Middle East and Europe","Georgia","Tbilisi area","Earthquake","Earthquake (ground shaking)",6,19156,19162,0.96315679296629686,18456.010466820182,0,3748]
[26,4,2002,"28/05/2002","East and Central Africa","Uganda","Mbale, Sironko, Bundibugy ...","Flood","General flood",17,760,777,1.3941809984972449,1083.2786358323592,0,718074]
[26,4,2002,"28/05/2002","East and Central Africa","Tanzania Uni Rep","Kyela district (Mbeya reg ...","Flood","General flood",9,1200,1209,1.242673232083531,1502.3919375889889,0,201597]
[26,4,2002,"28/05/2002","East and Central Africa","Rwanda","Rusenyi (Kibuye province) ...","Flood","General flood",69,20000,20069,1.3165039295070255,26420.917361276497,0,21726]
[26,4,2002,"28/05/2002","East and Central Africa","Kenya","Migori, Kisumu, Nyando, R ...","Flood","General flood",53,150008,150061,1.3126720860102268,196980.88589878063,0,900086]
[0,5,2002,"00/05/2002","Asia","Indonesia","Kolaka district (Sulawesi ...","Flood","General flood",null,1000,1000,1.1362724419980452,1136.2724419980452,0,3183701]
[6,5,2002,"2002-06-05","East and Central Africa","Burundi","Bujumbura region","Flood","General flood",null,6000,6000,1.4455518100542284,8673.3108603253695,0,23004]
[9,5,2002,"2002-09-05","Southern Africa","Madagascar","Antsiranana II, Ambilobe, ...","Storm","Tropical cyclone",20,526200,526220,1.3519247871934952,711409.86151696101,0,988502]
[18,5,2002,"18/05/2002","East and Central Africa","Tanzania Uni Rep","Bunda area (Lake Victoria ...","Earthquake","Earthquake (ground shaking)",2,2000,2002,1.242673232083531,2487.831810631229,0,6500]
[23,5,2002,"2002-05-06","Latin America and Carribean","El Salvador","San Salvador","Flood","General flood",33,2332,2365,1.1922951354880835,2819.7779954293173,0,1335373]
[23,5,2002,"2002-05-06","Latin America and Carribean","Haiti","Azile, Grand Anse, Les Ca ...","Flood","Flash flood",33,5150,5183,1.2047388401623249,6244.1614085613301,0,1588122]
[23,5,2002,"2002-05-06","Latin America and Carribean","Nicaragua","Pacific coast","Flood","General flood",10,24000,24010,1.2149949341438704,29172.028368794327,0,871560]
[23,5,2002,"2002-05-06","Latin America and Carribean","Honduras","Tegucigalpa, Dali, Olanch ...","Flood","General flood",14,25000,25014,1.2563296115741469,31425.82890391571,0,2126600]
[0,6,2002,"00/07/2002","Latin America and Carribean","Bolivia","Sud Lipez, Nor Lipez, E. ...","Storm","Local storm",null,6655,6655,1.2137888956680902,8077.7651006711403,0,485075]
[4,6,2002,"13/06/2002","Latin America and Carribean","Colombia","southern Bogota","Flood","General flood",28,73013,73041,1.136083269082498,82980.658057054738,0,1207119]
[10,6,2002,"2002-12-06","West Africa","Ghana","Accra, Kumasi region","Flood","General flood",4,2000,2004,1.2322802754151478,2469.4896719319563,0,2000005]
[11,6,2002,"2002-11-06","Middle East and Europe","Serbia Montenegro","Pozarevac region","Flood",null,null,2400,2400,0.96593897948448182,2318.2535507627563,0,35000]
[12,6,2002,"19/06/2002","Latin America and Carribean","Brazil","Porto Alegre (Rio Grande ...","Flood","General flood",null,2000,2000,1.1405569419237749,2281.1138838475499,0,3021023]
[12,6,2002,"22/06/2002","Latin America and Carribean","Cuba","Sancti Spiritus, Villa Cl ...","Flood","General flood",null,35000,35000,1.0334053664685756,36169.18782640015,0,2500016]
[21,6,2002,"28/08/2002","Asia","India","Assam, Gujarat, Himachal ...","Flood","General flood",549,42000000,42000549,1.1657636887608069,48962714.932219021,0,5500325]
[0,7,2002,"00/07/2002","Latin America and Carribean","Peru","Puno, Arequipa, Tacna, Mo ...","Storm","Local storm",59,86682,86741,1.1464330892781844,99442.752597079001,0,581248]
[0,7,2002,"00/08/2002","Asia","Bangladesh","Mymensingh, Sunamganj, Ne","Flood","Flash flood",10,1500000,1500010,1.1564592006204228,1734700.3655226405,0,4100012]
[2,7,2002,"2002-02-07","Asia","Papua New Guinea","Witori Caldera (West New ...","Volcano","Volcanic eruption",null,13000,13000,1.2601288177851653,16381.674631207148,0,0]
[5,7,2002,"2002-08-08","Latin America and Carribean","Colombia","Aruca city","Flood","General flood",null,12500,12500,1.136083269082498,14201.040863531225,0,1207119]
[15,7,2002,"21/07/2002","Southern Africa","South Africa","Cap Oriental, Kwazulu-Nat ...","Storm","Local storm",22,100000,100022,1.0897612284750577,109000.09759453223,0,500064]
[15,7,2002,"15/08/2002","Asia","Nepal","Makwanpur, Khotang, Kathm ...","Mass Movement","Landslide",472,265865,266337,1.1665726488838746,310701.45958578453,0,150]
[26,7,2002,"27/07/2002","West Africa","Mali","Bamako, Goundam, Tombouct ...","Flood","General flood",2,22519,22521,1.2989360700499011,29253.339233593822,0,47264]
[31,7,2002,"2002-06-08","Asia","Viet Nam","Lai Chau, Lao Cai, Ha Gia ...","Flood","General flood",10,2000,2010,1.1312612089216703,2273.8350299325571,0,4079074]
[0,8,2002,"00/08/2002","Asia","Myanmar","Tak province","Flood","General flood",21,50000,50021,1.0950317148597097,54774.581408997539,0,2558366]
[0,8,2002,"00/08/2002","Asia","Lao P Dem Rep","Bolikhamsay, Savannakhet, ...","Flood","General flood",2,150000,150002,1,150002,0,459031]
[12,8,2002,"2002-12-08","West Africa","Niger","Agadez","Storm",null,4,1253,1257,1.449913249931513,1822.5409551639118,0,20004]
[15,8,2002,"15/08/2002","Asia","Indonesia","Poso region (Sulawesi)","Earthquake","Earthquake (ground shaking)",null,2548,2548,1.1362724419980452,2895.2221822110191,0,455328]
[16,8,2002,"18/08/2002","Southern Africa","South Africa","East London (Cap province ...","Flood","General flood",16,2500,2516,1.0897612284750577,2741.8392508432453,0,100022]
[18,8,2002,"26/11/2002","Asia","Cambodia","Kandal, Stung Treng, Prey ...","Flood","General flood",29,1470000,1470029,1.136083269082498,1670075.3519660754,0,1669238]
[20,8,2002,"20/08/2002","Asia","India","Balaghat (Madhya Pradesh) ...","Flood","General flood",100,3000,3100,1.1657636887608069,3613.8674351585014,0,5500325]
[22,8,2002,"28/08/2002","Asia","Pakistan","Peshawar and its surround ...","Flood","General flood",22,3010,3032,1.2013974071388394,3642.6369384449608,0,4800474]
[24,8,2002,"24/08/2002","Middle East and Europe","Egypt","Cairo","Earthquake","Earthquake (ground shaking)",null,250,250,1.235009745392041,308.75243634801024,0,3007]
[0,9,2002,"00/09/2002","Asia","Viet Nam","Long An, Dong Thap, An Gi ...","Flood","General flood",82,1138200,1138282,1.1312612089216703,1287694.2714137766,0,4079074]
[3,9,2002,"2002-06-09","Asia","India","Bharuch (Gujarat), Sadarp ...","Flood","General flood",22,5000,5022,1.1657636887608069,5854.465244956772,0,5500325]
[3,9,2002,"2002-03-09","Asia","Thailand","Ban Tha Sala (Mae Hong So ...","Mass Movement","Landslide",35,33000,33035,1.0727093564228483,35436.953589428791,0,5000]
[9,9,2002,"2002-09-09","Latin America and Carribean","Honduras","Coast of Choluteca","Earthquake","Tsunami",null,1720,1720,1.2563296115741469,2160.8869319075325,0,608000]
[9,9,2002,"2002-09-09","Asia","Papua New Guinea","Wewak (East Sepik provinc ...","Earthquake","Earthquake (ground shaking)",4,4470,4474,1.2601288177851653,5637.8163307708292,0,90000]
[14,9,2002,"14/09/2002","Asia","India","Andaman Isl. (Golfe du Be ...","Earthquake","Earthquake (ground shaking)",2,200,202,1.1657636887608069,235.484265129683,0,18701103]
[18,9,2002,"18/09/2002","Latin America and Carribean","Cuba","Isle of Youth, Pinar del ...","Storm","Tropical cyclone",null,42500,42500,1.0334053664685756,43919.728074914463,0,498895]
[20,9,2002,"20/09/2002","Asia","Indonesia","Ransiki (Irian Jaya regio ...","Earthquake","Earthquake (ground shaking)",null,155,155,1.1362724419980452,176.12222850969701,0,455328]
[20,9,2002,"24/09/2002","Latin America and Carribean","Guatemala","Coyolote, Guacalate, Nahu ...","Storm","Tropical cyclone",2,1500,1502,1.2223725755525485,1836.0036084799278,0,98740]
[20,9,2002,"30/09/2002","Asia","Viet Nam","Ha Tinh, Nghe An province ...","Flood","General flood",55,291616,291671,1.1312612089216703,329956.08806739247,0,4079074]
[21,9,2002,"21/09/2002","Latin America and Carribean","El Salvador","Ahuachapan province","Storm","Tropical cyclone",null,500,500,1.1922951354880835,596.14756774404179,0,256336]
[22,9,2002,"22/09/2002","Latin America and Carribean","Nicaragua","Managua","Storm","Tropical cyclone",2,300,302,1.2149949341438704,366.92847011144886,0,300076]
[29,9,2002,"29/09/2002","Asia","Thailand","Kalasin province","Flood","Flash flood",null,1500,1500,1.0727093564228483,1609.0640346342725,0,5000091]
[30,9,2002,"30/09/2002","Latin America and Carribean","Haiti",null,"Storm","Tropical cyclone",4,250,254,1.2047388401623249,306.00366540123053,0,1165220]
[30,9,2002,"30/09/2002","Asia","Pakistan","Sodi Jey Wali, Khorah Tra ...","Flood",null,1,1000,1001,1.2013974071388394,1202.5988045459783,0,4800474]
[0,10,2002,"00/10/2002","Asia","Viet Nam","Long An province","Storm","Local storm",null,1800,1800,1.1312612089216703,2036.2701760590064,0,1084809]
[0,10,2002,"00/10/2002","Asia","Thailand","Tak, Chiang Mai, Chiang R ...","Flood","Flash flood",154,3289420,3289574,1.0727093564228483,3528756.8084453344,0,5000091]
[1,10,2002,"2002-01-10","Asia","India","Tamil Nadu","Flood",null,20,200,220,1.1657636887608069,256.46801152737754,0,5500325]
[1,10,2002,"2002-01-10","Latin America and Carribean","Cuba","Pinar del Rio, La Habana ...","Storm","Tropical cyclone",3,281470,281473,1.0334053664685756,290875.70871600939,0,498895]
[2,10,2002,"2002-02-10","Latin America and Carribean","Ecuador","Banos (Tungurahua provinc ...","Volcano","Volcanic eruption",null,21500,21500,1.188413948256468,25550.899887514061,0,128150]
[10,10,2002,"2002-10-10","Asia","Indonesia","Manokwari, Ransiki, Orans ...","Earthquake","Earthquake (ground shaking)",8,9082,9090,1.1362724419980452,10328.716497762231,0,455328]
[25,10,2002,"25/10/2002","Southern Africa","Mozambique","Beira","Storm",null,3,4017,4020,1.2171586206896552,4892.9776551724135,0,549405]
[27,10,2002,"29/10/2002","Latin America and Carribean","Colombia","El Dorado, Canoninco, San ...","Mass Movement","Landslide",70,2000,2070,1.136083269082498,2351.6923670007709,0,4500]
[29,10,2002,"2002-04-11","East and Central Africa","Kenya","Madogo (Tana river distri ...","Flood","General flood",14,20000,20014,1.3126720860102268,26271.819129408679,0,900086]
[0,11,2002,"00/11/2002","Latin America and Carribean","Colombia","Tierra Alta municipality ...","Flood",null,null,1025,1025,1.136083269082498,1164.4853508095605,0,1207119]
[2,11,2002,"2002-02-11","Asia","Pakistan","Tata Pani, Muthat, Raikot ...","Earthquake","Earthquake (ground shaking)",17,15065,15082,1.2013974071388394,18119.475694467976,0,1266453]
[3,11,2002,"2002-04-11","Latin America and Carribean","Ecuador","Pedro Mancayo, Cayambe, Q ...","Volcano","Volcanic eruption",null,128150,128150,1.188413948256468,152295.24746906638,0,128150]
[10,11,2002,"2002-10-11","Latin America and Carribean","Peru","Near Satipo (Peru's Amazo ...","Flood","General flood",3,136050,136053,1.1464330892781844,155975.66109556484,0,3283034]
[11,11,2002,"2002-11-11","Asia","Indonesia","Garut (near Bandoung, Jav ...","Volcano","Volcanic eruption",null,5000,5000,1.1362724419980452,5681.3622099902259,0,12865]
[13,11,2002,"13/11/2002","Asia","India","Bay of Bengal","Storm","Tropical cyclone",124,null,124,1.1657636887608069,144.55469740634007,0,1010100]
[17,11,2002,"20/11/2002","East and Central Africa","Kenya","Kiambu District","Flood","Flash flood",12,2000,2012,1.3126720860102268,2641.0962370525763,0,900086]
[19,11,2002,"2002-03-12","Asia","Indonesia","South Aceh, Southwest Ace ...","Flood","General flood",13,87000,87013,1.1362724419980452,98870.473995575914,0,3183701]
[21,11,2002,"21/11/2002","Asia","Pakistan","Dashkin, Doyan, Harchu, K ...","Earthquake","Earthquake (ground shaking)",19,140782,140801,1.2013974071388394,169157.95632255572,0,1266453]
[24,11,2002,"29/11/2002","West Africa","Morocco","Settat region, Fez region ...","Flood","General flood",80,15017,15097,1.1249955536584497,16984.057873581616,0,266455]
[9,12,2002,"2002-12-12","Latin America and Carribean","Brazil","Angra Dos Reis, Rio de Ja ...","Mass Movement","Landslide",74,1500,1574,1.1405569419237749,1795.2366265880216,0,100100]
[16,12,2002,"20/12/2002","Asia","Sri Lanka","Batticaloa, Polonnaruwa, ...","Flood","General flood",2,500000,500002,1.1069150030870549,553459.71537353366,0,1250003]
[21,12,2002,"23/12/2002","East and Central Africa","Kenya","Marigat Division (Baringo ...","Flood","General flood",6,3000,3006,1.3126720860102268,3945.8922905467416,0,900086]
[28,12,2002,"28/12/2002","Southern Africa","Malawi","Salima, Balaka, Ntcheu, M ...","Flood",null,8,246340,246348,1.3089306897136079,322452.45754956786,0,500059]
[0,1,2003,"00/01/2003","Asia","Indonesia","Java, Sulawesi islands","Flood","General flood",3,10000,10003,1.0614777016636376,10617.961449741368,0,3183701]
[1,1,2003,"17/02/2003","Southern Africa","Malawi","Salima, Balaka, Dedza, Ma ...","Flood","Storm surge/coastal flood",8,18500,18508,1.1449747998814113,21191.193596205161,0,500059]
[1,1,2003,"17/02/2003","Southern Africa","Mozambique","Nampula, Zambezia, Tete, ...","Flood","Storm surge/coastal flood",40,200000,200040,1.0946214151037015,218968.06787734444,0,2502240]
[3,1,2003,"2003-08-01","Latin America and Carribean","Bolivia","Cochabamba, Santa Cruz de ...","Flood","General flood",40,115000,115040,1.0963297696462031,126121.7767000992,0,485075]
[4,1,2003,"2003-06-01","East and Central Africa","Kenya","Kisumu region","Flood","General flood",null,300,300,1.1470840971585701,344.12522914757102,0,900086]
[8,1,2003,"2003-08-01","Asia","Indonesia","Batulayrar village (West ...","Flood",null,null,230,230,1.0614777016636376,244.13987138263667,0,3183701]
[10,1,2003,"2003-10-01","Asia","Indonesia","Solok, Kapai Tabu Karambi ...","Flood",null,10,3700,3710,1.0614777016636376,3938.0822731720955,0,3183701]
[11,1,2003,"2003-04-02","Latin America and Carribean","Brazil","Rio de Janeiro, Sao Paulo ...","Flood","General flood",29,16000,16029,1.0640764472758251,17056.081373384201,0,3021023]
[14,1,2003,"24/01/2003","Latin America and Carribean","Brazil","Belo Horizonte, Contagem, ...","Flood","General flood",54,10511,10565,1.0640764472758251,11241.967665469092,0,3021023]
[18,1,2003,"31/01/2003","Southern Africa","Madagascar","Antananarivo, Fianarantso ...","Flood","General flood",16,23370,23386,1.1621887287024901,27178.945609436432,0,2510147]
[21,1,2003,"22/01/2003","Latin America and Carribean","Bolivia","La Paz","Flood","Flash flood",25,126096,126121,1.0963297696462031,138270.20687754877,0,485075]
[23,1,2003,"23/01/2003","Asia","Indonesia","Dompu area","Earthquake","Earthquake (ground shaking)",null,2502,2502,1.0614777016636376,2655.8172095624213,0,455328]
[23,1,2003,"2003-10-02","Latin America and Carribean","Peru","Madre de Dios department, ...","Flood","General flood",62,200000,200062,1.0661651991016363,213299.14206267157,0,3283034]
[28,1,2003,"28/01/2003","Asia","Indonesia","Cilacap district (Central ...","Flood","Flash flood",1,15000,15001,1.0614777016636376,15923.227002656227,0,3183701]
[29,1,2003,"29/01/2003","Southern Africa","Madagascar","East coast","Storm","Tropical cyclone",null,500,500,1.1621887287024901,581.09436435124508,0,988502]
[29,1,2003,"29/01/2003","Asia","Indonesia","Garut, Nenggeng, Budi Ate ...","Mass Movement","Landslide",21,1760,1781,1.0614777016636376,1890.4917866629387,0,204817]
[4,2,2003,"17/02/2003","Southern Africa","Mozambique","Pemba-Metuge district (Ca ...","Flood","General flood",null,200000,200000,1.0946214151037015,218924.28302074029,0,2502240]
[6,2,2003,"20/02/2003","Southern Africa","Angola","Luanda Norte, Malanje","Flood","General flood",9,600,609,1.116255231912531,679.79943623473139,0,331727]
[13,2,2003,"14/02/2003","Asia","Indonesia","Jakarta area","Flood","General flood",3,33000,33003,1.0614777016636376,35031.948588005034,0,3183701]
[16,2,2003,"22/02/2003","Asia","Pakistan","Baluchistan, Sindh, North ...","Storm",null,51,2557,2608,1.0850992201941558,2829.9387662663585,0,536171]
[17,2,2003,"17/02/2003","Asia","India","Betul district (Madhya Pr ...","Storm",null,20,200,220,1.0752860061614724,236.56292135552394,0,1010100]
[18,2,2003,"18/02/2003","Asia","India","Dholatar (Gujarat state)","Storm","Tropical cyclone",5,140,145,1.0752860061614724,155.9164708934135,0,1010100]
[25,2,2003,"28/02/2003","Southern Africa","Zimbabwe","Mashonaland central and W ...","Flood","General flood",2,18000,18002,1.0011169344445399,18022.107053870608,0,30013]
[3,3,2003,"2003-03-03","Southern Africa","Mozambique","Inhambane, Sofala, Manica ...","Storm","Tropical cyclone",11,23010,23021,1.0946214151037015,25199.279597102312,0,549405]
[11,3,2003,"15/03/2003","Southern Africa","Zambia","Gwembe district (South)","Flood","General flood",null,10000,10000,1.0847503373819163,10847.503373819163,0,1300000]
[12,3,2003,"2003-12-03","Asia","India","Bankura, Hooghly, Howrah ...","Storm","Local storm",30,485910,485940,1.0752860061614724,522524.48183410591,0,1010100]
[17,3,2003,"28/03/2003","Asia","Afghanistan","Balkh, Kunduz provinces","Flood","General flood",11,2000,2011,1.1403007283264155,2293.1447646644215,0,300013]
[19,3,2003,"19/03/2003","Latin America and Carribean","Colombia","Manizales","Mass Movement","Landslide",35,779,814,1.0654888160431932,867.30789625915929,0,4500]
[23,3,2003,"26/03/2003","Southern Africa","South Africa","Montagu area, Western cap ...","Flood","General flood",1,500,501,1.0342438346355538,518.15616115241244,0,100022]
[26,3,2003,"28/03/2003","Southern Africa","Mozambique","Beira","Flood","General flood",29,285000,285029,1.0946214151037015,311998.84732559294,0,2502240]
[27,3,2003,"29/03/2003","Latin America and Carribean","Haiti","Cap Ha�tien","Flood","General flood",24,12070,12094,1.0962477665276951,13258.020488385944,0,1588122]
[31,3,2003,"31/03/2003","Latin America and Carribean","Bolivia","Chima (Tipuani, Larecaja ...","Mass Movement","Landslide",null,165000,165000,1.0963297696462031,180894.41199162352,0,339535]
[31,3,2003,"2003-02-04","Asia","Indonesia","Ende, Sikka, East Flores ...","Mass Movement","Landslide",76,229548,229624,1.0614777016636376,243740.75576681114,0,204817]
[0,4,2003,"00/04/2003","Latin America and Carribean","Cuba","Guantanam province","Flood","General flood",null,600,600,1.0133321561010065,607.99929366060383,0,2500016]
[0,4,2003,"00/05/2003","East and Central Africa","Kenya","Nyando, Kisumu, Rachuonyo","Flood","General flood",40,60000,60040,1.1470840971585701,68870.929193400545,0,900086]
[5,4,2003,"2003-08-04","Southern Africa","Malawi","Mzuzu, Rumphi, Mchenga di ...","Flood","Flash flood",4,1000,1004,1.1449747998814113,1149.5546990809369,0,500059]
[10,4,2003,"2003-10-04","Asia","Afghanistan","Yakabagh (Takhar province ...","Earthquake","Earthquake (ground shaking)",1,1001,1002,1.1403007283264155,1142.5813297830682,0,121635]
[11,4,2003,"2003-11-04","Asia","Thailand","Muang, Wiang Chai, Phan, ...","Storm","Local storm",null,5000,5000,1.0335247700424897,5167.6238502124479,0,450213]
[12,4,2003,"2003-12-04","Asia","India","Mekhliganj, Haldibari, Fu ...","Storm","Tropical cyclone",null,460,460,1.0752860061614724,494.6315628342773,0,1010100]
[18,4,2003,"21/04/2003","Asia","Afghanistan","Baghraan, Kajaki, Sokhtra ...","Flood","Flash flood",30,1000,1030,1.1403007283264155,1174.5097501762079,0,300013]
[21,4,2003,"2003-04-06","East and Central Africa","Uganda","Mbale, Bugiri district","Flood","General flood",5,1500,1505,1.1844037022589453,1782.5275718997127,0,718074]
[22,4,2003,"22/04/2003","Asia","India","Chirakhawa, Chirakhawa To ...","Storm","Tropical cyclone",45,4600,4645,1.0752860061614724,4994.7034986200397,0,1010100]
[23,4,2003,"23/04/2003","Latin America and Carribean","Guatemala","Cerro Cocol, San Pedro (S ...","Mass Movement","Landslide",22,220,242,1.1122055322991053,269.15373881638351,0,2000]
[28,4,2003,"20/05/2003","East and Central Africa","Ethiopia","Ogaden region","Flood","General flood",119,110000,110119,1.1738196852493998,129259.84991997866,0,361680]
[4,5,2003,"2003-04-05","Asia","Bangladesh","Brahmmanbaria, Nayabadi d ...","Storm","Tropical cyclone",23,400,423,1.0678619925551105,451.70562285081172,0,1590000]
[6,5,2003,"2003-06-05","Latin America and Carribean","Ecuador","Eloy Alfaro, San Lorenzo ...","Flood","General flood",null,7905,7905,1.0826379739423218,8558.2531840140527,0,700307]
[8,5,2003,"2003-08-05","Southern Africa","Madagascar","Vatomandry, Andevoranto d ...","Storm","Tropical cyclone",89,162086,162175,1.1621887287024901,188477.95707732634,0,988502]
[17,5,2003,"26/05/2003","Asia","Sri Lanka","Ratnapura, Matara, Galle, ...","Flood","Flash flood",235,695000,695235,1.0492586812329301,729481.35924697621,0,1250003]
[26,5,2003,"2003-06-06","Asia","Afghanistan","Doshi, Khost-o-Fereng, Na ...","Flood","Flash flood",null,400,400,1.1403007283264155,456.1202913305662,0,300013]
[27,5,2003,"27/05/2003","Asia","Indonesia","Morotai Isl.","Earthquake","Earthquake (ground shaking)",1,247,248,1.0614777016636376,263.24647001258211,0,455328]
[5,6,2003,"2003-05-07","Latin America and Carribean","Ecuador","Guano, Penipe (Chimborazo ...","Volcano","Volcanic eruption",null,25000,25000,1.0826379739423218,27065.949348558042,0,128150]
[11,6,2003,"2003-10-10","Asia","Bangladesh",null,"Flood","General flood",187,50000,50187,1.0678619925551105,53592.78982036333,0,4100012]
[11,6,2003,"2003-10-10","Asia","India","Assam, Bihar, Tripura, W ...","Flood","General flood",142,4550000,4550142,1.0752860061614724,4892704.0186475748,0,5500325]
[14,6,2003,"16/06/2003","Latin America and Carribean","Colombia","Caqueta department","Flood","General flood",3,4000,4003,1.0654888160431932,4265.1517306209025,0,1207119]
[16,6,2003,"21/06/2003","Asia","Afghanistan","Badakshan and North provi ...","Flood","General flood",13,100,113,1.1403007283264155,128.85398230088495,0,300013]
[16,6,2003,"20/06/2003","Asia","East Timor","Cova Lima, Manufahi, Viqu","Flood","General flood",3,600,603,1.1084452975047985,668.3925143953935,0,603]
[19,6,2003,"2003-03-07","Asia","Bangladesh","Khagrachari, Chittagong, ...","Flood","Flash flood",65,500000,500065,1.0678619925551105,534000.40730707138,0,4100012]
[1,7,2003,"2003-03-07","East and Central Africa","Uganda","Mbale area","Flood","General flood",20,700,720,1.1844037022589453,852.77066562644063,0,718074]
[3,7,2003,"20/08/2003","Asia","Nepal","Baglung, Baitadi, Bajura, ...","Flood","General flood",239,59254,59493,1.0685760685022514,63572.796043404443,0,800200]
[12,7,2003,"15/07/2003","Asia","Afghanistan","Ghandak valley (Shibar di ...","Flood","Flash flood",33,250,283,1.1403007283264155,322.70510611637559,0,300013]
[15,7,2003,"2003-01-09","Asia","India","Khavda, Banni, Natkharana ...","Flood","General flood",13,14500,14513,1.0752860061614724,15605.625807421449,0,5500325]
[16,7,2003,"16/07/2003","Asia","India","Kulu (Himachal Pradesh)","Flood","Flash flood",150,30,180,1.0752860061614724,193.55148110906504,0,5500325]
[20,7,2003,"20/07/2003","West Africa","Cameroon","Wabane (Lebialem departme ...","Mass Movement","Landslide",20,100,120,1.1177799663982388,134.13359596778866,0,0]
[22,7,2003,"2003-05-08","Asia","Pakistan","Badin, Thatta, Larkana, D ...","Flood","General flood",230,1266223,1266453,1.0850992201941558,1374227.1627125493,0,4800474]
[23,7,2003,"23/07/2003","Asia","Viet Nam","North","Storm","Tropical cyclone",null,5018,5018,1.0609535090316848,5323.8647083209944,0,1084809]
[27,7,2003,"27/07/2003","Asia","Bangladesh","Chittagong-Cox's Bazar-Ra ...","Earthquake","Earthquake (ground shaking)",2,2525,2527,1.0678619925551105,2698.4872551867643,0,3207084]
[0,8,2003,"00/08/2003","West Africa","Niger","Dosso, Tahouna, Tillab�ri ...","Flood","General flood",7,30000,30007,1.2038820228978695,36124.887861096373,0,80020]
[0,8,2003,"00/12/2003","Latin America and Carribean","Colombia","Antioquia, Atlantico, Bol ...","Flood","General flood",16,70057,70073,1.0654888160431932,74661.997806594678,0,1207119]
[1,8,2003,"2003-01-08","Asia","Papua New Guinea","Kuluan, Kanamaradan, mesi ...","Mass Movement","Landslide",null,600,600,1.114889705882353,668.93382352941182,0,2494]
[10,8,2003,"19/10/2003","West Africa","Mali","Timbuktu, Gao, Mopti, Seg ...","Flood","General flood",null,10000,10000,1.1369704961265865,11369.704961265865,0,47264]
[11,8,2003,"2003-11-08","Asia","Indonesia","Wasile area (Halmahera Is ...","Earthquake","Earthquake (ground shaking)",null,500,500,1.0614777016636376,530.73885083181881,0,455328]
[18,8,2003,"20/08/2003","East and Central Africa","Somalia","Hargeisa, Wajale (Somalil ...","Flood","General flood",1,300,301,1.1553930530164533,347.77330895795245,0,299052]
[18,8,2003,"21/08/2003","Southern Africa","South Africa","Cape Town Peninsula","Storm",null,null,600,600,1.0342438346355538,620.54630078133232,0,500064]
[27,8,2003,"20/10/2003","Asia","India","Cuttack, Jagatsinghpur, K ...","Flood","General flood",67,3000000,3000067,1.0752860061614724,3225930.06264683,0,5500325]
[29,8,2003,"30/08/2003","Latin America and Carribean","Haiti","Saint-Marc (Artibonite di ...","Flood","Flash flood",11,9910,9921,1.0962477665276951,10875.874091721264,0,1588122]
[10,9,2003,"14/09/2003","Asia","Viet Nam","Nghe An, Thai Binh, Nam D ...","Flood","General flood",15,1000,1015,1.0609535090316848,1076.8678116671601,0,4079074]
[14,9,2003,"15/09/2003","Latin America and Carribean","Honduras","Cortes, Copan provinces","Flood",null,null,30000,30000,1.1106631447240372,33319.894341721112,0,2126600]
[6,10,2003,"2003-06-10","Latin America and Carribean","Haiti","Port-au-Prince","Storm",null,26,155,181,1.0962477665276951,198.42084574151281,0,1165220]
[15,10,2003,"15/10/2003","Asia","Thailand","Petchaburi, Ratchaburi, K ...","Flood","General flood",3,3000,3003,1.0335247700424897,3103.6748844375966,0,5000091]
[15,10,2003,"22/10/2003","Asia","Viet Nam","Quang Ngai, Quang Nam, Bi ...","Flood","Storm surge/coastal flood",52,221774,221826,1.0609535090316848,235347.07309446251,0,4079074]
[27,10,2003,"31/10/2003","Latin America and Carribean","Brazil","Rio Grande do Sul state","Flood","General flood",4,2000,2004,1.0640764472758251,2132.4092003407536,0,3021023]
[30,10,2003,"30/10/2003","East and Central Africa","Rwanda","Bymba, Umutara provinces","Flood","General flood",null,7016,7016,1.1503485589428779,8070.8454895432315,0,21726]
[2,11,2003,"2003-03-11","Asia","Indonesia","Hahorok sub-district (Lan ...","Flood","Flash flood",241,1498,1739,1.0614777016636376,1845.9097231930659,0,3183701]
[11,11,2003,"14/11/2003","Asia","Viet Nam","Ninh Thuan, Binh Dinh, Ph ...","Flood","General flood",61,194049,194110,1.0609535090316848,205941.68563814033,0,4079074]
[17,11,2003,"18/11/2003","West Africa","Morocco","B� Boufrah, Nador, Al H ...","Flood","Flash flood",30,20000,20030,1.0577238219457543,21186.208153573458,0,266455]
[22,11,2003,"23/11/2003","Southern Africa","Angola","Uige province","Flood","General flood",6,225,231,1.116255231912531,257.85495857179467,0,331727]
[28,11,2003,"24/12/2003","Latin America and Carribean","Honduras","Ceiba city region (Atlant ...","Flood","General flood",1,40000,40001,1.1106631447240372,44427.636452106213,0,2126600]
[29,11,2003,"29/11/2003","Latin America and Carribean","Brazil","Baixada Fluminense region ...","Flood","General flood",7,2000,2007,1.0640764472758251,2135.6014296825811,0,3021023]
[30,11,2003,"2003-06-12","Asia","Indonesia","Muraro, Jambi, Tanjab Tim ...","Flood","General flood",8,25000,25008,1.0614777016636376,26545.434363204251,0,3183701]
[0,12,2003,"00/01/2004","Asia","East Timor","Meligo, Atudara, Maliana","Flood",null,null,450,450,1.1084452975047985,498.80038387715933,0,603]
[0,12,2003,"19/02/2004","Latin America and Carribean","Brazil","Alagoas, Bahin, Ceara, Se ...","Flood","General flood",161,175470,175631,1.0640764472758251,186884.81051150043,0,3021023]
[9,12,2003,"2003-09-12","Southern Africa","Madagascar","Antalaha, Ambanja (North ...","Storm","Tropical cyclone",null,164,164,1.1621887287024901,190.59895150720837,0,988502]
[10,12,2003,"2004-05-01","Asia","Indonesia","Jambi, Riau, South and No ...","Flood","General flood",148,350000,350148,1.0614777016636376,371674.29428211937,0,3183701]
[11,12,2003,"2003-11-12","Asia","Thailand","Nakhon Si Thammarat, Song","Flood","Flash flood",6,104700,104706,1.0335247700424897,108216.24457206893,0,5000091]
[17,12,2003,"17/12/2003","Asia","India","Krishna, Guntur, West God ...","Storm","Tropical cyclone",50,40000,40050,1.0752860061614724,43065.204546766967,0,1010100]
[20,12,2003,"21/12/2003","East and Central Africa","Tanzania Uni Rep","Same district (North)","Flood","General flood",null,2000,2000,1.1091313441529216,2218.2626883058433,0,201597]
[20,12,2003,"22/12/2003","Latin America and Carribean","Haiti","Cap-Ha�tien, Port-De-Paix ...","Flood","General flood",11,11500,11511,1.0962477665276951,12618.908040500299,0,1588122]
[22,12,2003,"22/01/2004","Latin America and Carribean","Bolivia","Near Villa Tunari (near C ...","Flood","General flood",40,190000,190040,1.0963297696462031,208346.50942356445,0,485075]
[25,12,2003,"25/12/2003","Southern Africa","Zambia","Lusaka","Flood","General flood",4,1000,1004,1.0847503373819163,1089.0893387314441,0,1300000]
[28,12,2003,"14/01/2004","Latin America and Carribean","Peru","El Dorado, Lamas, Picota, ...","Flood","General flood",80,219000,219080,1.0661651991016363,233575.4718191865,0,3283034]
[0,1,2004,"28/06/2004","Latin America and Carribean","Colombia","Antioquia, Boyaca, Boliva ...","Flood","General flood",79,186096,186175,1.0654888160431932,198367.38032684149,0,1207119]
[1,1,2004,"2004-01-01","Asia","Indonesia","Lombock Strait (Bali and ...","Earthquake","Earthquake (ground shaking)",1,30040,30041,1.0614777016636376,31887.85163567734,0,455328]
[4,1,2004,"2004-04-01","East and Central Africa","Burundi","Mpanda commune (Bubanza p ...","Storm",null,null,500,500,1.2084048027444254,604.20240137221276,0,5001]
[15,1,2004,"17/01/2004","Asia","Afghanistan","Ghazara, Engil districts ...","Flood","General flood",null,2500,2500,1.1403007283264155,2850.7518208160386,0,300013]
[26,1,2004,"2004-04-02","Southern Africa","Madagascar","Antananarivo, Majuanga, F ...","Storm","Tropical cyclone",32,44290,44322,1.1621887287024901,51510.528833551769,0,988502]
[27,1,2004,"2004-01-03","Southern Africa","Angola","Catata, Calenga municipal ...","Flood","General flood",27,331700,331727,1.116255231912531,370291.99931664817,0,331727]
[29,1,2004,"29/01/2004","Asia","Indonesia","Siika district (East Nusa ...","Volcano","Volcanic eruption",null,4000,4000,1.0614777016636376,4245.9108066545505,0,12865]
[1,2,2004,"2004-02-06","Southern Africa","Zambia","Senanga, Mongu, Kalabo, L ...","Flood","General flood",2,196398,196400,1.0847503373819163,213044.96626180835,0,1300000]
[3,2,2004,"2004-05-02","Asia","Indonesia","East Java, West Nusa Teng ...","Storm","Local storm",4,2400,2404,1.0614777016636376,2551.792394799385,0,556020]
[6,2,2004,"2004-07-02","Asia","Indonesia","Nabire (Papua province, I ...","Earthquake","Earthquake (ground shaking)",37,14072,14109,1.0614777016636376,14976.388892772264,0,455328]
[14,2,2004,"14/02/2004","Asia","Pakistan","Battagram, Mansehra, Kohi ...","Earthquake","Earthquake (ground shaking)",24,13148,13172,1.0850992201941558,14292.926928397421,0,1266453]
[16,2,2004,"16/02/2004","Asia","Indonesia","Padangpanjang area (Sumat ...","Earthquake","Earthquake (ground shaking)",5,507,512,1.0614777016636376,543.47658325178247,0,455328]
[18,2,2004,"23/02/2004","Asia","Indonesia","Jakarta area","Flood","General flood",5,13000,13005,1.0614777016636376,13804.517510135607,0,3183701]
[20,2,2004,"20/02/2004","East and Central Africa","Burundi","Kinama (Bujumbura norther ...","Storm",null,null,15000,15000,1.2084048027444254,18126.072041166382,0,5001]
[24,2,2004,"24/02/2004","East and Central Africa","Burundi","Ruyaga","Earthquake","Earthquake (ground shaking)",3,120,123,1.2084048027444254,148.63379073756431,0,1505]
[24,2,2004,"26/02/2004","West Africa","Morocco","A�t Kamra, Tamassint, Imz ...","Earthquake","Earthquake (ground shaking)",628,13465,14093,1.0577238219457543,14906.501822681515,0,31]
[5,3,2004,"2004-09-03","Asia","Papua New Guinea","Anglimp, Aviamp, Kudjip, ...","Flood","General flood",null,10000,10000,1.114889705882353,11148.89705882353,0,75300]
[7,3,2004,"2004-07-03","East and Central Africa","Burundi","Rugazi commune (Bubanza p ...","Flood","Flash flood",null,10000,10000,1.2084048027444254,12084.048027444254,0,23004]
[7,3,2004,"2004-12-03","Southern Africa","Madagascar","Antalaha, Maroantsetra, M ...","Storm","Tropical cyclone",363,988139,988502,1.1621887287024901,1148825.8826998689,0,988502]
[23,3,2004,"2004-03-04","Middle East and Europe","Bosnia-Hercegovenia","Bugojno, Gonji Vakuf, Jaj ...","Flood","General flood",null,3000,3000,1.0433408577878105,3130.0225733634315,0,275000]
[27,3,2004,"27/03/2004","Asia","Indonesia","Manimbahoi sub-district, ...","Mass Movement","Landslide",33,5000,5033,1.0614777016636376,5342.4172724730879,0,204817]
[27,3,2004,"29/03/2004","Latin America and Carribean","Brazil","Torres (Rio Grande do Sul ...","Storm","Tropical cyclone",4,150060,150064,1.0640764472758251,159679.56798399941,0,270050]
[30,3,2004,"30/03/2004","Asia","Indonesia","Cijeruk, Cipelang, Warung ...","Storm","Tropical cyclone",null,1315,1315,1.0614777016636376,1395.8431776876835,0,556020]
[6,4,2004,"14/04/2004","Middle East and Europe","Bosnia-Hercegovenia","Banja Luka, Prijedor, Do ...","Flood","General flood",null,275000,275000,1.0433408577878105,286918.73589164787,0,275000]
[9,4,2004,"2004-12-04","East and Central Africa","Kenya","Nyando, Budalangi distric ...","Flood","Flash flood",4,2000,2004,1.1470840971585701,2298.7565307057744,0,900086]
[9,4,2004,"2004-11-05","East and Central Africa","Kenya","Nairobi area , Tana River ...","Flood","General flood",50,10000,10050,1.1470840971585701,11528.195176443629,0,900086]
[10,4,2004,"14/04/2004","Asia","India","Leimapokam Bazar Khunpham ...","Flood","General flood",null,5000,5000,1.0752860061614724,5376.4300308073616,0,5500325]
[10,4,2004,"2004-10-04","Latin America and Carribean","Peru","Machu Picchu (Cuzco regio ...","Mass Movement","Landslide",80,6025,6105,1.0661651991016363,6508.9385405154899,0,330250]
[14,4,2004,"15/04/2004","Asia","Bangladesh","Mymensingh, Netrokona dis ...","Storm","Local storm",76,13000,13076,1.0678619925551105,13963.363414650625,0,1590000]
[16,4,2004,"17/04/2004","Asia","Viet Nam","Mai Son, Bac Yen and Song ...","Flood","General flood",9,5000,5009,1.0609535090316848,5314.316126739709,0,4079074]
[7,5,2004,"2004-07-05","Latin America and Carribean","Peru","Bagua (Amazonas Departmen ...","Flood","General flood",60,241200,241260,1.0661651991016363,257223.01593526077,0,3283034]
[13,5,2004,"13/05/2004","Asia","Bangladesh","Sylhet","Storm","Local storm",10,4050,4060,1.0678619925551105,4335.5196897737487,0,1590000]
[19,5,2004,"19/05/2004","Asia","Myanmar","Myae Bon, Sittwe, Pauk Ta ...","Storm","Tropical cyclone",236,25000,25236,1.0410979483217444,26273.147823847543,0,359999]
[20,5,2004,"23/05/2004","Asia","Thailand","Mae Ramat (Tat province)","Storm",null,13,5050,5063,1.0335247700424897,5232.735910725125,0,450213]
[23,5,2004,"2004-01-06","Latin America and Carribean","Haiti","Fonds Verrettes (West dep ...","Flood","General flood",2,12500,12502,1.0962477665276951,13705.289577129244,0,1588122]
[1,6,2004,"2004-02-06","Latin America and Carribean","Brazil","Maceio (Alagoas state)","Flood","General flood",28,2254,2282,1.0640764472758251,2428.2224526834329,0,3021023]
[1,6,2004,"2004-07-06","Asia","Indonesia","Tahuna, Kendahe, Tabukan ...","Volcano","Volcanic eruption",null,16828,16828,1.0614777016636376,17862.546763595696,0,12865]
[4,6,2004,"21/06/2004","Asia","Thailand","Prae, Nakhon Sawan, Sukho ...","Storm","Tropical cyclone",1,4000,4001,1.0335247700424897,4135.1326049400013,0,450213]
[7,6,2004,"2004-11-06","Asia","Viet Nam","Bin Dinh, Danang, Quang N ...","Storm","Tropical cyclone",14,905,919,1.0609535090316848,975.01627480011837,0,1084809]
[8,6,2004,"2004-08-06","Asia","Indonesia","Java Isl.","Volcano","Volcanic eruption",2,20005,20007,1.0614777016636376,21236.984377184399,0,12865]
[9,6,2004,"2004-11-06","Asia","India","Northern districts, Calic ...","Flood","General flood",45,1000,1045,1.0752860061614724,1123.6738764387387,0,5500325]
[12,6,2004,"2004-12-06","Latin America and Carribean","Nicaragua","Puerto Cabezas","Storm",null,null,200,200,1.0963613091972939,219.27226183945879,0,300076]
[12,6,2004,"13/06/2004","Asia","Bangladesh","Cox's Bazar, Tekhnaf (Ba ...","Storm",null,153,50,203,1.0678619925551105,216.77598448868744,0,1590000]
[17,6,2004,"18/06/2004","Latin America and Carribean","Brazil","Alagoa Grande city (Parai ...","Flood","Flash flood",7,3000,3007,1.0640764472758251,3199.6778769584062,0,3021023]
[20,6,2004,"00/08/2004","Asia","India","Darbhanga, Madhubani, Sit ...","Flood","General flood",900,33000000,33000900,1.0752860061614724,35485405.960734136,0,5500325]
[20,6,2004,"2004-03-08","Asia","Bangladesh","Sylhet, Sunamganj, Moulvi ...","Flood","General flood",730,36000000,36000730,1.0678619925551105,38443811.271238543,0,4100012]
[24,6,2004,"28/06/2004","Latin America and Carribean","Nicaragua","Rio Blanco (Matagalpa dep ...","Mass Movement","Landslide",29,5769,5798,1.0963613091972939,6356.7028707259096,0,3500]
[5,7,2004,"13/07/2004","Asia","Nepal","Rautahat, Udaypur, Dang, ...","Flood","General flood",185,800015,800200,1.0685760685022514,855074.57001550158,0,800200]
[13,7,2004,"19/07/2004","Asia","Afghanistan","Shohada, Jurm districts ...","Flood","General flood",16,2000,2016,1.1403007283264155,2298.8462683060538,0,300013]
[17,7,2004,"17/07/2004","Asia","Bangladesh","Sunamganj","Storm",null,null,1100,1100,1.0678619925551105,1174.6481918106215,0,1590000]
[18,7,2004,"18/07/2004","Asia","Afghanistan","Paktia province","Earthquake","Earthquake (ground shaking)",2,1040,1042,1.1403007283264155,1188.1933589161249,0,121635]
[1,8,2004,"2004-08-09","Asia","India","Uttaranchal, Gujarat, Mah ...","Flood","General flood",210,100000,100210,1.0752860061614724,107754.41067744115,0,5500325]
[6,8,2004,"30/08/2004","Asia","Thailand","Na Di, Prachantakham, Bu ...","Flood","General flood",9,500000,500009,1.0335247700424897,516771.68674417521,0,5000091]
[7,8,2004,"2004-09-08","Southern Africa","South Africa","Cap town region","Flood","General flood",null,15000,15000,1.0342438346355538,15513.657519533306,0,100022]
[14,8,2004,"14/08/2004","Latin America and Carribean","Cuba","La Habana, Pinar del Rio, ...","Storm","Tropical cyclone",4,244005,244009,1.0133321561010065,247262.16607805048,0,498895]
[18,8,2004,"18/08/2004","Latin America and Carribean","Colombia","Near Sotara","Earthquake","Earthquake (ground shaking)",1,502,503,1.0654888160431932,535.94087446972617,0,86069]
[24,8,2004,"21/10/2004","Asia","Viet Nam","An Giang, Cuu Long, Dong ...","Flood","General flood",34,30000,30034,1.0609535090316848,31864.677690257624,0,4079074]
[4,9,2004,"2004-04-09","Asia","Indonesia","Sikka district (East Nusa ...","Volcano","Volcanic eruption",null,2100,2100,1.0614777016636376,2229.1031734936391,0,12865]
[11,9,2004,"18/09/2004","Asia","Bangladesh","Devidwar, Burichang, Chan ...","Flood","General flood",20,600000,600020,1.0678619925551105,640738.55277291744,0,4100012]
[13,9,2004,"14/09/2004","Latin America and Carribean","Cuba","Pinar del Rio, Habana, Ci ...","Storm","Tropical cyclone",null,3245,3245,1.0133321561010065,3288.262846547766,0,498895]
[13,9,2004,"13/09/2004","Latin America and Carribean","Haiti","Cap-Haitien, Les Cayes","Storm","Tropical cyclone",3,6500,6503,1.0962477665276951,7128.8992257296013,0,1165220]
[15,9,2004,"15/09/2004","Asia","Thailand","Chian Rai, Chiang Mai, Ub ...","Flood","Flash flood",2,2000,2002,1.0335247700424897,2069.1165896250641,0,5000091]
[17,9,2004,"18/09/2004","Latin America and Carribean","Haiti","Artibonite, Plateau Centr ...","Storm","Tropical cyclone",2754,315594,318348,1.0962477665276951,348988.28397855867,0,1165220]
[28,9,2004,"30/09/2004","East and Central Africa","Somalia","Sanaag region (Somaliland ...","Flood","General flood",null,1500,1500,1.1553930530164533,1733.0895795246799,0,299052]
[0,10,2004,"00/11/2004","Asia","Papua New Guinea","Madang province (Manam Is ...","Volcano","Volcanic eruption",null,9600,9600,1.114889705882353,10702.941176470589,0,0]
[0,10,2004,"00/10/2004","East and Central Africa","Uganda","Gulu district","Flood",null,null,20000,20000,1.1844037022589453,23688.074045178906,0,718074]
[7,10,2004,"18/10/2004","Asia","India","Goalpara district (Assam) ...","Flood","Flash flood",160,100000,100160,1.0752860061614724,107700.64637713307,0,5500325]
[7,10,2004,"18/10/2004","Asia","Bangladesh","Dacca, Faridpur, Lakshmip ...","Flood","Flash flood",11,271700,271711,1.0678619925551105,290149.84985914163,0,4100012]
[11,10,2004,"26/10/2004","Latin America and Carribean","Colombia","Monteria, La Apartada, Ay ...","Flood","General flood",36,345386,345422,1.0654888160431932,368043.27781527187,0,1207119]
[18,10,2004,"18/10/2004","Asia","Thailand","Baan Huay Nam Khiew (Krab)","Mass Movement","Landslide",3,110,113,1.0335247700424897,116.78829901480132,0,5000]
[8,11,2004,"2004-10-11","East and Central Africa","Uganda","Pakwach (Nebbi district)","Flood","General flood",null,10000,10000,1.1844037022589453,11844.037022589453,0,718074]
[12,11,2004,"2004-12-11","Asia","Indonesia","Alor district (Nusa Tengg ...","Earthquake","Earthquake (ground shaking)",33,83381,83414,1.0614777016636376,88542.101006570665,0,455328]
[15,11,2004,"15/11/2004","Latin America and Carribean","Colombia","Litoral de San Juan, Bajo ...","Earthquake","Earthquake (ground shaking)",null,8036,8036,1.0654888160431932,8562.2681257231015,0,86069]
[26,11,2004,"26/11/2004","Asia","Indonesia","Nabire (Papouasie Occiden ...","Earthquake","Earthquake (ground shaking)",32,12833,12865,1.0614777016636376,13655.910631902698,0,455328]
[26,11,2004,"26/11/2004","Asia","Viet Nam","Hue, Quang Ngai, Quang Na ...","Storm","Tropical cyclone",56,500000,500056,1.0609535090316848,530536.16791234817,0,1084809]
[10,12,2004,"18/12/2004","Asia","Thailand","Sukhirin (Narathiwat), Ph ...","Flood","General flood",2,5000,5002,1.0335247700424897,5169.6908997525334,0,5000091]
[11,12,2004,"23/12/2004","Asia","Sri Lanka","Kilinochchi, Jaffna, Vavu ...","Flood","General flood",6,200000,200006,1.0492586812329301,209858.03179867342,0,1250003]
[18,12,2004,"19/12/2004","Southern Africa","Angola","Dondo district (Kwanza No ...","Flood","General flood",1,2000,2001,1.116255231912531,2233.6267190569743,0,331727]
[26,12,2004,"26/12/2004","Asia","Myanmar","Irrawaddy delta, Labutta, ...","Earthquake","Tsunami",71,15700,15771,1.0410979483217444,16419.155742982231,0,91070]
[26,12,2004,"26/12/2004","Asia","Thailand","Krabi, Phang Nga, Phuket, ...","Earthquake","Tsunami",8345,67007,75352,1.0335247700424897,77878.158472241674,0,700055]
[26,12,2004,"26/12/2004","East and Central Africa","Somalia","Puntland, Bari, Nugal, Mu ...","Earthquake","Tsunami",298,105083,105381,1.1553930530164533,121756.47531992687,0,30005]
[26,12,2004,"26/12/2004","Asia","India","Tamil Nadu state, Andaman ...","Earthquake","Tsunami",16389,654512,670901,1.0752860061614724,721410.45681973803,0,18701103]
[26,12,2004,"26/12/2004","Asia","Indonesia","Aceh province (Sumatra)","Earthquake","Tsunami",165708,532898,698606,1.0614777016636376,741554.69124842726,0,455328]
[26,12,2004,"26/12/2004","Asia","Sri Lanka",null,"Earthquake","Tsunami",35399,1019306,1054705,1.0492586812329301,1106658.3773897775,0,135001]
[0,1,2005,"00/02/2005","Asia","Afghanistan","Badakshan, Daikundi, Ghaz ...","Storm",null,260,22656,22916,1.1403007283264155,26131.131490328138,0,271804]
[3,1,2005,"2005-03-01","Latin America and Carribean","Brazil","Criciuma","Storm","Local storm",2,344,346,1.0640764472758251,368.17045075743545,0,270050]
[22,1,2005,"23/01/2005","Southern Africa","Madagascar","Tsihombe, Ambovombe, Tule ...","Storm","Tropical cyclone",78,7985,8063,1.1621887287024901,9370.7277195281786,0,988502]
[24,1,2005,"24/01/2005","Asia","Indonesia","C�l�bes (Sulawesi)","Earthquake","Earthquake (ground shaking)",1,684,685,1.0614777016636376,727.11222563959177,0,455328]
[25,1,2005,"2005-09-02","Southern Africa","Mozambique","Mutarara (Tete province) ...","Flood","General flood",35,400000,400035,1.0946214151037015,437886.8777910092,0,2502240]
[27,1,2005,"28/03/2005","Southern Africa","Angola","North Cuanza (Kwanza-Nort ...","Flood","General flood",null,10000,10000,1.116255231912531,11162.552319125309,0,331727]
[29,1,2005,"2005-11-02","Latin America and Carribean","Brazil","Sao Paulo, Minas Gerais s ...","Flood","General flood",19,10000,10019,1.0640764472758251,10660.981925256492,0,3021023]
[2,2,2005,"2005-02-02","East and Central Africa","Burundi","Gatumba, Imbo, Kinyinya H ...","Flood","Flash flood",null,5000,5000,1.2084048027444254,6042.0240137221272,0,23004]
[9,2,2005,"16/02/2005","Asia","Pakistan","Pasni Tehsil, Chaman, Pis ...","Flood","General flood",520,7000450,7000970,1.0850992201941558,7596747.0876026796,0,4800474]
[11,2,2005,"26/02/2005","Latin America and Carribean","Colombia","Bucaramanga, Cimitarra, G ...","Flood","General flood",56,85729,85785,1.0654888160431932,91402.958084265338,0,1207119]
[15,2,2005,"21/02/2005","Asia","India","Verinag , Qazigund, Ramsu ...","Mass Movement","Avalanche",250,5000,5250,1.0752860061614724,5645.2515323477301,0,100160]
[21,2,2005,"21/02/2005","Asia","Indonesia","Bandung","Mass Movement","Landslide",143,null,143,1.0614777016636376,151.79131133790017,0,204817]
[2,3,2005,"2005-08-03","Asia","Pakistan","Qila Abdullah, Chaman, Gw ...","Flood","General flood",15,5000,5015,1.0850992201941558,5441.7725892736917,0,4800474]
[2,3,2005,"15/03/2005","Southern Africa","Madagascar","Lake Alaotra, Mangoro reg ...","Flood","General flood",25,58717,58742,1.1621887287024901,68269.290301441681,0,2510147]
[5,3,2005,"2005-05-04","Asia","Afghanistan","Nimroz, Urozgan, Farah, G ...","Flood","General flood",3,1500,1503,1.1403007283264155,1713.8719946746025,0,300013]
[5,3,2005,"25/03/2005","Asia","Afghanistan","Chakhansur, Chahar Burjak ...","Flood","General flood",200,11003,11203,1.1403007283264155,12774.789059440833,0,300013]
[20,3,2005,"24/03/2005","Asia","Pakistan","districts: Kohlu, Sibbi. ...","Flood","Flash flood",20,3500,3520,1.0850992201941558,3819.5492550834288,0,4800474]
[20,3,2005,"23/03/2005","Asia","Bangladesh","Gaibandha, Rangpur distri ...","Storm","Local storm",79,11500,11579,1.0678619925551105,12364.774011795624,0,1590000]
[23,3,2005,"24/03/2005","Asia","India","Burdwan, Bay of Bengal (W ...","Storm",null,18,7550,7568,1.0752860061614724,8137.7644946300234,0,1010100]
[24,3,2005,"26/03/2005","Southern Africa","Madagascar","Taolagnaro area (South)","Flood","General flood",4,900,904,1.1621887287024901,1050.618610747051,0,2510147]
[28,3,2005,"28/03/2005","Asia","Indonesia","Simeule, Nias, Banyak Isl ...","Earthquake","Earthquake (ground shaking)",915,105313,106228,1.0614777016636376,112758.6532923249,0,455328]
[31,3,2005,"31/03/2005","Asia","Bangladesh","Natore, Manikganj, Sirajg ...","Storm","Tropical cyclone",24,10500,10524,1.0678619925551105,11238.179609649982,0,1590000]
[12,4,2005,"2005-12-04","Asia","Indonesia","Sumatra Isl.","Volcano","Volcanic eruption",null,26000,26000,1.0614777016636376,27598.420243254579,0,12865]
[12,4,2005,"2005-07-05","Latin America and Carribean","Colombia","Bocaya, Antioquia, Umbria ...","Flood","General flood",23,41530,41553,1.0654888160431932,44274.256773042805,0,1207119]
[16,4,2005,"18/04/2005","East and Central Africa","Tanzania Uni Rep","Mwanakelekwe, Jang'Ombe, ...","Flood","General flood",1,10548,10549,1.1091313441529216,11700.226549469169,0,201597]
[20,4,2005,"20/04/2005","Middle East and Europe","Serbia Montenegro","Jasa Tomic, Plandiste, Ve ...","Flood","General flood",2,3790,3792,0.9790722474006931,3712.6419621434284,0,35000]
[23,4,2005,"28/04/2005","Middle East and Europe","Georgia","Oni, Ambrolauri, Tsageri ...","Flood","General flood",null,2500,2500,0.98375026726534098,2459.3756681633527,0,19162]
[23,4,2005,"14/06/2005","East and Central Africa","Somalia","Hargeisa, Jowhar, Burco, ...","Flood","Flash flood",5,5020,5025,1.1553930530164533,5805.8500914076776,0,299052]
[23,4,2005,"26/04/2005","East and Central Africa","Kenya",null,"Flood","Flash flood",1,25000,25001,1.1470840971585701,28678.249513061412,0,900086]
[23,4,2005,"26/04/2005","East and Central Africa","Ethiopia","Ogaden region, Gode. West ...","Flood","Flash flood",156,235418,235574,1.1738196852493998,276521.39853294211,0,361680]
[25,4,2005,"27/04/2005","Middle East and Europe","Yemen","Sanaa, Hodeaida regions","Flood","General flood",10,715,725,1.1548291963627426,837.25116736298844,0,238548]
[26,4,2005,"27/04/2005","Asia","Indonesia","Sumatra - Aceh Tenggara D ...","Flood","Flash flood",47,768,815,1.0614777016636376,865.10432685586466,0,3183701]
[4,5,2005,"2005-08-05","Asia","Afghanistan","Purchaman district (Farah ...","Flood","General flood",20,500,520,1.1403007283264155,592.956378729736,0,300013]
[5,5,2005,"2005-05-05","Latin America and Carribean","El Salvador","Apaneca, Juayua","Earthquake","Earthquake (ground shaking)",1,751,752,1.0882002383790226,818.32657926102502,0,402]
[6,5,2005,"2005-06-05","Asia","Bangladesh","Rangpur, Dinadjpur distri ...","Storm",null,11,1500,1511,1.0678619925551105,1613.5394707507719,0,1590000]
[14,5,2005,"14/05/2005","Asia","Bangladesh","Pabna district","Storm",null,2,100,102,1.0678619925551105,108.92192324062127,0,1590000]
[18,5,2005,"24/05/2005","East and Central Africa","Kenya","Rift Valley, West region, ...","Flood","Flash flood",5,10000,10005,1.1470840971585701,11476.576392071494,0,900086]
[21,5,2005,"21/05/2005","Asia","Thailand","Lampang, Nan provinces","Storm",null,null,1500,1500,1.0335247700424897,1550.2871550637344,0,450213]
[25,5,2005,"28/05/2005","Asia","Bangladesh","Maulvibazar, Habiganj dis ...","Flood","Flash flood",13,50000,50013,1.0678619925551105,53406.981833658741,0,4100012]
[26,5,2005,"26/05/2005","Asia","Viet Nam","Vinh Thuan district (Kien ...","Flood","General flood",null,593,593,1.0609535090316848,629.14543085578907,0,4079074]
[1,6,2005,"2005-04-06","Latin America and Carribean","Brazil","Recife, Vitoria de Santo ...","Flood","General flood",28,31000,31028,1.0640764472758251,33016.164006074301,0,3021023]
[2,6,2005,"2005-10-06","Asia","Papua New Guinea","Aitavala, Masele, Kilenge ...","Volcano","Volcanic eruption",null,15000,15000,1.114889705882353,16723.345588235294,0,0]
[4,6,2005,"2005-05-06","East and Central Africa","Somalia","Bu'ale district (Middle J ...","Flood","Flash flood",7,2500,2507,1.1553930530164533,2896.5703839122484,0,299052]
[5,6,2005,"2005-05-06","Asia","Papua New Guinea","Lae (Morobe province)","Earthquake","Earthquake (ground shaking)",1,200,201,1.114889705882353,224.09283088235296,0,90000]
[6,6,2005,"2005-06-06","West Africa","Mali","Ansongo, Watagouna, Talat ...","Flood","General flood",null,125,125,1.1369704961265865,142.12131201582332,0,47264]
[7,6,2005,"15/06/2005","Latin America and Carribean","Haiti","C�tes-de-Fer","Flood",null,null,24725,24725,1.0962477665276951,27104.726027397261,0,1588122]
[15,6,2005,"16/06/2005","Latin America and Carribean","Guatemala","El Calvario (San Antonio ...","Mass Movement","Landslide",68,474,542,1.1122055322991053,602.81539850611512,0,2000]
[16,6,2005,"17/06/2005","Asia","Afghanistan","Badakhstan, Takhar, Saman","Flood","General flood",48,5040,5088,1.1403007283264155,5801.8501057248022,0,300013]
[17,6,2005,"20/06/2005","East and Central Africa","Kenya","Bukhay, Walwasi (Busia di ...","Flood","General flood",20,1200,1220,1.1470840971585701,1399.4425985334556,0,900086]
[21,6,2005,"2005-05-08","Asia","Pakistan","Charsadda, Nowshera, Pesh ...","Flood","General flood",39,460073,460112,1.0850992201941558,499267.17240197345,0,4800474]
[24,6,2005,"27/06/2005","Latin America and Carribean","El Salvador","San Pedro Puxtla, San Sal ...","Flood","General flood",null,3000,3000,1.0882002383790226,3264.6007151370677,0,1335373]
[24,6,2005,"27/06/2005","Latin America and Carribean","Honduras","Tegucigalpa area.","Flood","General flood",5,48000,48005,1.1106631447240372,53317.384262477404,0,2126600]
[26,6,2005,"29/06/2005","Asia","India","Rampur. Kinnaur region: S ...","Flood","General flood",6,5000,5006,1.0752860061614724,5382.8817468443312,0,5500325]
[28,6,2005,"15/07/2005","Asia","India","Surat, Valsad, Navsari, B ...","Flood","General flood",239,405000,405239,1.0752860061614724,435747.82585086889,0,5500325]
[2,7,2005,"15/07/2005","Asia","India","Sagar, Chattarpur, Damoh, ...","Flood","General flood",62,49000,49062,1.0752860061614724,52755.682034294157,0,5500325]
[5,7,2005,"14/08/2005","Asia","India","Himachacl Pradesh, Punjab ...","Flood","General flood",10,2000,2010,1.0752860061614724,2161.3248723845595,0,5500325]
[5,7,2005,"14/08/2005","Asia","Pakistan","Punjab, Sindh provinces","Flood","General flood",42,58020,58062,1.0850992201941558,63003.030922913073,0,4800474]
[7,7,2005,"2005-07-07","Latin America and Carribean","Haiti","Southern, Western, Nippes ...","Storm","Tropical cyclone",40,15036,15076,1.0962477665276951,16527.031328171532,0,1165220]
[7,7,2005,"27/07/2005","Asia","Nepal","districts - Banke, Sunsar ...","Flood","General flood",null,30000,30000,1.0685760685022514,32057.282055067542,0,800200]
[7,7,2005,"27/07/2005","Asia","Bangladesh","Kurigram, Gaibandha, Lalm ...","Flood","General flood",23,1000000,1000023,1.0678619925551105,1067886.5533809392,0,4100012]
[7,7,2005,"28/07/2005","Asia","India","Majuli, Didrugarh, Jorhat ...","Flood","General flood",70,1908000,1908070,1.0752860061614724,2051720.9697765207,0,5500325]
[8,7,2005,"2005-09-07","Latin America and Carribean","Cuba","Cienfuegos, La Habana, Ci ...","Storm","Tropical cyclone",16,2500000,2500016,1.0133321561010065,2533346.603567014,0,498895]
[10,7,2005,"2005-10-07","Asia","India","Telangana and coastal reg ...","Flood","General flood",12,10000,10012,1.0752860061614724,10765.763493688662,0,5500325]
[12,7,2005,"13/07/2005","Latin America and Carribean","Guatemala","Guatemala, Izabal","Mass Movement","Landslide",7,1005,1012,1.1122055322991053,1125.5519986866946,0,2000]
[14,7,2005,"15/07/2005","Latin America and Carribean","Haiti","Saint-Marc (North)","Flood",null,14,15014,15028,1.0962477665276951,16474.411435378202,0,1588122]
[17,7,2005,"17/07/2005","Latin America and Carribean","Haiti","Saint-Marc (Bas Artibonit ...","Storm","Tropical cyclone",6,750,756,1.0962477665276951,828.76331149493751,0,1165220]
[23,7,2005,"16/08/2005","Asia","India","Karnataka, Andhra Pradres ...","Flood","General flood",126,100000,100126,1.0752860061614724,107664.08665292358,0,5500325]
[24,7,2005,"2005-05-08","Asia","India","Gujarat, Madhya Pradesh, ...","Flood","General flood",1200,20000055,20001255,1.0752860061614724,21507069.607167181,0,5500325]
[13,8,2005,"16/08/2005","Asia","Viet Nam","Nghe An province","Storm",null,13,6500,6513,1.0609535090316848,6909.9902043233633,0,1084809]
[13,8,2005,"31/08/2005","Asia","Thailand","Chiang Mai, Mae Hong Son, ...","Flood","General flood",21,119310,119331,1.0335247700424897,123331.54433394033,0,5000091]
[14,8,2005,"16/08/2005","West Africa","Sierra Leone","Taninahum, Swao, Bandakoh ...","Flood","Flash flood",20,15000,15020,1.1142735768903993,16736.389124893798,0,200012]
[19,8,2005,"19/08/2005","Asia","Papua New Guinea","Vito (Central Bougainvill ...","Flood","General flood",1,2493,2494,1.114889705882353,2780.5349264705883,0,75300]
[19,8,2005,"2005-01-09","East and Central Africa","Ethiopia","Oromiya region","Flood","General flood",null,7000,7000,1.1738196852493998,8216.7377967457996,0,361680]
[26,8,2005,"28/08/2005","Asia","India","Azamgarh area (Uttar Prad ...","Flood","Flash flood",27,800000,800027,1.0752860061614724,860257.83765134425,0,5500325]
[0,9,2005,"00/10/2005","East and Central Africa","Ethiopia","Northern Afar region","Volcano","Volcanic eruption",null,9000,9000,1.1738196852493998,10564.377167244598,0,0]
[8,9,2005,"29/09/2005","Asia","Viet Nam","Dong Thap, An Giang, Tan ...","Flood","General flood",39,30000,30039,1.0609535090316848,31869.98245780278,0,4079074]
[14,9,2005,"20/09/2005","Asia","India","Rajnandgaon, Durg distric ...","Flood","General flood",89,550000,550089,1.0752860061614724,591503.00384335825,0,5500325]
[15,9,2005,"17/11/2005","Latin America and Carribean","Colombia","Antioquia, , Atlantico, B ...","Flood","General flood",101,474607,474708,1.0654888160431932,505796.0648862322,0,1207119]
[16,9,2005,"19/09/2005","Asia","India","Himachal Pradesh, Uttar P ...","Flood","General flood",23,2504,2527,1.0752860061614724,2717.247737570041,0,5500325]
[18,9,2005,"19/09/2005","Asia","Viet Nam","Thanh Hoa, Nghe An, Ha Ti ...","Storm","Tropical cyclone",8,8500,8508,1.0609535090316848,9026.5924548415751,0,1084809]
[20,9,2005,"20/09/2005","Asia","Bangladesh",null,"Storm",null,16,12000,12016,1.0678619925551105,12831.429702542207,0,1590000]
[20,9,2005,"20/09/2005","Asia","India","Andhra Pradesh, Orissa st ...","Storm",null,33,61000,61033,1.0752860061614724,65627.93081405315,0,1010100]
[21,9,2005,"27/09/2005","West Africa","Mali","Kayes","Flood",null,null,1735,1735,1.1369704961265865,1972.6438107796275,0,47264]
[24,9,2005,"29/09/2005","Asia","Nepal","Kanchanpur, Baitadi, Dade ...","Flood","General flood",51,1600,1651,1.0685760685022514,1764.219089097217,0,800200]
[25,9,2005,"25/09/2005","Latin America and Carribean","Peru","Moyabamba (Lamas area, Sa ...","Earthquake","Earthquake (ground shaking)",5,2505,2510,1.0661651991016363,2676.0746497451073,0,5070]
[26,9,2005,"30/09/2005","Asia","Thailand","Lampang, Chiang Mai, Chia ...","Storm","Tropical cyclone",10,2000,2010,1.0335247700424897,2077.3847877854041,0,450213]
[27,9,2005,"30/09/2005","Asia","Viet Nam","Yen Bai, Tram Tau, Nghia ...","Storm","Tropical cyclone",75,337660,337735,1.0609535090316848,358321.13337281608,0,1084809]
[28,9,2005,"2005-10-10","Latin America and Carribean","Honduras","Sula valley, Potrerillos, ...","Storm","Tropical cyclone",6,2869,2875,1.1106631447240372,3193.156541081607,0,608000]
[0,10,2005,"00/10/2005","Latin America and Carribean","Haiti","Bas-Arbonite","Storm","Tropical cyclone",1,10000,10001,1.0962477665276951,10963.573913043478,0,1165220]
[0,10,2005,"00/10/2005","Latin America and Carribean","Haiti","La Gonave Isl., South","Flood","General flood",11,20010,20021,1.0962477665276951,21947.976533650984,0,1588122]
[1,10,2005,"2005-01-10","Latin America and Carribean","El Salvador","Sonsonate, La Libertard, ...","Volcano","Volcanic eruption",2,2000,2002,1.0882002383790226,2178.5768772348033,0,8002]
[1,10,2005,"13/10/2005","Latin America and Carribean","Nicaragua","San Sebastian de Yaliin ( ...","Storm","Tropical cyclone",3,7880,7883,1.0963613091972939,8642.6162004022681,0,300076]
[1,10,2005,"13/10/2005","Latin America and Carribean","El Salvador","San Salvador, Lourdes, Ch ...","Storm","Tropical cyclone",69,72141,72210,1.0882002383790226,78578.939213349222,0,256336]
[1,10,2005,"13/10/2005","Latin America and Carribean","Guatemala","Escuintla, Jutiapa, Santa ...","Storm","Tropical cyclone",1513,475314,476827,1.1122055322991053,530329.62734958553,0,98740]
[3,10,2005,"2005-03-10","Latin America and Carribean","El Salvador",null,"Flood","General flood",7,5450,5457,1.0882002383790226,5938.3087008343264,0,1335373]
[3,10,2005,"2005-03-10","Latin America and Carribean","Guatemala",null,"Flood","General flood",31,7435,7466,1.1122055322991053,8303.726504145121,0,476827]
[3,10,2005,"20/10/2005","Asia","Bangladesh","Naogaon, Joypurhat, Gaib ...","Flood","Flash flood",19,100000,100019,1.0678619925551105,106806.48863336959,0,4100012]
[7,10,2005,"2005-10-10","Asia","Viet Nam","Quang Binh, Quang Tri and ...","Flood","General flood",17,10000,10017,1.0609535090316848,10627.571299970386,0,4079074]
[8,10,2005,"2005-08-10","Asia","India","Jammu and Kashmir","Earthquake","Earthquake (ground shaking)",1309,156622,157931,1.0752860061614724,169820.99423908751,0,18701103]
[8,10,2005,"2005-08-10","Asia","Pakistan","Bagh, Muzzafarabad, Poonc ...","Earthquake","Earthquake (ground shaking)",73338,5128000,5201338,1.0850992201941558,5643967.8077662298,0,1266453]
[18,10,2005,"19/10/2005","Asia","Indonesia","Seumadam/Semadam district ...","Flood","Flash flood",28,12211,12239,1.0614777016636376,12991.425590661262,0,3183701]
[19,10,2005,"24/10/2005","Latin America and Carribean","Cuba","Santiago de Cuba, Granma, ...","Storm","Tropical cyclone",4,100000,100004,1.0133321561010065,101337.26893872506,0,498895]
[20,10,2005,"28/10/2005","Asia","Viet Nam","Binh Dinh, Quang Ngai, Ph ...","Flood","Flash flood",67,33800,33867,1.0609535090316848,35931.312490376069,0,4079074]
[21,10,2005,"24/10/2005","Asia","India","East Midnapore, South 24 ...","Flood","General flood",19,2250000,2250019,1.0752860061614724,2419413.9442974301,0,5500325]
[22,10,2005,"24/10/2005","Latin America and Carribean","Haiti","Dame Marie, Irois (Grande ...","Storm","Tropical cyclone",12,2192,2204,1.0962477665276951,2416.1300774270399,0,1165220]
[23,10,2005,"13/11/2005","Asia","India","Salem, Namakkal, Karur, E ...","Flood","General flood",162,2000000,2000162,1.0752860061614724,2150746.2086559432,0,5500325]
[29,10,2005,"29/10/2005","Latin America and Carribean","Colombia","Providencia Isl., San And ...","Storm","Tropical cyclone",null,3074,3074,1.0654888160431932,3275.312620516776,0,1207119]
[30,10,2005,"30/10/2005","Latin America and Carribean","Nicaragua","Wiwili, Waspam, San Jos� ...","Storm","Tropical cyclone",4,5763,5767,1.0963613091972939,6322.7156701407939,0,300076]
[30,10,2005,"15/11/2005","Latin America and Carribean","Honduras","Gracias a Dios, Atlandida ...","Storm","Tropical cyclone",null,11000,11000,1.1106631447240372,12217.294591964408,0,608000]
[0,11,2005,"00/11/2005","Southern Africa","Zambia","Kazungula","Flood","General flood",null,4000,4000,1.0847503373819163,4339.0013495276653,0,1300000]
[2,11,2005,"2005-04-11","Asia","Viet Nam","Quang Nam, Quang Ngai (So ...","Storm","Tropical cyclone",20,15000,15020,1.0609535090316848,15935.521705655907,0,1084809]
[18,11,2005,"20/11/2005","Latin America and Carribean","Honduras","Atlantida, Colon, Cortes, ...","Storm","Tropical cyclone",47,90000,90047,1.1106631447240372,100011.88419296537,0,608000]
[21,11,2005,"23/11/2005","Asia","Sri Lanka","Colombo, Ratmala, Gampaha ...","Flood","General flood",6,145000,145006,1.0492586812329301,152148.80433086227,0,1250003]
[23,11,2005,"2006-12-01","Asia","Thailand","Songkhla, Trang, Satun, N ...","Flood","Flash flood",55,700000,700055,1.0335247700424897,723524.18289209506,0,5000091]
[2,12,2005,"2005-03-12","Asia","India","Tamil Nadu","Flood","General flood",30,200000,200030,1.0752860061614724,215089.45981247933,0,5500325]
[4,12,2005,"24/12/2005","Asia","Viet Nam","Khank Hoa, Dak Lak, Phu Y ...","Flood","General flood",69,18000,18069,1.0609535090316848,19170.368954693513,0,4079074]
[5,12,2005,"2005-05-12","East and Central Africa","Tanzania Uni Rep","Kungwe, Kidwesa (near Lak ...","Earthquake","Earthquake (ground shaking)",2,5000,5002,1.1091313441529216,5547.8749834529135,0,6500]
[6,12,2005,"2005-09-12","Middle East and Europe","Bosnia-Hercegovenia","Bihac, Bosanska Krupa, Sa ...","Flood","General flood",null,3100,3100,1.0433408577878105,3234.3566591422127,0,275000]
[13,12,2005,"13/12/2005","Asia","Afghanistan","Hindu Kush","Earthquake","Earthquake (ground shaking)",5,501,506,1.1403007283264155,576.99216853316625,0,121635]
[22,12,2005,"2006-07-02","Southern Africa","Malawi","Chikwawa, Nsanje (Lower S ...","Flood","General flood",1,44500,44501,1.1449747998814113,50952.52356952268,0,500059]
[22,12,2005,"2006-07-02","Southern Africa","Mozambique","Nampula, Sofala, Gaza, Za ...","Flood","General flood",32,400000,400032,1.0946214151037015,437883.59392676392,0,2502240]
[27,12,2005,"29/12/2005","Asia","Afghanistan","Dehhadi district (Balkh p ...","Flood","General flood",null,125,125,1.1403007283264155,142.53759104080194,0,300013]
[28,12,2005,"28/12/2005","Asia","Afghanistan","Mazari Sherif area","Flood","General flood",null,150,150,1.1403007283264155,171.04510924896232,0,300013]
[31,12,2005,"2006-03-01","Asia","Indonesia","Panti, Tanggul, Arjasa, R ...","Flood","Flash flood",79,7811,7890,1.0614777016636376,8375.0590661261012,0,3183701]
[0,1,2006,"00/01/2006","Southern Africa","Angola","Huila, Benguela provinces ...","Flood","General flood",null,225,225,1.116255231912531,251.15742718031947,0,331727]
[0,1,2006,"00/03/2006","Latin America and Carribean","Peru","Tumbes, Zorritos, Casitas ...","Flood","General flood",14,250000,250014,1.0661651991016363,266556.2260881965,0,3283034]
[1,1,2006,"2006-04-01","Asia","Indonesia","Sijeruk (Banjarnegara dis ...","Mass Movement","Landslide",156,8313,8469,1.0614777016636376,8989.6546553893477,0,204817]
[1,1,2006,"27/04/2006","Latin America and Carribean","Colombia","Choc�, Valle del Cauca, C ...","Flood","General flood",150,221465,221615,1.0654888160431932,236128.30396741227,0,1207119]
[1,1,2006,"2006-01-01","Latin America and Carribean","Bolivia","El Salao","Flood","General flood",29,310000,310029,1.0963297696462031,339894.02215364273,0,485075]
[13,1,2006,"13/01/2006","Asia","Afghanistan","Sar-i-Pul, Badakhshan pro ...","Mass Movement","Landslide",13,300000,300013,1.1403007283264155,342105.04240739287,0,271804]
[15,1,2006,"00/03/2006","Asia","East Timor","Oecusse, Baucau, Suai, Li","Storm",null,null,8730,8730,1.1084452975047985,9676.7274472168901,0,0]
[20,1,2006,"18/04/2006","Asia","Papua New Guinea","Bapa (Morobe province)","Mass Movement","Landslide",14,10000,10014,1.114889705882353,11164.505514705883,0,2494]
[22,1,2006,"27/01/2006","Asia","Indonesia","Bali, Lombok","Mass Movement","Landslide",11,3000,3011,1.0614777016636376,3196.1093597092131,0,204817]
[25,1,2006,"17/04/2006","Latin America and Carribean","Bolivia","City of La Paz, Los Yunga ...","Flood","General flood",40,339495,339535,1.0963297696462031,372242.32833682356,0,485075]
[26,1,2006,"14/02/2006","Asia","Indonesia","Rembang, Demak, Semarang, ...","Flood","General flood",19,10000,10019,1.0614777016636376,10634.945092967986,0,3183701]
[31,1,2006,"31/01/2006","East and Central Africa","Burundi","Gatumba zone (Bujumbura r ...","Storm",null,null,1505,1505,1.2084048027444254,1818.6492281303601,0,5001]
[3,2,2006,"19/02/2006","Asia","Papua New Guinea","Rapa, Mou, Apanaipi, Babi ...","Flood","General flood",1,12000,12001,1.114889705882353,13379.791360294119,0,75300]
[4,2,2006,"2006-04-02","Southern Africa","Madagascar","Androka, Itampolo commune ...","Storm","Tropical cyclone",3,6212,6215,1.1621887287024901,7223.0029488859764,0,988502]
[10,2,2006,"18/02/2006","Asia","Thailand","Narathiwat, Nakhon Si Tha ...","Flood","General flood",null,2000,2000,1.0335247700424897,2067.0495400849795,0,5000091]
[13,2,2006,"23/02/2006","Asia","Indonesia","Manado city, Minahasa (N ...","Flood","Flash flood",39,17539,17578,1.0614777016636376,18658.655039843423,0,3183701]
[16,2,2006,"2006-06-05","Latin America and Carribean","Ecuador","Guayas, Los Rios, El Oro, ...","Flood","General flood",16,57670,57686,1.0826379739423218,62453.054164836773,0,700307]
[20,2,2006,"23/02/2006","Middle East and Europe","Yemen","Ma'arbar (Dhamar province ...","Flood","Flash flood",5,2000,2005,1.1548291963627426,2315.432538707299,0,238548]
[21,2,2006,"2006-02-03","Middle East and Europe","Serbia Montenegro","Rahovec, Vushtrri, Lipjan ...","Flood","General flood",null,1200,1200,0.9790722474006931,1174.8866968808318,0,35000]
[23,2,2006,"23/02/2006","Southern Africa","Mozambique","Machaze, Espungabera, Mos ...","Earthquake","Earthquake (ground shaking)",4,1476,1480,1.0946214151037015,1620.0396943534781,0,70023]
[4,3,2006,"2006-04-03","Asia","Bangladesh","Bagerhat, Khulna district ...","Storm","Local storm",4,5899,5903,1.0678619925551105,6303.5893420528173,0,1590000]
[7,3,2006,"14/03/2006","Southern Africa","Malawi","Malindi (Mangochi region) ...","Flood","General flood",3,8000,8003,1.1449747998814113,9163.2333234509351,0,500059]
[9,3,2006,"2006-10-03","Asia","India","Madhya Prasdesh, Maharash ...","Flood","General flood",61,113,174,1.0752860061614724,187.0997650720962,0,5500325]
[14,3,2006,"14/03/2006","Asia","Indonesia","Pela, Batu Junku, Waimaro ...","Earthquake","Earthquake (ground shaking)",3,1202,1205,1.0614777016636376,1279.0806305046833,0,455328]
[25,3,2006,"23/04/2006","Latin America and Carribean","Brazil","Maraba, Porto de Moz, Cap ...","Flood","General flood",8,116000,116008,1.0640764472758251,123441.38049557392,0,3021023]
[26,3,2006,"30/03/2006","Southern Africa","South Africa","Taung municipality","Flood","General flood",6,4160,4166,1.0342438346355538,4308.6598150917171,0,100022]
[27,3,2006,"23/04/2006","Latin America and Carribean","Peru","Ubinas, Matalaque, Chojat ...","Volcano","Volcanic eruption",null,4000,4000,1.0661651991016363,4264.6607964065452,0,12266]
[28,3,2006,"2006-12-07","Latin America and Carribean","Colombia","Pasto, Narino, La Florida ...","Volcano","Volcanic eruption",null,8500,8500,1.0654888160431932,9056.654936367142,0,7076]
[3,4,2006,"2006-05-04","Middle East and Europe","Yemen","Dhamar, Hodeida, Manakhah ...","Flood","General flood",25,320,345,1.1548291963627426,398.41607274514621,0,238548]
[4,4,2006,"22/05/2006","East and Central Africa","Kenya","Isiolo, Moyale, Nairobi","Flood","General flood",60,17300,17360,1.1470840971585701,19913.379926672776,0,900086]
[4,4,2006,"2006-11-05","Middle East and Europe","Serbia Montenegro","Novi Sad, Slankamen, Saba ...","Flood","General flood",null,35000,35000,0.9790722474006931,34267.528659024261,0,35000]
[5,4,2006,"2006-06-04","Asia","Bangladesh","Dhaka","Storm","Tropical cyclone",9,1465,1474,1.0678619925551105,1574.0285770262328,0,1590000]
[7,4,2006,"2006-07-04","Asia","Viet Nam","Yen Chau district (Son La ...","Storm",null,1,1005,1006,1.0609535090316848,1067.319230085875,0,1084809]
[8,4,2006,"2006-08-04","Asia","Bangladesh","Tangail, Sirajganj, Kazip ...","Storm","Tropical cyclone",22,1500,1522,1.0678619925551105,1625.2859526688783,0,1590000]
[9,4,2006,"25/04/2006","East and Central Africa","Ethiopia","Eastern Afar, Eastern Som ...","Flood","General flood",null,10000,10000,1.1738196852493998,11738.196852493998,0,361680]
[12,4,2006,"18/04/2006","Asia","Papua New Guinea","Ambunti-Drekikier elector ...","Flood","General flood",null,400,400,1.114889705882353,445.95588235294122,0,75300]
[15,4,2006,"24/04/2006","Middle East and Europe","Georgia","Tskhoushi, Chkhou, Khoni, ...","Flood","General flood",null,600,600,0.98375026726534098,590.25016035920464,0,19162]
[18,4,2006,"15/05/2006","Asia","Indonesia","Boyolali, Magelang, Klate ...","Volcano","Volcanic eruption",null,11000,11000,1.0614777016636376,11676.254718300013,0,12865]
[19,4,2006,"23/04/2006","Asia","Indonesia","Bendungan, Trenggalek, Og ...","Flood","General flood",22,402,424,1.0614777016636376,450.06654550538235,0,3183701]
[22,4,2006,"24/04/2006","Asia","Bangladesh","Rajshai, Khulna, Jessore","Storm",null,4,150,154,1.0678619925551105,164.450746853487,0,1590000]
[24,4,2006,"24/04/2006","East and Central Africa","Burundi","Murwi (Buhayira zone, Cib ...","Flood","Flash flood",1,1200,1201,1.2084048027444254,1451.2941680960548,0,23004]
[25,4,2006,"2006-04-05","East and Central Africa","Kenya","Nyanza, Mombasa provinces","Flood","General flood",8,13000,13008,1.1470840971585701,14921.26993583868,0,900086]
[27,4,2006,"30/04/2006","Asia","Papua New Guinea","Kuma (Upper Mendi region, ...","Mass Movement","Landslide",1,300,301,1.114889705882353,335.58180147058829,0,2494]
[28,4,2006,"2006-01-05","Asia","Afghanistan","Gurziwan district (Faryab ...","Flood","Flash flood",19,5025,5044,1.1403007283264155,5751.6768736784397,0,300013]
[29,4,2006,"2006-05-05","Asia","Myanmar","Irrawaddy, Rakhine, Araka ...","Storm","Tropical cyclone",34,60106,60140,1.0410979483217444,62611.630612069712,0,359999]
[0,5,2006,"00/05/2006","Asia","Afghanistan","Gurziwan, Belcheragh dist ...","Flood","General flood",null,1735,1735,1.1403007283264155,1978.4217636463309,0,300013]
[9,5,2006,"17/05/2006","East and Central Africa","Tanzania Uni Rep","Moshi district - Kilimand ...","Flood","General flood",null,19000,19000,1.1091313441529216,21073.49553890551,0,201597]
[10,5,2006,"23/05/2006","Latin America and Carribean","Ecuador","Tungurahua, Chimborazo pr ...","Volcano","Volcanic eruption",null,250,250,1.0826379739423218,270.65949348558041,0,128150]
[17,5,2006,"28/05/2006","East and Central Africa","Burundi","Muheka (Bururi province) ...","Flood","General flood",1,5000,5001,1.2084048027444254,6043.2324185248717,0,23004]
[17,5,2006,"17/05/2006","Asia","Viet Nam",null,"Storm","Tropical cyclone",204,600000,600204,1.0609535090316848,636788.53993485332,0,1084809]
[18,5,2006,"18/05/2006","East and Central Africa","Burundi","Bujumbura, Bubanza provin ...","Flood","Flash flood",9,2000,2009,1.2084048027444254,2427.6852487135507,0,23004]
[19,5,2006,"23/05/2006","Asia","Afghanistan","Chichcharan, Shahrak, Tah ...","Flood","General flood",21,615,636,1.1403007283264155,725.23126321560028,0,300013]
[22,5,2006,"2006-11-06","Asia","Thailand","Nan, Phrae, Lamphang, Suk ...","Flood","Flash flood",116,342895,343011,1.0335247700424897,354510.36489704443,0,5000091]
[25,5,2006,"2006-02-06","Asia","India","Kerala state","Flood","General flood",32,10800,10832,1.0752860061614724,11647.498018741069,0,5500325]
[26,5,2006,"28/05/2006","West Africa","Morocco","Er Rachidia province","Flood","General flood",730,35000,35730,1.0577238219457543,37792.472158121804,0,266455]
[27,5,2006,"27/05/2006","Asia","Indonesia","Yogyakarta, Central Java","Earthquake","Earthquake (ground shaking)",5778,3177923,3183701,1.0614777016636376,3379427.6202642247,0,455328]
[31,5,2006,"24/07/2006","Asia","Bangladesh","Sylhet, Zakiganj, Kanaigh ...","Flood","General flood",null,76000,76000,1.0678619925551105,81157.511434188404,0,4100012]
[31,5,2006,"24/07/2006","Asia","India","Assam, Tripura states","Flood","General flood",21,504000,504021,1.0752860061614724,541966.72811151145,0,5500325]
[0,6,2006,"00/06/2006","East and Central Africa","Burundi","Muramvya province","Flood",null,11,1000,1011,1.2084048027444254,1221.697255574614,0,23004]
[0,6,2006,"00/06/2006","West Africa","Togo","Agoe Zongo, Silidji","Flood",null,null,2000,2000,1.1477230655312847,2295.4461310625693,0,125003]
[8,6,2006,"2006-08-06","Latin America and Carribean","Cuba","Guantanamo, Granma, Camag ...","Flood","General flood",2,1500,1502,1.0133321561010065,1522.0248984637117,0,2500016]
[11,6,2006,"2006-11-06","Latin America and Carribean","Cuba","Nueva Paz","Storm","Tropical cyclone",null,268,268,1.0133321561010065,271.57301783506972,0,498895]
[19,6,2006,"23/06/2006","Asia","Indonesia","Sinjai, Jeneponto, Buluku ...","Flood","Flash flood",236,29231,29467,1.0614777016636376,31278.563434922409,0,3183701]
[23,6,2006,"27/06/2006","Asia","Indonesia","North Sulawesi province","Flood","General flood",null,5000,5000,1.0614777016636376,5307.3885083181885,0,3183701]
[24,6,2006,"27/06/2006","Asia","India","Ballia, Chandauli distric ...","Flood","General flood",130,300000,300130,1.0752860061614724,322725.58902924269,0,5500325]
[25,6,2006,"29/06/2006","Asia","Indonesia","Tanh Laut, Tanah Bumbu, K ...","Flood","Flash flood",52,18250,18302,1.0614777016636376,19427.164895847895,0,3183701]
[25,6,2006,"2006-01-07","Latin America and Carribean","Honduras","Cortes, Intibuca","Flood","General flood",39,67447,67486,1.1106631447240372,74954.212984846366,0,2126600]
[4,7,2006,"2006-07-07","Asia","India","Nasvari, Dangs districts ...","Flood","General flood",24,8400,8424,1.0752860061614724,9058.2093159042433,0,5500325]
[6,7,2006,"2006-07-07","Asia","Cambodia","Koh Konh","Flood","General flood",null,5000,5000,1.0654888160431932,5327.4440802159661,0,1669238]
[9,7,2006,"2006-11-07","Asia","Viet Nam","Bac Me district (Ha Giang ...","Flood","Flash flood",4,100,104,1.0609535090316848,110.33916493929522,0,4079074]
[9,7,2006,"13/07/2006","Asia","Pakistan","Govek, Faqir, Api (Waziri ...","Flood","General flood",13,300,313,1.0850992201941558,339.63605592077079,0,4800474]
[11,7,2006,"19/07/2006","Asia","Viet Nam","Bac Can, Lang Son, Vinh P ...","Storm","Tropical cyclone",17,2000,2017,1.0609535090316848,2139.9432277169085,0,1084809]
[12,7,2006,"2006-12-07","Latin America and Carribean","Colombia","La Florida, Ancuya, Sando ...","Volcano","Volcanic eruption",null,8500,8500,1.0654888160431932,9056.654936367142,0,7076]
[13,7,2006,"13/07/2006","Asia","Papua New Guinea","Kaiamu, Malasi, Sulu, Sil ...","Volcano","Volcanic eruption",null,2078,2078,1.114889705882353,2316.7408088235297,0,0]
[17,7,2006,"17/07/2006","Asia","Indonesia","Tasikmalaya, Ciamis, Suka ...","Earthquake","Tsunami",802,35543,36345,1.0614777016636376,38579.407066964908,0,455328]
[18,7,2006,"18/07/2006","Asia","Viet Nam","Bac Kan, Vinh Phuc, Lang ...","Flood","Flash flood",12,2000,2012,1.0609535090316848,2134.63846017175,0,4079074]
[24,7,2006,"22/08/2006","Asia","India","Jammu and Kasmir","Flood","General flood",15,800,815,1.0752860061614724,876.35809502159998,0,5500325]
[24,7,2006,"22/08/2006","Asia","Pakistan","Azad Kashmir, Muzaffaraba ...","Flood","General flood",40,2000,2040,1.0850992201941558,2213.602409196078,0,4800474]
[28,7,2006,"2006-12-09","Asia","India","Andhra Pradesh, Gujarat, ...","Flood","General flood",350,4000065,4000415,1.0752860061614724,4301590.2683384465,0,5500325]
[29,7,2006,"29/07/2006","Asia","Afghanistan","Emam Sahib (Kunduz distri ...","Earthquake","Earthquake (ground shaking)",1,935,936,1.1403007283264155,1067.3214817135249,0,121635]
[30,7,2006,"2006-09-08","Asia","Afghanistan","Nangarhar- Sherzado, Pakt ...","Flood","General flood",54,8000,8054,1.1403007283264155,9183.9820659409506,0,300013]
[30,7,2006,"31/07/2006","Latin America and Carribean","Haiti","Bas Artobonite (Saint Mar ...","Flood","Storm surge/coastal flood",31,38339,38370,1.0962477665276951,42063.026801667656,0,1588122]
[0,8,2006,"00/08/2006","Asia","India","Gujarat","Flood","General flood",null,50000,50000,1.0752860061614724,53764.300308073623,0,5500325]
[1,8,2006,"22/08/2006","Asia","Pakistan","Karachi, Sindh, Katcha","Flood","General flood",74,5050,5124,1.0850992201941558,5560.0484042748549,0,4800474]
[1,8,2006,"2006-10-09","Asia","India","Orissa, Andhra Pradesh, C ...","Flood","General flood",185,2000000,2000185,1.0752860061614724,2150770.9402340846,0,5500325]
[2,8,2006,"2006-04-08","Southern Africa","South Africa","Eastern and Southern Cape ...","Flood","General flood",6,3000,3006,1.0342438346355538,3108.9369669144749,0,100022]
[3,8,2006,"2006-11-10","West Africa","Mali","Sikasso (South), Gao (Nor ...","Flood","Flash flood",1,1000,1001,1.1369704961265865,1138.107466622713,0,47264]
[3,8,2006,"2006-08-08","Asia","Pakistan","North West Frontier","Flood","General flood",233,775,1008,1.0850992201941558,1093.7800139557091,0,4800474]
[3,8,2006,"2006-11-10","West Africa","Niger","Bilma, ngal (Agadez regio ...","Flood","Flash flood",4,46472,46476,1.2038820228978695,55951.620896201384,0,80020]
[4,8,2006,"2006-09-08","East and Central Africa","Somalia","Jowhar, Bardhere, Mangay, ...","Flood","Flash flood",5,2000,2005,1.1553930530164533,2316.5630712979892,0,299052]
[5,8,2006,"2006-08-08","East and Central Africa","Ethiopia","Dire Dawa city, Addiq Ket ...","Flood","Flash flood",498,10096,10594,1.1738196852493998,12435.445745532143,0,361680]
[9,8,2006,"2006-09-08","East and Central Africa","Ethiopia","Tigray region (East)","Flood","General flood",5,450,455,1.1738196852493998,534.08795678847696,0,361680]
[10,8,2006,"2006-01-11","Asia","Cambodia","Phnom Penh, Kampong Seu, ...","Flood","General flood",5,33000,33005,1.0654888160431932,35166.458373505593,0,1669238]
[12,8,2006,"21/08/2006","East and Central Africa","Uganda","Bumufuni parish (Bunambut)","Flood","General flood",3,1680,1683,1.1844037022589453,1993.3514309018049,0,718074]
[12,8,2006,"30/08/2006","Asia","Viet Nam","Bin Thuan, Nghe An, Quang ...","Flood","General flood",42,50020,50062,1.0609535090316848,53113.454569144204,0,4079074]
[13,8,2006,"2006-11-09","East and Central Africa","Ethiopia","Amorate, Gangato villages ...","Flood","General flood",364,8000,8364,1.1738196852493998,9817.8278474259805,0,361680]
[13,8,2006,"26/09/2006","East and Central Africa","Ethiopia","Amhara, Gambale, Afar reg ...","Flood","General flood",2,38000,38002,1.1738196852493998,44607.495678847692,0,361680]
[14,8,2006,"17/08/2006","Latin America and Carribean","Ecuador","Tungurahua, Chimborozo, B ...","Volcano","Volcanic eruption",5,300013,300018,1.0826379739423218,324810.8796662275,0,128150]
[18,8,2006,"2006-02-09","Asia","India","Barmer, Jaisalmer, Kota, ...","Flood","General flood",135,20000,20135,1.0752860061614724,21650.883734061248,0,5500325]
[20,8,2006,"13/12/2006","Asia","Thailand","Chiang Rai, Chiang mai, M ...","Flood","General flood",164,2212413,2212577,1.0335247700424897,2286753.1351263016,0,5000091]
[23,8,2006,"23/08/2006","East and Central Africa","Ethiopia","Gambella region","Flood","General flood",2,6000,6002,1.1738196852493998,7045.2657508668981,0,361680]
[24,8,2006,"2006-10-10","East and Central Africa","Somalia","Jowhar, Mogadishu (Middle ...","Flood","General flood",5,30000,30005,1.1553930530164533,34667.568555758684,0,299052]
[24,8,2006,"20/09/2006","Asia","Bangladesh","Jessore, Khulna, Satkhira ...","Flood","General flood",null,135775,135775,1.0678619925551105,144988.96203917012,0,4100012]
[25,8,2006,"26/08/2006","Latin America and Carribean","Haiti","South Grande Anse, Ouest, ...","Storm","Tropical cyclone",5,15000,15005,1.0962477665276951,16449.197736748065,0,1165220]
[26,8,2006,"00/08/2006","East and Central Africa","Burundi","Kayogoro, Kibago communes ...","Flood","General flood",null,1500,1500,1.2084048027444254,1812.6072041166381,0,23004]
[26,8,2006,"13/09/2006","Asia","Nepal","Banke, Bardya, Achham, Ch ...","Mass Movement","Landslide",147,80000,80147,1.0685760685022514,85643.166162249938,0,150]
[29,8,2006,"2006-04-09","Asia","India","Balrampur, Bahraich, Lakh ...","Flood","General flood",42,100000,100042,1.0752860061614724,107573.76262840602,0,5500325]
[31,8,2006,"2006-11-09","Asia","India","Jammu and Kashmir","Flood","Flash flood",19,15000,15019,1.0752860061614724,16149.720526539155,0,5500325]
[15,9,2006,"19/10/2006","Asia","Myanmar","Mandalay area","Flood","General flood",25,10000,10025,1.0410979483217444,10437.006931925487,0,2558366]
[18,9,2006,"2006-05-10","Asia","Bangladesh","Hatia, Bagerhat, Potuakha ...","Storm","Tropical cyclone",115,9135,9250,1.0678619925551105,9877.7234311347729,0,1590000]
[18,9,2006,"2006-05-10","Asia","India","Andhra Pradesh, West Beng ...","Storm","Tropical cyclone",114,150300,150414,1.0752860061614724,161738.06933077172,0,1010100]
[27,9,2006,"2006-06-10","Asia","Viet Nam","Ha Tinh, Thua Thien-Hue, ...","Storm","Tropical cyclone",71,1467925,1467996,1.0609535090316848,1557475.5074444772,0,1084809]
[7,10,2006,"2006-07-10","Asia","Papua New Guinea","Matupit, Bai, Nordup, Mat ...","Volcano","Volcanic eruption",null,1221,1221,1.114889705882353,1361.2803308823532,0,0]
[15,10,2006,"26/10/2006","East and Central Africa","Kenya","Isiolo, Garissa, Lodwar, ...","Flood","General flood",30,30000,30030,1.1470840971585701,34446.935437671862,0,900086]
[23,10,2006,"19/12/2006","East and Central Africa","Tanzania Uni Rep","Shinyanga, Dodoma, Iringa ...","Flood","General flood",null,2528,2528,1.1091313441529216,2803.8840380185857,0,201597]
[23,10,2006,"19/12/2006","East and Central Africa","Uganda","Kumi, Kayunga, Mukono, Ka","Flood","General flood",null,4000,4000,1.1844037022589453,4737.614809035781,0,718074]
[23,10,2006,"19/12/2006","East and Central Africa","Somalia","Gedo region","Flood","General flood",35,155500,155535,1.1553930530164533,179704.05850091408,0,299052]
[23,10,2006,"19/12/2006","East and Central Africa","Kenya","Dabaab, Kwale, Garissa, K ...","Flood","General flood",114,723000,723114,1.1470840971585701,829472.56983272219,0,900086]
[25,10,2006,"27/10/2006","West Africa","Morocco","Essaouira, Safi provinces ...","Flood","General flood",69,35010,35079,1.0577238219457543,37103.893950035119,0,266455]
[26,10,2006,"2006-04-11","Asia","India","Tamil Nadu, Andhra Prades ...","Flood","General flood",47,225000,225047,1.0752860061614724,241989.88982862089,0,5500325]
[26,10,2006,"2006-01-12","East and Central Africa","Somalia","Beletweyne, Jalalaqsi, Jo ...","Flood","General flood",52,299000,299052,1.1553930530164533,345522.60329067643,0,299052]
[26,10,2006,"20/11/2006","Asia","Sri Lanka","Colombo, Gampaha, Kalutar ...","Flood","General flood",25,333002,333027,1.0492586812329301,349431.47083495901,0,1250003]
[27,10,2006,"18/12/2006","East and Central Africa","Ethiopia","Gode, Kelafo, Mustahil (S ...","Flood","General flood",80,361600,361680,1.1738196852493998,424547.10376100295,0,361680]
[28,10,2006,"29/10/2006","West Africa","Morocco","Ouarzazate, Errachidia","Flood","General flood",null,38000,38000,1.0577238219457543,40193.505233938668,0,266455]
[16,11,2006,"20/11/2006","Asia","Afghanistan","Murghab, Ghormach, Balamo","Flood","Flash flood",166,17580,17746,1.1403007283264155,20235.776724880569,0,300013]
[27,11,2006,"29/11/2006","Southern Africa","Malawi","Chikwawa district","Flood","Flash flood",5,8000,8005,1.1449747998814113,9165.5232730506978,0,500059]
[28,11,2006,"30/11/2006","East and Central Africa","Rwanda","Rulindo district","Mass Movement","Landslide",24,2000,2024,1.1503485589428779,2328.3054833003848,0,1688]
[28,11,2006,"2006-01-12","Latin America and Carribean","Haiti","J�r�mie, Abricots, Bonbon ...","Flood","Flash flood",2665,31283,33948,1.0962477665276951,37215.419178082193,0,1588122]
[30,11,2006,"2006-08-12","Asia","Viet Nam","Ba Ria-Vung Tau , Ben Tre ...","Storm","Tropical cyclone",95,1226360,1226455,1.0609535090316848,1301211.7359194551,0,1084809]
[0,12,2006,"00/01/2007","East and Central Africa","Burundi","Cibitoke, Ruyigi, Bubanza ...","Flood","General flood",null,4105,4105,1.2084048027444254,4960.5017152658666,0,23004]
[1,12,2006,"2006-01-12","Asia","Indonesia","Bima (Sumbawa region)","Earthquake","Earthquake (ground shaking)",1,114,115,1.0614777016636376,122.06993569131834,0,455328]
[17,12,2006,"17/12/2006","Latin America and Carribean","El Salvador","San Lorenzo, Atiquizaya, ...","Earthquake","Earthquake (ground shaking)",null,16470,16470,1.0882002383790226,17922.657926102504,0,402]
[18,12,2006,"18/12/2006","Asia","Indonesia","Mandailing Natal district ...","Earthquake","Earthquake (ground shaking)",8,1200,1208,1.0614777016636376,1282.2650636096744,0,455328]
[23,12,2006,"24/12/2006","Asia","Indonesia","Langkat, Mendaling Natal ...","Flood","Flash flood",236,618486,618722,1.0614777016636376,656759.6065287292,0,3183701]
[25,12,2006,"25/12/2006","Southern Africa","Madagascar","Mahajanga, Antalaha","Storm","Tropical cyclone",1,304,305,1.1621887287024901,354.46756225425946,0,988502]
[1,1,2007,"2007-04-01","Middle East and Europe","Yemen","Rayma, Dhamar province","Flood","General flood",7,2000,2007,1.1548291963627426,2317.7421971000244,0,238548]
[1,1,2007,"17/01/2007","East and Central Africa","Burundi","Bujumbura province, Buban ...","Flood","General flood",4,23000,23004,1.2084048027444254,27798.144082332761,0,23004]
[1,1,2007,"2007-12-01","Latin America and Carribean","Brazil","Sumidaro, Novo Friburgo m ...","Flood","Flash flood",59,200080,200139,1.0640764472758251,212963.19608133635,0,3021023]
[3,1,2007,"2007-03-01","Southern Africa","Madagascar","Mananjary, Nosy-Varika","Storm","Tropical cyclone",1,7313,7314,1.1621887287024901,8500.2483617300131,0,988502]
[8,1,2007,"2007-08-01","Southern Africa","Malawi","Chikwawa, Nsanje district ...","Flood","General flood",2,17719,17721,1.1449747998814113,20290.098428698489,0,500059]
[10,1,2007,"2007-10-01","Latin America and Carribean","Brazil","Mira�, Muria� (Minas Gera)","Mass Movement","Landslide",null,5000,5000,1.0640764472758251,5320.3822363791251,0,100100]
[10,1,2007,"2007-10-05","Southern Africa","Angola","Kuando-Kubango province","Flood","General flood",null,6000,6000,1.116255231912531,6697.531391475186,0,331727]
[10,1,2007,"2007-01-05","Latin America and Carribean","Bolivia","Santa Cruz, Tarija, Cocha ...","Flood","General flood",41,357250,357291,1.0963297696462031,391708.75972666155,0,485075]
[10,1,2007,"2007-10-05","Southern Africa","Zambia","North-Western, Copperbelt ...","Flood","General flood",4,1400000,1400004,1.0847503373819163,1518654.8113360323,0,1300000]
[12,1,2007,"14/01/2007","Asia","Indonesia","Tahuna (Sangihe Isl., Nor ...","Mass Movement","Landslide",32,3990,4022,1.0614777016636376,4269.263316091151,0,204817]
[12,1,2007,"14/01/2007","Asia","Sri Lanka","Walapane, Meepai (central ...","Flood","General flood",18,35000,35018,1.0492586812329301,36742.940499414748,0,1250003]
[17,1,2007,"25/01/2007","Southern Africa","Angola","Luanda city (Cacuaco muni ...","Flood","General flood",105,40000,40105,1.116255231912531,44767.416075852052,0,331727]
[17,1,2007,"00/02/2007","Southern Africa","Mozambique","Sofala, Zambezia, Manica, ...","Flood","General flood",300,440000,440300,1.0946214151037015,481961.80907015974,0,2502240]
[20,1,2007,"2007-10-03","Southern Africa","Malawi","Karonga district","Flood","General flood",null,2000,2000,1.1449747998814113,2289.9495997628223,0,500059]
[20,1,2007,"2007-10-03","Southern Africa","Zambia","Chama, Mambwe (Eastern pr ...","Flood","General flood",null,118755,118755,1.0847503373819163,128819.52631578947,0,1300000]
[20,1,2007,"23/01/2007","Southern Africa","Mozambique","Quelimane, Namacurra","Flood","General flood",500,500000,500500,1.0946214151037015,547858.0182594026,0,2502240]
[21,1,2007,"2007-10-02","Latin America and Carribean","Peru","Junin, Pasco, Ucayali, Hu ...","Flood","General flood",250,330000,330250,1.0661651991016363,352101.05700331542,0,3283034]
[31,1,2007,"22/02/2007","Asia","Indonesia","Jakarta, Tangerang, Bekas ...","Flood","General flood",68,217087,217155,1.0614777016636376,230505.19030476722,0,3183701]
[3,2,2007,"16/02/2007","East and Central Africa","Rwanda","Rubavu, Nyabihu districts ...","Flood","General flood",10,500,510,1.1503485589428779,586.67776506086773,0,21726]
[8,2,2007,"2007-08-02","Southern Africa","Madagascar","Antananarivo","Flood","Storm surge/coastal flood",7,33000,33007,1.1621887287024901,38360.363368283091,0,2510147]
[22,2,2007,"22/02/2007","Southern Africa","Mozambique","Vilankulo (Inhambane)","Storm","Tropical cyclone",10,162770,162780,1.0946214151037015,178182.47395058052,0,549405]
[1,3,2007,"2007-10-03","Asia","Indonesia","Reok, Cibal, Wae Ri'i, La ...","Flood","Flash flood",74,11556,11630,1.0614777016636376,12344.985670348105,0,3183701]
[6,3,2007,"2007-06-03","Asia","Indonesia","Tanah Datar, Solok, Solok ...","Earthquake","Earthquake (ground shaking)",67,137660,137727,1.0614777016636376,146194.13941702782,0,455328]
[6,3,2007,"30/09/2007","Latin America and Carribean","Colombia","Monteria, Ceret�, Chima, ...","Flood","General flood",146,443173,443319,1.0654888160431932,472351.4364394524,0,1207119]
[15,3,2007,"17/03/2007","Southern Africa","Madagascar","Diana, Sava, Sofia, Anala ...","Storm","Tropical cyclone",80,215198,215278,1.1621887287024901,250193.66513761468,0,988502]
[18,3,2007,"26/03/2007","Asia","Afghanistan","Badghis, Uruzgan, Helmand ...","Flood","General flood",104,20000,20104,1.1403007283264155,22924.605842274257,0,300013]
[21,3,2007,"21/03/2007","West Africa","Liberia","Ganta, NImba county","Storm","Local storm",null,3500,3500,1.2177808407994486,4262.2329427980703,0,0]
[23,3,2007,"30/03/2007","Middle East and Europe","Yemen","Hadhramout, Ibb","Flood","Flash flood",36,618,654,1.1548291963627426,755.2582944212337,0,238548]
[26,3,2007,"30/03/2007","Latin America and Carribean","Haiti","Ferrier, Ouanaminthe, Abr ...","Flood","General flood",78,40000,40078,1.0962477665276951,43935.417986896966,0,1588122]
[18,4,2007,"18/04/2007","Latin America and Carribean","Colombia","Huila, Cauca departments","Volcano","Volcanic eruption",null,3000,3000,1.0654888160431932,3196.4664481295795,0,7076]
[26,4,2007,"2007-01-05","Latin America and Carribean","Colombia","Ibague area (Tolima)","Flood","General flood",24,2035,2059,1.0654888160431932,2193.8414722329348,0,1207119]
[30,4,2007,"30/04/2007","Asia","Afghanistan","Wado Valley and Tala-u-Be ...","Flood","Flash flood",1,160,161,1.1403007283264155,183.58841726055289,0,300013]
[2,5,2007,"2007-07-05","Asia","Sri Lanka","Galle, Colombo, Kaluthara ...","Flood","Flash flood",15,121000,121015,1.0492586812329301,126976.03930940303,0,1250003]
[3,5,2007,"2007-09-05","Asia","Myanmar","Yangon area","Flood","General flood",5,3000,3005,1.0410979483217444,3128.4993347068421,0,2558366]
[5,5,2007,"2007-07-05","Asia","Afghanistan","Samangaran, Baghlan, Takh","Flood","General flood",10,645,655,1.1403007283264155,746.89697705380217,0,300013]
[7,5,2007,"2007-07-05","West Africa","Chad","Bebedjia","Storm",null,14,145,159,1.1214764386767364,178.3147537496011,0,47541]
[11,5,2007,"21/05/2007","Asia","Thailand","Pichit, Phrae, Uttaradit, ...","Flood","General flood",null,1000,1000,1.0335247700424897,1033.5247700424898,0,5000091]
[14,5,2007,"18/05/2007","Asia","Afghanistan","Badakhshan, Takhar provin ...","Flood","Flash flood",23,2950,2973,1.1403007283264155,3390.1140653144334,0,300013]
[15,5,2007,"15/05/2007","Asia","Bangladesh","Bazar de Cox, Chittagong","Storm","Tropical cyclone",41,225,266,1.0678619925551105,284.0512900196594,0,1590000]
[15,5,2007,"2007-11-06","East and Central Africa","Kenya","Mombasa, Malindi, Kwale, ...","Flood","General flood",2,651,653,1.1470840971585701,749.04591544454627,0,900086]
[15,5,2007,"2007-05-06","Asia","Indonesia","East Kalimantan province ...","Flood","General flood",4,60000,60004,1.0614777016636376,63692.908010624909,0,3183701]
[19,5,2007,"2007-12-06","Latin America and Carribean","Colombia","Antioquia, Sucre, Cordoba ...","Flood","General flood",13,3000,3013,1.0654888160431932,3210.3178027381414,0,1207119]
[30,5,2007,"2007-03-06","Latin America and Carribean","Haiti","St Louis du Nord, Port-de ...","Flood","General flood",69,45000,45069,1.0962477665276951,49406.790589636686,0,1588122]
[0,6,2007,"00/07/2007","Asia","Timor-Leste","Covalima, Manatuto, Ermer","Flood","General flood",1,947,948,1.1084452975047985,1050.8061420345489,0,0]
[6,6,2007,"2007-11-07","East and Central Africa","Ethiopia","Omo region","Flood","General flood",null,5800,5800,1.1738196852493998,6808.1541744465194,0,361680]
[11,6,2007,"2007-12-06","Asia","Bangladesh","Chittagong area","Flood","General flood",120,80060,80180,1.0678619925551105,85621.174563068766,0,4100012]
[16,6,2007,"20/06/2007","Asia","Pakistan","North-West Frontier Provi ...","Flood","Flash flood",22,500,522,1.0850992201941558,566.42179294134939,0,4800474]
[18,6,2007,"26/06/2007","Asia","India","Lakhimpur, Dhemaji, Cacha ...","Flood","General flood",15,200000,200015,1.0752860061614724,215073.33052238691,0,5500325]
[22,6,2007,"2007-04-07","Asia","India","Kurnool, Mahabubnagar, Gu ...","Flood","Flash flood",127,200000,200127,1.0752860061614724,215193.762555077,0,5500325]
[23,6,2007,"25/06/2007","Asia","Pakistan","Karachi, Gadab town","Flood","General flood",228,186,414,1.0850992201941558,449.23107716038049,0,4800474]
[24,6,2007,"2007-03-07","Asia","Afghanistan","Chapa Dara and Manogi dis ...","Flood","General flood",113,4000,4113,1.1403007283264155,4690.0568956065472,0,300013]
[26,6,2007,"2007-06-07","Asia","Pakistan","Baluchistan, Sindh, North ...","Storm","Tropical cyclone",242,1650000,1650242,1.0850992201941558,1790676.307331644,0,536171]
[28,6,2007,"22/07/2007","Asia","Pakistan","North West Frontier provi ...","Flood","General flood",130,2000,2130,1.0850992201941558,2311.2613390135521,0,4800474]
[30,6,2007,"13/07/2007","Asia","India","Raipur, Bilaspur, Mahasam ...","Flood","General flood",29,50000,50029,1.0752860061614724,53795.483602252301,0,5500325]
[0,7,2007,"00/07/2007","Asia","Indonesia","C�l�bes Isl.","Flood","General flood",58,5000,5058,1.0614777016636376,5368.954215014679,0,3183701]
[0,7,2007,"00/09/2007","West Africa","Benin","Atacora, Donga, Borgou, A ...","Flood","General flood",10,10884,10894,1.1643095911545385,12683.988686037543,0,580000]
[1,7,2007,"2007-06-07","Asia","India","Amrawati district, Mumbai ...","Flood","General flood",62,10000,10062,1.0752860061614724,10819.527793996735,0,5500325]
[1,7,2007,"13/07/2007","Asia","India","Saurashtra region (Gujara ...","Flood","General flood",225,63000,63225,1.0752860061614724,67984.95773955909,0,5500325]
[3,7,2007,"22/09/2007","Asia","India","Bihar, Uttar Pradesh, Ass ...","Flood","General flood",1103,18700000,18701103,1.0752860061614724,20109034.355684329,0,5500325]
[4,7,2007,"2007-10-10","West Africa","Mali","Bandiagara, Segou, Kayes, ...","Flood","General flood",9,47255,47264,1.1369704961265865,53737.773528926984,0,47264]
[6,7,2007,"2007-11-07","Asia","Myanmar","Arakann, Yangon(Rangoon) ...","Flood","General flood",null,101920,101920,1.0410979483217444,106108.70289295219,0,2558366]
[9,7,2007,"2007-09-07","Asia","Indonesia","South Ibu Sub-district (W ...","Volcano","Volcanic eruption",null,9758,9758,1.0614777016636376,10357.899412833776,0,12865]
[12,7,2007,"2007-10-10","Asia","India","Assam, Arunachal Pradesh, ...","Flood","General flood",96,11100000,11100096,1.0752860061614724,11935777.895848935,0,5500325]
[15,7,2007,"17/07/2007","Asia","Afghanistan","Lalo Sar Jangal district ...","Flood","Flash flood",9,2500,2509,1.1403007283264155,2861.0145273709763,0,300013]
[16,7,2007,"20/07/2007","Asia","India","Kerala state","Flood","General flood",44,35000,35044,1.0752860061614724,37682.322799922636,0,5500325]
[21,7,2007,"2007-03-08","Asia","Bangladesh","Bandarban Hill, Feni, Com ...","Flood","General flood",1110,13771380,13772490,1.0678619925551105,14707118.613845333,0,4100012]
[22,7,2007,"2007-07-08","Asia","Indonesia","Morowali, Banggai, Parigi ...","Flood","General flood",88,3389,3477,1.0614777016636376,3690.7579686844679,0,3183701]
[22,7,2007,"22/07/2007","West Africa","Mali","Bla","Flood","Flash flood",9,41603,41612,1.1369704961265865,47311.616284819516,0,47264]
[23,7,2007,"24/07/2007","Latin America and Carribean","Haiti","Port-au-Prince region","Flood","General flood",41,75947,75988,1.0962477665276951,83301.675282906494,0,1588122]
[23,7,2007,"2007-02-10","Asia","Nepal","Mahottari district (South ...","Flood","General flood",214,640706,640920,1.0685760685022514,684871.77382446302,0,800200]
[25,7,2007,"2007-02-08","Asia","Indonesia","Sole, Pelapa, Larongtong ...","Flood","General flood",15,2000,2015,1.0614777016636376,2138.8775688522301,0,3183701]
[26,7,2007,"2007-10-10","West Africa","Niger","Zinder, Maradi, Agadez, T ...","Flood","General flood",7,57274,57281,1.2038820228978695,68959.566153612861,0,80020]
[27,7,2007,"2007-02-08","Southern Africa","South Africa","Cape Town, Cape Flats are ...","Flood","General flood",null,38000,38000,1.0342438346355538,39301.265716151043,0,100022]
[29,7,2007,"2007-05-10","East and Central Africa","Ethiopia","Gambela , Amhara, SNNPR, ...","Flood","General flood",17,239586,239603,1.1738196852493998,281250.71804481198,0,361680]
[0,8,2007,"00/08/2007","West Africa","Sierra Leone","Kroo Bay area (Freetown)","Flood","General flood",null,4500,4500,1.1142735768903993,5014.2310960067971,0,200012]
[0,8,2007,"00/09/2007","West Africa","Togo","Kpendjal, Oti, Tone, Tand ...","Flood","General flood",41,141331,141372,1.1477230655312847,162255.90522028878,0,125003]
[2,8,2007,"17/08/2007","West Africa","Cameroon","Mokolo, Kolofata, Sarki-F ...","Flood",null,8,10296,10304,1.1177799663982388,11517.604773767453,0,25009]
[3,8,2007,"27/08/2007","Asia","India","Cuttack, Puri, Khordha, J ...","Flood","General flood",15,500000,500015,1.0752860061614724,537659.13237082865,0,5500325]
[5,8,2007,"2007-07-08","Asia","Viet Nam","Dak Lak, Lam Dong, Ha Tin ...","Flood","Storm surge/coastal flood",74,416130,416204,1.0609535090316848,441573.09427302337,0,4079074]
[9,8,2007,"15/08/2007","West Africa","Chad","Mayo Kebbi region","Flood","General flood",3,3000,3003,1.1214764386767364,3367.7937453462396,0,175863]
[10,8,2007,"24/08/2007","Asia","Cambodia","Kampong Thom, Ratanakiri ...","Flood","General flood",2,19000,19002,1.0654888160431932,20246.418482452758,0,1669238]
[10,8,2007,"2007-10-10","West Africa","Ghana","Bulsa, Bolga, Bongo, Tale ...","Flood","General flood",56,332600,332656,1.1032544646904179,367004.21720605565,0,2000005]
[12,8,2007,"2007-12-08","East and Central Africa","Ethiopia","Dayulu, Gomoyta (Afar reg ...","Volcano","Volcanic eruption",5,2000,2005,1.1738196852493998,2353.5084689250466,0,0]
[12,8,2007,"17/08/2007","Asia","India","Himachal Pradesh","Flood","General flood",76,15000,15076,1.0752860061614724,16211.011828890358,0,5500325]
[14,8,2007,"29/08/2007","Asia","Myanmar","Athok, Kachin satte (Irra ...","Flood","General flood",null,61744,61744,1.0410979483217444,64281.551721177784,0,2558366]
[15,8,2007,"31/10/2007","East and Central Africa","Kenya","Budalangi region","Flood","General flood",13,40000,40013,1.1470840971585701,45898.275979605867,0,900086]
[15,8,2007,"15/08/2007","Latin America and Carribean","Peru","Pisco, Ica, Chincha, Cane ...","Earthquake","Earthquake (ground shaking)",519,479955,480474,1.0661651991016363,512264.65787315962,0,5070]
[15,8,2007,"31/10/2007","East and Central Africa","Uganda","Amuria, Bukedea, Kaberamo","Flood","General flood",29,718045,718074,1.1844037022589453,850489.50409588986,0,718074]
[18,8,2007,"24/08/2007","Latin America and Carribean","Haiti","South, South-East, Grand' ...","Storm","Tropical cyclone",9,3966,3975,1.0962477665276951,4357.584871947588,0,1165220]
[25,8,2007,"2007-09-09","West Africa","Chad","Salamat region","Flood","General flood",12,170000,170012,1.1214764386767364,190664.45229230932,0,175863]
[26,8,2007,"30/08/2007","West Africa","Liberia","Margibi County, Monrovia","Flood","General flood",1,17000,17001,1.2177808407994486,20703.492074431426,0,17001]
[1,9,2007,"2007-04-10","East and Central Africa","Somalia","Around the town of Jowhar ...","Flood","General flood",4,8000,8004,1.1553930530164533,9247.7659963436927,0,299052]
[2,9,2007,"2007-04-09","Asia","Indonesia","Balikpapan area (East Kam ...","Flood",null,4,1000,1004,1.0614777016636376,1065.7236124702922,0,3183701]
[4,9,2007,"2007-04-09","Latin America and Carribean","El Salvador",null,"Storm","Tropical cyclone",null,2800,2800,1.0882002383790226,3046.9606674612633,0,256336]
[4,9,2007,"2007-12-09","Latin America and Carribean","Guatemala","Puerto Barrios, Morales ( ...","Storm","Tropical cyclone",null,3905,3905,1.1122055322991053,4343.1626036280068,0,98740]
[4,9,2007,"2007-12-09","Latin America and Carribean","Honduras","Santa Barbara, Cortes, Ch ...","Storm","Tropical cyclone",1,19500,19501,1.1106631447240372,21659.041985263448,0,608000]
[4,9,2007,"2007-12-09","Latin America and Carribean","Nicaragua","Puerto Cabezas, Waspam, S ...","Storm","Tropical cyclone",188,188726,188914,1.0963613091972939,207118.00036569758,0,300076]
[5,9,2007,"2007-10-11","Asia","Thailand","Phetcgabun, Loei, Kalasin ...","Flood","General flood",10,17000,17010,1.0335247700424897,17580.256338422751,0,5000091]
[9,9,2007,"2007-09-09","Asia","Indonesia","Situbondo (Java Isl.)","Earthquake","Earthquake (ground shaking)",null,469,469,1.0614777016636376,497.83304208024606,0,455328]
[10,9,2007,"2007-10-09","Latin America and Carribean","Colombia","El Charco, Mosquera, LaPo ...","Earthquake","Earthquake (ground shaking)",null,175,175,1.0654888160431932,186.46054280755882,0,86069]
[12,9,2007,"20/09/2007","East and Central Africa","Rwanda","Nyabihu, Rubavu districts ...","Flood","General flood",20,4000,4020,1.1503485589428779,4624.4012069503688,0,21726]
[12,9,2007,"2007-12-09","Asia","Indonesia","Bengkulu, Jambi, West Sum","Earthquake","Earthquake (ground shaking)",25,459567,459592,1.0614777016636376,487846.65986299457,0,455328]
[15,9,2007,"15/09/2007","Latin America and Carribean","Honduras",null,"Earthquake","Earthquake (ground shaking)",null,1883,1883,1.1106631447240372,2091.3787015153621,0,608000]
[16,9,2007,"2007-07-10","Asia","India","Kurnool, Kadapa, Warangal ...","Flood","General flood",94,20000,20094,1.0752860061614724,21606.797007808625,0,5500325]
[22,9,2007,"24/09/2007","Latin America and Carribean","Guatemala","Guatemala city area","Flood","General flood",null,10818,10818,1.1122055322991053,12031.839448411722,0,476827]
[22,9,2007,"2007-03-10","Asia","India","Balasore, Kendrapara, May ...","Flood","Storm surge/coastal flood",80,7200000,7200080,1.0752860061614724,7742145.2672430938,0,5500325]
[24,9,2007,"30/09/2007","Latin America and Carribean","Brazil","Rio Grande do Sul","Flood",null,4,4000,4004,1.0640764472758251,4260.5620948924034,0,3021023]
[29,9,2007,"2007-12-10","Asia","Viet Nam","Quang Binh, Ha Tinh, Quan ...","Storm","Tropical cyclone",96,685430,685526,1.0609535090316848,727311.21523245482,0,1084809]
[7,10,2007,"17/10/2007","Latin America and Carribean","Cuba","Santiago de Cuba, Guantan ...","Flood","General flood",null,18000,18000,1.0133321561010065,18239.978809818116,0,2500016]
[7,10,2007,"17/10/2007","Latin America and Carribean","Haiti","Grande Anse, South, Nippe ...","Flood","General flood",79,98860,98939,1.0962477665276951,108461.65777248362,0,1588122]
[12,10,2007,"26/10/2007","Latin America and Carribean","El Salvador",null,"Flood","General flood",2,8000,8002,1.0882002383790226,8707.7783075089392,0,1335373]
[12,10,2007,"26/10/2007","Latin America and Carribean","Guatemala","San Marcos, Quetzaltenang ...","Flood","General flood",27,17300,17327,1.1122055322991053,19271.185258146597,0,476827]
[12,10,2007,"26/10/2007","Latin America and Carribean","Honduras","El Triunfo, El Chapemal, ...","Flood","General flood",7,75000,75007,1.1106631447240372,83307.510496315852,0,2126600]
[14,10,2007,"24/10/2007","Asia","Viet Nam","Thue ThienHue, Quang Ngai ...","Flood","General flood",15,22000,22015,1.0609535090316848,23356.891501332542,0,4079074]
[14,10,2007,"24/10/2007","Latin America and Carribean","Nicaragua","Eselteli, Madriz, Chinand ...","Flood","General flood",null,30000,30000,1.0963613091972939,32890.839275918814,0,871560]
[15,10,2007,"31/10/2007","East and Central Africa","Burundi","Bujumbura, Cibitoke, Buru ...","Flood",null,1,2701,2702,1.2084048027444254,3265.1097770154374,0,23004]
[16,10,2007,"18/10/2007","Asia","Indonesia","Kediri, Blitar districts ...","Volcano","Volcanic eruption",null,22154,22154,1.0614777016636376,23515.977002656229,0,12865]
[20,10,2007,"2007-02-11","Asia","Viet Nam","Dong Thap, An Giang, Kien ...","Flood",null,3,280000,280003,1.0609535090316848,297070.16538939887,0,4079074]
[20,10,2007,"26/10/2007","Latin America and Carribean","Colombia","Antioquia, Risaralda, Cun ...","Flood","General flood",35,1162135,1162170,1.0654888160431932,1238279.137340918,0,1207119]
[22,10,2007,"29/10/2007","Asia","Thailand","Chumphon, Surat Thani","Flood","General flood",2,100000,100002,1.0335247700424897,103354.54405378905,0,5000091]
[24,10,2007,"27/10/2007","Latin America and Carribean","Brazil","Mesquita, Baixada Flumine ...","Flood","General flood",6,2272,2278,1.0640764472758251,2423.9661468943295,0,3021023]
[27,10,2007,"2007-01-11","Asia","India","Andhra Pradesh, Tamil Nad ...","Flood","General flood",29,50000,50029,1.0752860061614724,53795.483602252301,0,5500325]
[28,10,2007,"2007-09-11","Asia","Viet Nam","Thua Thien-Hue, Quang Nga ...","Flood","General flood",83,94042,94125,1.0609535090316848,99862.24903760734,0,4079074]
[28,10,2007,"2007-02-11","Latin America and Carribean","Haiti","Port-au-Prince region","Storm","Tropical cyclone",90,108763,108853,1.0962477665276951,119329.85812983919,0,1165220]
[28,10,2007,"2007-02-11","Latin America and Carribean","Cuba","Granma, Holguin, Las Tuna ...","Storm","Tropical cyclone",1,192488,192489,1.0133321561010065,195055.29339572662,0,498895]
[3,11,2007,"2007-04-11","East and Central Africa","Somalia","Alula district (Puntland) ...","Flood","Flash flood",21,2012,2033,1.1553930530164533,2348.9140767824497,0,299052]
[4,11,2007,"2007-06-11","Latin America and Carribean","Honduras","Atlantida, Colon departme ...","Flood",null,67,313357,313424,1.1106631447240372,348108.48547198664,0,2126600]
[10,11,2007,"21/11/2007","Asia","Viet Nam","Khanh Hoa, Quang Ngai, Bi ...","Flood","Storm surge/coastal flood",55,150000,150055,1.0609535090316848,159201.37879774946,0,4079074]
[11,11,2007,"2008-02-01","Southern Africa","Malawi","Machinga, Ntcheu, Chiradz ...","Flood",null,null,2000,2000,1.1449747998814113,2289.9495997628223,0,500059]
[12,11,2007,"16/11/2007","Asia","Papua New Guinea","Sakarina, Afore, Mamba, K ...","Storm","Tropical cyclone",172,162140,162312,1.114889705882353,180959.97794117648,0,25000]
[15,11,2007,"18/11/2007","East and Central Africa","Uganda","Kampala city","Flood","General flood",4,3000,3004,1.1844037022589453,3557.9487215858717,0,718074]
[15,11,2007,"19/11/2007","Asia","Bangladesh","Khulna-Barisal coast, Ba ...","Storm","Tropical cyclone",4234,8978541,8982775,1.0678619925551105,9592364.0101742335,0,1590000]
[18,11,2007,"00/02/2008","Southern Africa","Malawi","Lundu 2, Galonga (Chikwaw ...","Flood","Flash flood",null,180246,180246,1.1449747998814113,206377.12777942486,0,500059]
[25,11,2007,"29/11/2007","Middle East and Europe","Serbia","Pirot, Babusnica, Vlacoti ...","Flood","Flash flood",null,12370,12370,0.9790722474006931,12111.123700346574,0,12370]
[26,11,2007,"26/11/2007","Asia","Indonesia","Sumbawa district (Nusa Te ...","Earthquake","Earthquake (ground shaking)",3,21800,21803,1.0614777016636376,23143.398329372292,0,455328]
[7,12,2007,"21/12/2007","Asia","Thailand","Narathiwat, Yala, Songkhl ...","Flood","General flood",3,65000,65003,1.0335247700424897,67182.210627071952,0,5000091]
[9,12,2007,"2007-09-12","Latin America and Carribean","Brazil","Minas Gerais","Earthquake","Earthquake (ground shaking)",1,286,287,1.0640764472758251,305.38994036816177,0,50030]
[11,12,2007,"17/12/2007","Latin America and Carribean","Haiti","Northterm departments","Storm","Tropical cyclone",3,2352,2355,1.0962477665276951,2581.663490172722,0,1165220]
[11,12,2007,"2008-03-01","Southern Africa","Mozambique","Buzi, Marromeu, Chemba, C ...","Flood",null,null,500000,500000,1.0946214151037015,547310.7075518507,0,2502240]
[12,12,2007,"15/12/2007","East and Central Africa","Kenya","Taita Taveta district","Flood","General flood",4,2000,2004,1.1470840971585701,2298.7565307057744,0,900086]
[13,12,2007,"00/12/2007","Southern Africa","Zimbabwe","Muzarabani (Zambezi valle ...","Flood","General flood",3,15000,15003,1.0011169344445399,15019.757367471431,0,30013]
[15,12,2007,"20/02/2008","Latin America and Carribean","Bolivia","Cochabamba, Potosi, Santa ...","Flood","General flood",75,485000,485075,1.0963297696462031,531802.16301113192,0,485075]
[16,12,2007,"2008-01-01","Asia","Sri Lanka","Batticaloa, Ampara","Flood","General flood",null,250000,250000,1.0492586812329301,262314.67030823254,0,1250003]
[19,12,2007,"2008-02-01","Southern Africa","Zimbabwe","Chiredzi, Chivi districts ...","Flood","General flood",24,2000,2024,1.0011169344445399,2026.2606753157486,0,30013]
[19,12,2007,"2008-02-01","Southern Africa","Mozambique","Inhambane, Sofala","Flood","General flood",8,500000,500008,1.0946214151037015,547319.46452317154,0,2502240]
[25,12,2007,"00/12/2007","Asia","Indonesia","Karanganyar, Sragen, Wono ...","Flood","General flood",127,269515,269642,1.0614777016636376,286218.97043198656,0,3183701]
[30,12,2007,"27/02/2008","Southern Africa","Zambia","Mazukaba, Siavonga, Maamb ...","Flood","General flood",1,34776,34777,1.0847503373819163,37724.362483130906,0,1300000]
[2,1,2008,"2008-06-01","Asia","Indonesia","Bogor, Depok, East and So ...","Flood","General Flood",null,1000,1000,1,1000,0,3183701]
[5,1,2008,"15/02/2008","Asia","Afghanistan","Nangarhar, Laghman (Easte)","Storm","Local storm",1317,170684,172001,1,172001,0,271804]
[10,1,2008,"31/03/2008","East and Central Africa","Tanzania Uni Rep","Rukwa, Kigoma, Ruvuma, Pw ...","Flood",null,72,7957,8029,1,8029,0,201597]
[12,1,2008,"16/01/2008","Latin America and Carribean","Brazil","Cajati, Peruibe, Jacupira ...","Flood","General Flood",4,49506,49510,1,49510,0,3021023]
[17,1,2008,"17/01/2008","Latin America and Carribean","Colombia","Pasto, Sandona, Narino, Y ...","Volcano","Volcanic eruption",null,150,150,1,150,0,7076]
[27,1,2008,"27/01/2008","Southern Africa","Madagascar","Melaky, Boeny, Analamnagr ...","Storm","Tropical cyclone",12,8613,8625,1,8625,0,988502]
[30,1,2008,"31/01/2008","Asia","Indonesia","Pasuruan districts (East ...","Flood","General Flood",3,40000,40003,1,40003,0,3183701]
[30,1,2008,"2008-03-03","Latin America and Carribean","Ecuador","Guayas, Azuay, Los Rios, ...","Flood","General Flood",41,289122,289163,1,289163,0,700307]
[31,1,2008,"2008-03-03","Southern Africa","Angola","Ondjiva, Ombadja, Namakun ...","Flood","General Flood",7,81400,81407,1,81407,0,331727]
[1,2,2008,"2008-06-02","Asia","Indonesia","West, East and Central Ja ...","Flood","General Flood",3,89761,89764,1,89764,0,3183701]
[2,2,2008,"2008-06-02","Latin America and Carribean","Brazil","Itaipava, Cajati, Jacupir ...","Flood","General Flood",9,50953,50962,1,50962,0,3021023]
[3,2,2008,"2008-03-02","East and Central Africa","Rwanda",null,"Earthquake","Earthquake (ground shaking)",36,643,679,1,679,0,2024]
[4,2,2008,"14/03/2008","Latin America and Carribean","Peru","Ucayali, Puno, Sandia (Ra ...","Flood","General Flood",40,450012,450052,1,450052,0,3283034]
[8,2,2008,"2008-12-02","Asia","Indonesia","Situbondo city and distri ...","Flood","Flash Flood",14,7000,7014,1,7014,0,3183701]
[9,2,2008,"2008-01-05","Southern Africa","Zambia","Western and north Western ...","Flood","General Flood",4,15000,15004,1,15004,0,1300000]
[11,2,2008,"27/02/2008","Asia","Indonesia","Central Java, Timor Occid ...","Flood","General Flood",11,3500,3511,1,3511,0,3183701]
[17,2,2008,"2008-03-03","Southern Africa","Madagascar","Fenoarivo Atsinanana, Ala ...","Storm","Tropical cyclone",93,524153,524246,1,524246,0,988502]
[26,2,2008,"28/02/2008","West Africa","Morocco","Marrakesh, Kalaat Seraghn ...","Flood","General Flood",null,47813,47813,1,47813,0,266455]
[1,3,2008,"14/03/2008","Asia","Indonesia","Lamongan, Ngawi,Bojonego ...","Flood","General Flood",3,12000,12003,1,12003,0,3183701]
[5,3,2008,"2008-06-03","Southern Africa","Madagascar","Nosy Be","Storm","Tropical cyclone",null,400,400,1,400,0,988502]
[8,3,2008,"2008-09-03","Southern Africa","Mozambique","Mossuril, Zngoche, Nacala ...","Storm","Tropical cyclone",9,220013,220022,1,220022,0,549405]
[10,3,2008,"2008-03-04","Asia","Indonesia","Kampar, Pekanburu, Kuanta ...","Flood","General Flood",null,60000,60000,1,60000,0,3183701]
[12,3,2008,"14/03/2008","Asia","Sri Lanka","Negombo, Karuwalagasweva, ...","Flood","General Flood",8,54323,54331,1,54331,0,1250003]
[17,3,2008,"2008-05-04","East and Central Africa","Kenya","Taita, Taveta districts ( ...","Flood","General Flood",null,700,700,1,700,0,900086]
[17,3,2008,"2008-04-04","East and Central Africa","Tanzania Uni Rep","Mirerani area (Manyara re ...","Flood","General Flood",1,1500,1501,1,1501,0,201597]
[20,3,2008,"2008-02-04","East and Central Africa","Kenya","Chalbi, Rachuonyo distric ...","Flood",null,2,10000,10002,1,10002,0,900086]
[20,3,2008,"28/03/2008","Asia","India","Tamil Nadu, Karnataka,","Flood",null,37,10278,10315,1,10315,0,5500325]
[22,3,2008,"22/03/2008","Asia","Bangladesh",null,"Storm","Tropical cyclone",12,200,212,1,212,0,1590000]
[30,3,2008,"2008-04-04","Latin America and Carribean","Brazil","Paraiba, Piaui, Rio Grand ...","Flood","General Flood",36,190000,190036,1,190036,0,3021023]
[10,4,2008,"2008-11-04","East and Central Africa","Burundi","Muhuta","Flood","General Flood",6,500,506,1,506,0,23004]
[14,4,2008,"14/04/2008","Latin America and Carribean","Colombia","Miranda, Toribio, Paez, I ...","Volcano","Volcanic eruption",null,14201,14201,1,14201,0,7076]
[15,4,2008,"15/04/2008","Asia","Indonesia","Flores Isl.","Volcano","Volcanic eruption",null,600,600,1,600,0,12865]
[23,4,2008,"27/04/2008","Asia","Indonesia","West Aceh","Flood","Flash Flood",null,34514,34514,1,34514,0,3183701]
[27,4,2008,"2008-03-05","Asia","Sri Lanka","Colombo, Kalutara, Ratnap ...","Storm","Tropical cyclone",9,50000,50009,1,50009,0,501325]
[2,5,2008,"2008-03-05","Asia","Thailand","Tak province","Storm","Tropical cyclone",null,1000,1000,1,1000,0,450213]
[2,5,2008,"2008-03-05","Asia","Myanmar","Ngapadudaw, Labutta, Mawl ...","Storm","Tropical cyclone",138366,2420000,2558366,1,2558366,0,359999]
[6,5,2008,"2008-06-05","Latin America and Carribean","Brazil","Santa Catarina state, Rio ...","Storm","Extratropical cyclone (winter storm)",3,1600,1603,1,1603,0,270050]
[11,5,2008,"2008-12-05","Asia","Viet Nam","Dac Ngo (Dak Nong provinc ...","Flood","Flash Flood",4,500,504,1,504,0,4079074]
[14,5,2008,"14/05/2008","Asia","India","Uttar Pradesh","Storm","Local storm",111,50,161,1,161,0,1010100]
[24,5,2008,"24/05/2008","Latin America and Carribean","Colombia","Meta, Quetame","Earthquake","Earthquake (ground shaking)",11,1754,1765,1,1765,0,86069]
[29,5,2008,"29/05/2008","Latin America and Carribean","Nicaragua","Leon, Chinandega, Rivas, ...","Storm","Tropical cyclone",13,25000,25013,1,25013,0,300076]
[29,5,2008,"2008-05-06","Asia","Sri Lanka","Kalutara, Galle, Ratnapur ...","Flood","Flash Flood",25,362582,362607,1,362607,0,1250003]
[30,5,2008,"31/05/2008","East and Central Africa","Ethiopia","Jijiga (Ogaden region)","Flood","General Flood",29,845,874,1,874,0,361680]
[11,6,2008,"21/07/2008","Asia","India","West Bengal, Orissa, Lakh ...","Flood","Flash Flood",1063,7900000,7901063,1,7901063,0,5500325]
[13,6,2008,"20/06/2008","East and Central Africa","Kenya","Tana Delta district","Flood","General Flood",16,8658,8674,1,8674,0,900086]
[19,6,2008,"19/06/2008","Southern Africa","South Africa","KwaZulu Natal province","Flood","General Flood",11,4000,4011,1,4011,0,100022]
[20,6,2008,"20/06/2008","Latin America and Carribean","Guatemala","Guatemala city","Mass Movement","Landslide",63,1535,1598,1,1598,0,2000]
[26,6,2008,"13/07/2008","Asia","Bangladesh","Cox's Bazar, Chittagong","Flood","General Flood",16,20002,20018,1,20018,0,4100012]
[0,7,2008,"00/07/2008","West Africa","Liberia","Monrovia","Flood","General Flood",null,340,340,1,340,0,17001]
[0,7,2008,"00/09/2008","West Africa","Cameroon","Ekirozock, Nkomassi, Mdam ...","Flood","General Flood",9,25000,25009,1,25009,0,25009]
[0,7,2008,"00/07/2008","West Africa","Niger","Zinder, Tahoua, Dosso, Ti ...","Flood","General Flood",7,32000,32007,1,32007,0,80020]
[0,7,2008,"00/08/2008","West Africa","Ghana","West Mamprusi, Savelugu-N ...","Flood","General Flood",null,58000,58000,1,58000,0,2000005]
[0,7,2008,"00/08/2008","Asia","Nepal","Kusaha, Laukahi, Ghuski, ...","Flood","General Flood",65,70000,70065,1,70065,0,800200]
[0,7,2008,"00/07/2008","West Africa","Benin","Sagon, Tohou�, Dasso, Oui ...","Flood","General Flood",15,158235,158250,1,158250,0,580000]
[1,7,2008,"2008-08-08","West Africa","Togo","Agou, Atakpame, Kloto, Ha ...","Flood","General Flood",6,44814,44820,1,44820,0,125003]
[2,7,2008,"2008-03-07","Latin America and Carribean","Guatemala","Chimaltenango, Chiquimula ...","Flood","General Flood",620,20256,20876,1,20876,0,476827]
[3,7,2008,"2008-03-07","Latin America and Carribean","El Salvador","Modelo area","Flood","General Flood",33,39060,39093,1,39093,0,1335373]
[5,7,2008,"14/07/2008","Asia","India","Assam, Bihar, Gujarat, Go ...","Flood","General Flood",null,50000,50000,1,50000,0,5500325]
[20,7,2008,"25/08/2008","West Africa","Chad","Moyen Chari, N'Djamena","Flood","General Flood",null,6450,6450,1,6450,0,175863]
[20,7,2008,"2008-08-08","Asia","India","Lakhimpur, Jorhat (Assam) ...","Flood","General Flood",142,225000,225142,1,225142,0,5500325]
[0,8,2008,"00/08/2008","Asia","Afghanistan","Jalalabad province","Flood","Flash Flood",null,1180,1180,1,1180,0,300013]
[2,8,2008,"2008-04-08","Asia","Pakistan","North West Frontier Provi ...","Flood","General Flood",36,200012,200048,1,200048,0,4800474]
[8,8,2008,"2008-11-08","Asia","Viet Nam","Lao Cai, Yen Bai, Phu To, ...","Storm","Tropical cyclone",162,57630,57792,1,57792,0,1084809]
[9,8,2008,"20/08/2008","Asia","Pakistan","Rajanpur district (Punjab ...","Flood","General Flood",37,90752,90789,1,90789,0,4800474]
[12,8,2008,"18/08/2008","Asia","Lao P Dem Rep","Luangprabang, Luangnamtha ...","Flood","General Flood",6,204190,204196,1,204196,0,459031]
[18,8,2008,"18/08/2008","Latin America and Carribean","Haiti",null,"Storm","Tropical cyclone",10,220,230,1,230,0,1165220]
[18,8,2008,"19/08/2008","West Africa","Mali","Diancout�, Camara, Lambid ...","Flood","General Flood",null,2500,2500,1,2500,0,47264]
[20,8,2008,"28/08/2008","East and Central Africa","Ethiopia","Gambella region","Flood","Flash Flood",5,91764,91769,1,91769,0,361680]
[26,8,2008,"26/08/2008","Latin America and Carribean","Haiti","South -East, South, Nippe ...","Storm","Tropical cyclone",85,73006,73091,1,73091,0,1165220]
[29,8,2008,"2008-01-09","Latin America and Carribean","Cuba","Island of Youth, Pinar de ...","Storm","Tropical cyclone",null,450019,450019,1,450019,0,498895]
[30,8,2008,"2008-08-09","Asia","Bangladesh","Bogra, Sirajganj (North)","Flood","General Flood",12,615638,615650,1,615650,0,4100012]
[30,8,2008,"2008-08-09","Asia","India","Muzaffarpur, Supaul, Patn ...","Flood","General Flood",47,2600000,2600047,1,2600047,0,5500325]
[2,9,2008,"2008-03-09","Latin America and Carribean","Haiti","Gonaives, Saint-Marc, Gro ...","Storm","Tropical cyclone",529,48000,48529,1,48529,0,1165220]
[6,9,2008,"2008-06-09","Middle East and Europe","Egypt","Manshiyet Nasser shanty","Mass Movement","Rockfall",98,697,795,1,795,0,79]
[6,9,2008,"2008-08-09","Asia","Indonesia","Gorontalo, North Sumatra, ...","Flood","General Flood",16,118000,118016,1,118016,0,3183701]
[6,9,2008,"2008-08-09","Latin America and Carribean","Haiti","Gonaives","Storm","Tropical cyclone",74,125050,125124,1,125124,0,1165220]
[9,9,2008,"2008-09-09","Asia","Indonesia","Lahat (Bengkulu province, ...","Earthquake","Earthquake (ground shaking)",2,625,627,1,627,0,455328]
[13,9,2008,"2008-07-10","Asia","Thailand","Phisanulok, Lop Buri, Phr ...","Flood","General Flood",18,839573,839591,1,839591,0,5000091]
[14,9,2008,"21/09/2008","Asia","India","Orissa, Uttar Pradesh, Hi ...","Flood","General Flood",173,2400000,2400173,1,2400173,0,5500325]
[15,9,2008,"15/09/2008","West Africa","Chad","Kerfi","Flood","General Flood",null,8000,8000,1,8000,0,175863]
[15,9,2008,"2009-12-01","Latin America and Carribean","Colombia","El Banco, Pedraza, Cerro ...","Flood","General Flood",76,1200091,1200167,1,1200167,0,1207119]
[20,9,2008,"00/10/2008","East and Central Africa","Burundi","Mutambu, Kabezi, Muhuta, ...","Flood","General Flood",3,2775,2778,1,2778,0,23004]
[22,9,2008,"29/09/2008","Asia","Nepal","Bardeya, Banke, Dang, Ded ...","Flood","General Flood",50,180003,180053,1,180053,0,800200]
[24,9,2008,"17/10/2008","Latin America and Carribean","Nicaragua","Neva Segovia, Madriz, Gra ...","Flood","General Flood",null,40000,40000,1,40000,0,871560]
[25,9,2008,"28/09/2008","Asia","Viet Nam","Lang Son, Son La, Bac Gia ...","Storm","Tropical cyclone",46,58511,58557,1,58557,0,1084809]
[30,9,2008,"30/09/2008","Asia","Viet Nam","Quang Binh, Ha Tinh","Storm","Tropical cyclone",18,31680,31698,1,31698,0,1084809]
[0,10,2008,"00/10/2008","Asia","Indonesia","Central Java, Gorontalo, ...","Flood","General Flood",5,11000,11005,1,11005,0,3183701]
[1,10,2008,"2008-06-10","East and Central Africa","Rwanda","Rubavu, Ngoma, Kihere, Ny","Flood","General Flood",null,11346,11346,1,11346,0,21726]
[4,10,2008,"2008-07-10","East and Central Africa","Kenya","Katilu division (Turkana) ...","Flood","General Flood",17,6310,6327,1,6327,0,900086]
[14,10,2008,"16/10/2008","East and Central Africa","Kenya","Mandera district","Flood","Flash Flood",3,6000,6003,1,6003,0,900086]
[16,10,2008,"16/10/2008","Latin America and Carribean","El Salvador","Usulutan, San Miguel depa ...","Flood","General Flood",500,68000,68500,1,68500,0,1335373]
[18,10,2008,"18/10/2008","Latin America and Carribean","Nicaragua","Chinandega, Madriz, Estel ...","Flood","General Flood",4,106411,106415,1,106415,0,871560]
[19,10,2008,"20/10/2008","Asia","Viet Nam","Nghe An, Thua Thien-Hue, ...","Flood","Flash Flood",29,12004,12033,1,12033,0,4079074]
[19,10,2008,"2008-12-11","Latin America and Carribean","Honduras","Col�n, Comayagua, Copan, ...","Flood","General Flood",34,503001,503035,1,503035,0,2126600]
[22,10,2008,"00/11/2008","Latin America and Carribean","Guatemala","Sayaxch�, La Libertad, Ri ...","Flood","General Flood",null,98740,98740,1,98740,0,476827]
[23,10,2008,"24/10/2008","Middle East and Europe","Yemen","Tarim, Sah, Shibam, Qatun ...","Flood","Flash Flood",90,25064,25154,1,25154,0,238548]
[23,10,2008,"2008-03-11","West Africa","Morocco","Driouch (Nador province), ...","Flood","Flash Flood",25,60000,60025,1,60025,0,266455]
[27,10,2008,"27/10/2008","Asia","Bangladesh","Barisal, Patuakhali","Storm","Tropical cyclone",15,200,215,1,215,0,1590000]
[27,10,2008,"2008-04-11","Asia","Viet Nam","Thai Nguyen, Vinh Phuc, H ...","Flood","General Flood",99,600000,600099,1,600099,0,4079074]
[29,10,2008,"29/10/2008","Asia","Pakistan","Khanozai, Rod Mulazai, Di ...","Earthquake","Earthquake (ground shaking)",166,75320,75486,1,75486,0,1266453]
[3,11,2008,"2008-04-11","East and Central Africa","Somalia","Bardera city (Southwester ...","Flood","Flash Flood",null,52000,52000,1,52000,0,299052]
[8,11,2008,"2008-09-11","Latin America and Carribean","Bolivia","Mendez, Cercado, Avilez ( ...","Storm","Local storm",20,12085,12105,1,12105,0,485075]
[8,11,2008,"2008-08-11","Latin America and Carribean","Cuba","Santa Cruz del Sur, Najas ...","Storm","Tropical cyclone",null,49445,49445,1,49445,0,498895]
[10,11,2008,"25/11/2008","East and Central Africa","Kenya","Budalangi district (Weste ...","Flood","General Flood",17,30770,30787,1,30787,0,900086]
[14,11,2008,"14/11/2008","Southern Africa","South Africa","Durban city (Kwazulu-Nata ...","Storm","Local storm",5,3576,3581,1,3581,0,500064]
[15,11,2008,"16/11/2008","Asia","Indonesia","Campaka, Cibeber district ...","Flood","General Flood",33,84420,84453,1,84453,0,3183701]
[16,11,2008,"17/11/2008","East and Central Africa","Ethiopia","West Emi, Kelafo, Dolo Od ...","Flood","General Flood",11,23831,23842,1,23842,0,361680]
[17,11,2008,"20/11/2008","Asia","Viet Nam","Phu Yen, Khanh Hoa, Binh ...","Storm","Tropical cyclone",17,8828,8845,1,8845,0,1084809]
[17,11,2008,"17/11/2008","Asia","Indonesia","Gorontalo, Buol district ...","Earthquake","Earthquake (ground shaking)",6,10077,10083,1,10083,0,455328]
[17,11,2008,"20/11/2008","Latin America and Carribean","Cuba","Yara, Bayamo, Manzanillo ...","Flood","General Flood",null,20000,20000,1,20000,0,2500016]
[17,11,2008,"17/11/2008","East and Central Africa","Uganda","Adjumani, Moyo districts ...","Flood","General Flood",49,30040,30089,1,30089,0,718074]
[20,11,2008,"20/11/2008","Latin America and Carribean","Colombia","Belalcazar municipality ( ...","Volcano","Volcanic eruption",9,104000,104009,1,104009,0,7076]
[20,11,2008,"20/12/2008","Asia","Thailand","Nakorn Si Thammarat, Sura ...","Flood","Flash Flood",21,700000,700021,1,700021,0,5000091]
[22,11,2008,"2008-04-12","Asia","Sri Lanka","Chankanai, Chavakachcheri ...","Flood","Flash Flood",null,321138,321138,1,321138,0,1250003]
[22,11,2008,"24/11/2008","Latin America and Carribean","Brazil","Bumeteau, Ilhota, Gaspar, ...","Flood","General Flood",151,1500015,1500166,1,1500166,0,3021023]
[27,11,2008,"2008-04-12","Asia","India","Tirivarur, Thoothukudi, V ...","Flood","Flash Flood",54,803740,803794,1,803794,0,5500325]
[0,12,2008,"00/12/2008","East and Central Africa","Tanzania Uni Rep","Kizwite, Milanzi (Rukwa d ...","Storm","Local storm",null,274,274,1,274,0,141066]
[0,12,2008,"00/12/2008","East and Central Africa","Tanzania Uni Rep","Idobashi village (Itwangi ...","Storm","Local storm",null,403,403,1,403,0,141066]
[0,12,2008,"00/04/2009","Southern Africa","Malawi","Balaka, Blantyre, Lilongw ...","Flood","General Flood",null,16380,16380,1,16380,0,500059]
[8,12,2008,"2008-08-12","Asia","Papua New Guinea","New Ireland; Northern Pro ...","Flood","Storm surge/coastal Flood",null,75300,75300,1,75300,0,75300]
[13,12,2008,"16/12/2008","Latin America and Carribean","Colombia","Plato (Magdalena province ...","Flood","General Flood",2,50000,50002,1,50002,0,1207119]
[25,12,2008,"2009-05-01","Asia","Viet Nam","Phu Yen, Binh Dinh, Quang","Flood","General Flood",9,20000,20009,1,20009,0,4079074]
[26,12,2008,"2009-12-01","Asia","Indonesia","West Lombok district (Wes ...","Flood","General Flood",24,15000,15024,1,15024,0,3183701]
[28,12,2008,"19/01/2009","Southern Africa","Mozambique","Maputo, Inhambe, Gaza pro ...","Flood","General Flood",79,549326,549405,1,549405,0,2502240]
[29,12,2008,"19/01/2009","Asia","Thailand","Phatthalung, Yala, Narath ...","Flood","Flash Flood",null,32584,32584,1,32584,0,5000091]
[4,1,2009,"2009-04-01","Latin America and Carribean","Guatemala","Aquil Grande, Aquil Peque ...","Mass Movement","Landslide",36,3028,3064,1,3064,0,2000]
[4,1,2009,"2009-04-01","Asia","Indonesia","Manokwari , Sorong (North ...","Earthquake","Earthquake (ground shaking)",5,4250,4255,1,4255,0,455328]
[15,1,2009,"00/02/2009","Middle East and Europe","Bosnia-Hercegovenia","Rastoci, Otok, Rupe, Prid ...","Flood","General Flood",null,2630,2630,1,2630,0,275000]
[16,1,2009,"16/01/2009","East and Central Africa","Tanzania Uni Rep","Chavumba (Handali ward, C ...","Storm","Local storm",null,605,605,1,605,0,141066]
[19,1,2009,"2009-02-03","Latin America and Carribean","Ecuador","Machala, Balsas, El Guabo ...","Flood","General Flood",10,11840,11850,1,11850,0,700307]
[19,1,2009,"22/01/2009","Southern Africa","Madagascar","Sofia, Sava, Atsinanana, ...","Storm","Tropical cyclone",12,62505,62517,1,62517,0,988502]
[28,1,2009,"2009-02-02","Asia","Indonesia","Java and Sulawesi Islands ...","Flood","Flash Flood",18,12000,12018,1,12018,0,3183701]
[0,2,2009,"00/03/2009","Southern Africa","Mozambique","Maputo province, Southern ...","Flood","General Flood",800,4500000,4500800,1,4500800,1,2502240]
[1,2,2009,"2009-12-02","West Africa","Morocco","Northern and Central regi ...","Flood","General Flood",11,266444,266455,1,266455,0,266455]
[7,2,2009,"2009-07-02","Latin America and Carribean","Colombia","Altos de Cazuca (Soacha m ...","Mass Movement","Landslide",null,593,593,1,593,0,4500]
[11,2,2009,"2009-11-02","Asia","Indonesia","Kepulauan Talaud","Earthquake","Earthquake (ground shaking)",null,3049,3049,1,3049,0,455328]
[15,2,2009,"17/02/2009","Latin America and Carribean","Colombia","Tumaco, Sotomayer, Barbac ...","Flood","General Flood",23,31250,31273,1,31273,0,1207119]
[1,3,2009,"16/04/2009","Southern Africa","Angola","Mukolongondjo, Mupa, Kalo ...","Flood","General Flood",60,220000,220060,1,220060,0,331727]
[17,3,2009,"27/03/2009","Southern Africa","Madagascar","South-West","Storm","Tropical cyclone",null,3376,3376,1,3376,0,988502]
[26,3,2009,"27/03/2009","Southern Africa","Mozambique","North-West","Storm","Tropical cyclone",null,603,603,1,603,0,549405]
[31,3,2009,"31/03/2009","Asia","India","Kendrapara district (Oris ...","Storm","Local storm",14,9200,9214,1,9214,0,1010100]
[4,4,2009,"15/04/2009","Asia","Afghanistan","Daykundi, Kandahar, Herat ...","Flood","Flash Flood",19,2500,2519,1,2519,0,300013]
[6,4,2009,"2009-06-04","Southern Africa","Madagascar","Soanierana-Ivongo, Maroen ...","Storm","Tropical cyclone",15,64918,64933,1,64933,0,988502]
[12,4,2009,"15/04/2009","East and Central Africa","Burundi","Buterere, Bujumbura regio ...","Flood","General Flood",null,8000,8000,1,8000,0,23004]
[12,4,2009,"2009-12-04","Latin America and Carribean","Peru","Retamas (La Libertad regi ...","Mass Movement","Landslide",310,13500,13810,1,13810,0,330250]
[17,4,2009,"17/04/2009","Asia","Afghanistan","Sherzad, Heserak (Nangarh ...","Earthquake","Earthquake (ground shaking)",22,3309,3331,1,3331,0,121635]
[19,4,2009,"20/04/2009","Asia","Bangladesh","Banshkhali, Anowara, Sita ...","Storm","Tropical cyclone",7,19209,19216,1,19216,0,1590000]
[20,4,2009,"00/05/2009","Asia","Afghanistan","Kach Guzar, Nasrat Abad, ...","Flood","General Flood",20,54594,54614,1,54614,0,300013]
[22,4,2009,"14/05/2009","Latin America and Carribean","Brazil","Maranhao, Ceara, Alagoas","Flood","General Flood",42,1150900,1150942,1,1150942,0,3021023]
[0,5,2009,"00/05/2009","West Africa","Benin","Challa Ogo� (Ouesse commu ...","Storm","Local storm",null,800,800,1,800,0,475061]
[5,5,2009,"2009-05-05","Latin America and Carribean","Peru","Chamanacucho (La Liberta ...","Mass Movement","Landslide",200,30000,30200,1,30200,0,330250]
[15,5,2009,"21/05/2009","Latin America and Carribean","Haiti","Camp Perrin, Cayes, Manic ...","Flood","General Flood",38,150000,150038,1,150038,0,1588122]
[25,5,2009,"25/05/2009","Asia","India","Calcutta, Parganas, Howra ...","Storm","Tropical cyclone",30,100000,100030,1,100030,0,1010100]
[25,5,2009,"26/05/2009","Asia","Bangladesh","Khulna, Satkhira, Patuak ...","Storm","Tropical cyclone",190,3935341,3935531,1,3935531,0,1590000]
[28,5,2009,"28/05/2009","Latin America and Carribean","Honduras","Roatan, Guanaja, Puerto C ...","Earthquake","Earthquake (ground shaking)",4,3858,3862,1,3862,0,608000]
[0,6,2009,"00/07/2009","West Africa","Benin","Akogbato, Cocotorney (Abo ...","Flood","General Flood",7,156117,156124,1,156124,0,580000]
[19,6,2009,"22/06/2009","Latin America and Carribean","Nicaragua","Moyogalpa municipality (I ...","Flood","General Flood",11,107105,107116,1,107116,0,871560]
[19,6,2009,"22/06/2009","Latin America and Carribean","Guatemala","Escuintla department","Flood","General Flood",3,180000,180003,1,180003,0,476827]
[0,7,2009,null,"Asia","India",null,"Flood",null,992,1886000,1886992,null,1886992,0]
[0,7,2009,null,"West Africa","Liberia",null,"Flood",null,null,1500,1500,null,1500,0]
[3,7,2009,null,"Asia","Viet Nam",null,"Flood",null,20,700000,700020,null,700020,0]
[4,7,2009,null,"Asia","Myanmar",null,"Mass Movement Wet",null,24,1351,1375,null,1375,0]
[5,7,2009,null,"Middle East and Europe","Bosnia-Hercegovenia",null,"Flood",null,null,1100,1100,null,1100,0]
[18,7,2009,null,"Asia","Pakistan",null,"Flood",null,15,150,165,null,165,0]
[15,8,2009,null,"Asia","Sri Lanka",null,"Flood",null,null,20000,20000,null,20000,0]
[2,9,2009,null,"Asia","Indonesia",null,"Earthquake",null,128,339792,339920,null,339920,0]
[3,9,2009,null,"West Africa","Niger",null,"Flood",null,3,79129,79132,null,79132,0]
[8,9,2009,null,"Middle East and Europe","Georgia",null,"Earthquake",null,null,5001,5001,null,5001,0]
[12,9,2009,null,"West Africa","Chad",null,"Flood",null,3,4895,4898,null,4898,0]
[15,9,2009,null,"Asia","Indonesia",null,"Flood",null,10,10000,10010,null,10010,0]
[17,9,2009,null,"West Africa","Ghana",null,"Flood",null,25,52000,52025,null,52025,0]
[18,9,2009,null,"Latin America and Carribean","Haiti",null,"Flood",null,null,296,296,null,296,0]
[28,9,2009,null,"Asia","Viet Nam",null,"Storm",null,174,629,803,null,803,0]
[29,9,2009,null,"Asia","Cambodia",null,"Storm",null,3,34300,34303,null,34303,0]
[30,9,2009,null,"Asia","Indonesia",null,"Earthquake",null,1117,992250,993367,null,993367,0]
[0,10,2009,null,"Asia","India",null,"Flood",null,205,1800000,1800205,null,1800205,0]
[1,10,2009,null,"Asia","Lao P Dem Rep",null,"Storm",null,151,155000,155151,null,155151,0]
[4,10,2009,null,"Asia","Nepal",null,"Flood",null,46,19003,19049,null,19049,0]

{"sheet":"StatTrucOut","index":13,"n_rows":124,"n_cols":18,"rows_kept":124,"cut":false,"hidden":false,"merged":[]}
["Location","Disaster","Number of Observations (N)","Sqrt (N)","Mean","Variance","Standard Deviation","p- value","Quantile.1","Quantile.2","Quantile.3","Quantile.4","Quantile.5","Quantile.6","Quantile.7","Quantile.8","Quantile.9","Quantile.99"]
["Latin America and Carribean","Flood",338,18.384776310850235,156642.93786982249,0,0,null,null,4287,null,17973,34814,60891,null,154808,null,901538]
[]
[]
[]
[]
[]
["Year","Year Count","Num Aff","Month","Month Count"]
[1900,null,null,"January",42]
[1901,null,null,"February",37]
[1902,null,null,"March",29]
[1903,null,null,"April",29]
[1904,null,null,"May",26]
[1905,null,null,"June",30]
[1906,null,null,"July",16]
[1907,null,null,"August",11]
[1908,null,null,"September",28]
[1909,null,null,"October",37]
[1910,null,null,"November",22]
[1911,null,null,"December",27]
[1912]
[1913]
[1914]
[1915]
[1916]
[1917]
[1918]
[1919]
[1920]
[1921]
[1922]
[1923]
[1924]
[1925]
[1926]
[1927]
[1928]
[1929]
[1930]
[1931]
[1932]
[1933]
[1934]
[1935]
[1936]
[1937]
[1938]
[1939]
[1940]
[1941]
[1942]
[1943]
[1944]
[1945]
[1946]
[1947]
[1948,753]
[1949,182553]
[1950]
[1951]
[1952]
[1953]
[1954]
[1955]
[1956]
[1957,365]
[1958]
[1959,395]
[1960,1305]
[1961]
[1962,374]
[1963,1124]
[1964,96889.333333333328]
[1965,266003.66666666669]
[1966,252498.5]
[1967,103993]
[1968,1087]
[1969,112782]
[1970,1855722]
[1971,11267.333333333334]
[1972]
[1973,37032]
[1974,300878.5]
[1975,1529560]
[1976,3906]
[1977,53094]
[1978,1568]
[1979,876513.33333333337]
[1980,92181.6]
[1981,17353.8]
[1982,329862.5]
[1983,1082042.2]
[1984,83508.428571428565]
[1985,227581]
[1986,68063.333333333328]
[1987,6829.5]
[1988,336388.84615384613]
[1989,178811.875]
[1990,7846.8461538461543]
[1991,22642]
[1992,58564.6]
[1993,105482]
[1994,17371.444444444445]
[1995,25623]
[1996,33366.25]
[1997,30246]
[1998,13547.75]
[1999,29886.545454545456]
[2000,22998.058823529413]
[2001,21575.076923076922]
[2002,41752.315789473687]
[2003,70613.578947368427]
[2004,140494.33333333334]
[2005,68458.416666666672]
[2006,155646.79999999999]
[2007,191378.95238095237]
[2008,292294.8125]
[2009,233074]
[2010]
[2011]
[2012]
[2013]
[2014]
[2015]

{"sheet":"StatWithOut","index":14,"n_rows":1,"n_cols":19,"rows_kept":1,"cut":false,"hidden":false,"merged":[]}
["Location","Disaster","Number of Observations (N)","Sqrt (N)","Mean","Variance","Standard Deviation","p- value","Quantile.1","Quantile.2","Quantile.3","Quantile.4","Quantile.5","Quantile.6","Quantile.7","Quantile.8","Quantile.9","Quantile.99","Max Non-Out Val"]

{"sheet":"ButtonOutputs","index":15,"n_rows":15,"n_cols":4,"rows_kept":15,"cut":false,"hidden":true,"merged":[]}
["Box Outputs","Country","Region","Mult Countries"]
["Output1",1,4,1]
["Output2",null,null,1]
["Output3",null,null,1]
["Output4",null,null,1]
["Output5",null,null,1]
["Disaster",1,3,1]
[]
["Outputs Name","Country","Region","Mult Countries"]
["Output1",{"$f":"INDEX(EditRegionCountry!$C$2:$C$59,B2)","v":0},{"$f":"INDEX(EditRegionCountry!A2:A8,C2)","v":"Latin America and Carribean"},{"$f":"IF(INDEX(EditRegionCountry!$C$2:$C$65,D2)=0,\"\",INDEX(EditRegionCountry!$C$2:$C$65,D2))","v":""}]
["Output2",null,null,{"$f":"IF(INDEX(EditRegionCountry!$C$2:$C$65,D3)=0,\"\",INDEX(EditRegionCountry!$C$2:$C$65,D3))","v":""}]
["Output3",null,null,{"$f":"IF(INDEX(EditRegionCountry!$C$2:$C$65,D4)=0,\"\",INDEX(EditRegionCountry!$C$2:$C$65,D4))","v":""}]
["Output4",null,null,{"$f":"IF(INDEX(EditRegionCountry!$C$2:$C$65,D5)=0,\"\",INDEX(EditRegionCountry!$C$2:$C$65,D5))","v":""}]
["Output5",null,null,{"$f":"IF(INDEX(EditRegionCountry!$C$2:$C$65,D6)=0,\"\",INDEX(EditRegionCountry!$C$2:$C$65,D6))","v":""}]
["Disaster",{"$f":"INDEX(EditRegionCountry!$B$2:$B$8,ButtonOutputs!B7)","v":0},{"$f":"INDEX(EditRegionCountry!$B$2:$B$8,ButtonOutputs!C7)","v":"Flood"},{"$f":"INDEX(EditRegionCountry!$B$2:$B$8,ButtonOutputs!D7)","v":0}]

{"sheet":"GF","index":16,"n_rows":60,"n_cols":17,"rows_kept":60,"cut":false,"hidden":true,"merged":[]}
["GROWTH FACTORS",1915,1940,1952,1957,1962,1967,1972,1977,1982,1987,1992,1997,2002,2007,2010]
["Afghanistan",5.579796328462276,4.5764625814090518,3.5731288343558281,3.275334608030593,2.9627632516024009,2.6478450627386798,2.342611213900732,2.0606425134446646,1.9357218824780644,2.2239957232320147,2.1652910997100157,1.5146676375741184,1.3224195086508332,1.1403007283264155,1,0.89385800669142701]
["Bangladesh",5.6926854984892925,4.5777759525921464,3.4628664066950008,3.1875857062192465,2.8953528840693861,2.6220224271780239,2.3475962038288456,2.0756372040497419,1.7974913858785266,1.5941464792141518,1.4184337338585928,1.2733907999677758,1.1564592006204228,1.0678619925551105,1,0.93629347059903689]
["India",5.0173560015489,4.0944733938749147,3.1715907862009298,2.9018077117159904,2.6338716594109024,2.3700875215167163,2.1179478198700461,1.8954021744223433,1.7128464800084102,1.5443515900222746,1.3996246535561869,1.2743070982038596,1.1657636887608069,1.0752860061614724,1,0.93721478697702953]
["Indonesia",5.6839938239835304,4.3060476242287438,2.9281014244739572,2.6920170627666056,2.4261378387554169,2.1937627534897159,1.9867857259673569,1.7961440652906735,1.6147593824559539,1.4626141500972194,1.3366782197282281,1.2285754737970511,1.1362724419980452,1.0614777016636376,1,0.94998807471095836]
["Myanmar",4.7681344603892271,3.6287049559745808,2.4892754515599345,2.304560570071259,2.1240422085029991,1.9453422625015038,1.7709268791297046,1.5991758694577221,1.4673179879616467,1.3346998294172674,1.2361695079377213,1.1618566330563074,1.0950317148597097,1.0410979483217444,1,0.9648554039540157]
["Nepal",6.0184554230550864,4.6194613044085218,3.2204671857619576,3.0543306255934168,2.8851021425012457,2.6654391456453692,2.4290628408423527,2.2006688963210701,1.9742243436754177,1.7472540736270368,1.5303943334390528,1.3233990035196781,1.1665726488838746,1.0685760685022514,1,0.91762543184051215]
["Pakistan",7.2912607902351683,5.8926010907168536,4.4939413911985397,3.9896700724670295,3.518308293805942,3.0833463779459085,2.6980336651142971,2.3728049041653283,2.0802520564662812,1.7870845472232584,1.5354241369155883,1.3619301507306056,1.2013974071388394,1.0850992201941558,1,0.9293585388357658]
["Papua New Guinea",4.4281918359911598,4.3617588075139935,4.2953257790368271,3.9255663430420711,3.5302677532013971,3.1246780010303965,2.739385727190605,2.4221246006389778,2.1310611384399158,1.8782904924125117,1.6467553624762421,1.4385673624288424,1.2601288177851653,1.114889705882353,1,0.90902278177458029]
["Sri Lanka",5.5881901840490826,4.2220786311191913,2.8559670781893005,2.4745801702323442,2.1702814486028448,1.9104875233105407,1.704889452413028,1.5613614921256986,1.4289319872476089,1.3290091425747468,1.2389288799308955,1.1644295302013423,1.1069150030870549,1.0492586812329301,1,0.96117589241835322]
["Thailand",9.0717213114754092,6.1925066990467554,3.3132920866181022,2.8316489701931689,2.4135863046559809,2.071143409643815,1.7903264942978081,1.5708979939439818,1.4120911836005614,1.2933855323127263,1.2030545138322735,1.1277448499566938,1.0727093564228483,1.0335247700424897,1,0.97353760445682447]
["Cambodia",14.758874790379354,9.2861402937404023,3.8134057971014492,3.2532381513099793,2.7709521720052654,2.3707497586613751,2.0627624825011668,1.8323316062176165,1.6599076264503774,1.4859822509076241,1.3336048511177483,1.2100350377751012,1.136083269082498,1.0654888160431932,1,0.9458245073496373]
["East Timor",6.7463301837688698,4.6977063762881048,2.6490825688073394,2.4470338983050848,2.269155206286837,2.0886075949367089,1.9314381270903009,1.706056129985229,2.073608617594255,1.7714723926380369,1.5482573726541555,1.3275862068965518,1.3636363636363635,1.1084452975047985,1,0.90801886792452835]
["Timor-Leste",6.7463301837688698,4.6977063762881048,2.6490825688073394,2.4470338983050848,2.269155206286837,2.0886075949367089,1.9314381270903009,1.706056129985229,2.073608617594255,1.7714723926380369,1.5482573726541555,1.3275862068965518,1.3636363636363635,1.1084452975047985,1,0.90801886792452835]
["Lao P Dem Rep",1,1,1,1,1,1,1,1,1,1,1,1,1,1,1,{"$error":"#DIV/0!"}]
["Viet Nam",5.5663948429096992,4.5500232065266504,3.5336515701436011,3.2291801860263898,2.8295109931766489,2.4040742927693382,2.1037414566550017,1.8631513260530421,1.6675230382574699,1.4905396635215415,1.3317523565969847,1.2139788298117453,1.1312612089216703,1.0609535090316848,1,0.94935823379156115]
["Burundi",10.212360168901311,7.1931458059910707,4.1739314430808294,3.8288043478260869,3.5037300177619892,3.11037527593819,2.8003975014196478,2.6830794341675737,2.2947882736156351,2.0038602194229989,1.7816112716763006,1.5998377939983779,1.4455518100542284,1.2084048027444254,1,0.85216865387938479]
["Ethiopia",9.0718155213778537,6.7171469180619132,4.3624783147459727,4.0024101864483859,3.6415656419380196,3.2914360508601348,2.9866300179850014,2.6690016982047551,2.4423631923631923,2.0842825680251971,1.8185631340785586,1.5843924392439244,1.3716667965401699,1.1738196852493998,1,0.85338491671029926]
["Kenya",13.226404926673696,9.8844816660814985,6.5425584054892996,5.6933466022177992,4.9095255608679658,4.1938422871504866,3.5606828487596691,2.9812402292860867,2.4522074582083153,2.026567481402763,1.7147811937997774,1.4764415277982599,1.3126720860102268,1.1470840971585701,1,0.89484503832145335]
["Rwanda",11.086685572716966,7.809845451385133,4.5330053300533004,4.0978502594514454,3.6464379947229553,3.3862174578866768,2.933404085964447,2.5375258205187055,2.1509727626459143,1.8466677801904126,1.5796542363194741,2.0200986661794262,1.3165039295070255,1.1503485589428779,1,0.87316379718843784]
["Somalia",5.8434580409123482,4.9955600294799645,4.1476620180475798,3.7830153385708942,3.4208389715832204,3.0801096558026195,2.7575674938641943,2.4496124031007751,1.7452537107352433,1.5655674252980338,1.5110579796772265,1.5797531635681925,1.3690766314649336,1.1553930530164533,1,0.87119841474972004]
["Tanzania Uni Rep",10.673477806254491,7.9764994576326016,5.2795211090107124,4.6698249916397279,4.0831384015594541,3.5293176074136476,3.0341855580502646,2.5943150854594998,2.2444682560942941,1.9378758442039041,1.6614975807091299,1.4080260814035559,1.242673232083531,1.1091313441529216,1,0.9082887062853674]
["Uganda",12.228223160658301,9.1382876035091574,6.0483520463600149,5.2871616273547568,4.5991462407050401,3.9812850160925022,3.4279995894488349,3.0495799853907961,2.690213451469996,2.3206642579210675,1.9133249312557288,1.6142580956984049,1.3941809984972449,1.1844037022589453,1,0.8362084074009164]
["Bolivia",5.8649764150943398,4.7305720831798528,3.5961677512653654,3.2358490566037736,2.8966220151426909,2.5816247080197248,2.2887712839392544,2.0242165242165244,1.8281565888623414,1.6759898904802022,1.5130818375418316,1.3487457627118644,1.2137888956680902,1.0963297696462031,1,0.92093324692158129]
["Brazil",11.182328736654805,7.4726362168389002,3.7629436970229966,3.2554634635930975,2.8049794267382664,2.4202159026632808,2.1017411479453201,1.8470320263779056,1.6347179320435701,1.4638234994395189,1.3303102467420784,1.2296568507557599,1.1405569419237749,1.0640764472758251,1,0.94705339398905564]
["Cuba",6.9221954161640529,4.4530596786956824,1.983923941227312,1.7986209058141358,1.6332716664294862,1.4695262483994878,1.3434390729252019,1.2354144241119482,1.1889568009945095,1.1401748460162924,1.0916959954342242,1.0563276576161988,1.0334053664685756,1.0133321561010065,1,0.99093420825418754]
["Colombia",11.056778389194598,7.4350920931480236,3.8134057971014492,3.2532381513099793,2.7709521720052654,2.3707497586613751,2.0627624825011668,1.8323316062176165,1.6599076264503774,1.4859822509076241,1.3336048511177483,1.2100350377751012,1.136083269082498,1.0654888160431932,1,0.9458245073496373]
["Ecuador",10.565,7.4770103857566763,4.3890207715133531,3.8498178032274857,3.3494112318840581,2.8899960922235248,2.4904866139080655,2.1523573923166475,1.867550505050505,1.6322003972632972,1.4335142469470827,1.3128883365879638,1.188413948256468,1.0826379739423218,1,0.93212755230652888]
["El Salvador",9.535248041775457,6.6500982476918526,3.7649484536082474,3.2886087348041424,2.8288148721920989,2.4201457919151754,2.0266370699223084,1.7941537705723409,1.5996495838808584,1.5660377358490567,1.432156862745098,1.3115460585383372,1.1922951354880835,1.0882002383790226,1,0.92397216951296646]
["Guatemala",10.423076923076923,7.493451563593025,4.5638262041091275,3.8858617722971034,3.3048780487804876,2.8550358196375893,2.5740881458966567,2.2927241962774958,2.0375939849624061,1.7873631447038649,1.5112647780504127,1.3512165935380933,1.2223725755525485,1.1122055322991053,1,0.90823781754809307]
["Haiti",5.8993589743589743,4.4354721897949219,2.9715854052308686,2.7349182763744428,2.489315661347038,2.2479237909135321,2.0266461131909272,1.9065672260203024,1.7698076923076924,1.6211026950854324,1.4633487040865003,1.3251259899208063,1.2047388401623249,1.0962477665276951,1,0.91272438758306063]
["Honduras",15.978,10.780404612159328,5.582809224318658,4.8068592057761732,4.0927254098360653,3.4302275654787464,2.8935168417240131,2.7953114065780267,2.3483245149911816,1.9595290654893305,1.6664580725907385,1.439200144118177,1.2563296115741469,1.1106631447240372,1,0.91334171716016921]
["Nicaragua",12.543933054393305,9.0023854707303492,5.4608378870673953,4.6953797963978072,4.0160750167448089,3.4262857142857142,2.9206039941548951,2.5035490605427975,2.1368496079828936,1.8790347853337512,1.6271370420624152,1.3673888255416191,1.2149949341438704,1.0963613091972939,1,0.92005524014116924]
["Peru",7.8889475072540227,5.903533101196774,3.9181186951395257,3.4486854243542435,3.0114792065250229,2.6080927880003486,2.2668839536117638,1.9726271354132314,1.729228100607112,1.5390592836558254,1.3845833333333333,1.2491437640965668,1.1464330892781844,1.0661651991016363,1,0.94549650659163476]
["Bosnia-Hercegovenia",2.3239438679512965,2.0301161864174215,1.7362885048835461,1.5541358439811701,1.4265432098765432,1.3232178643000285,1.2481771536591952,1.1613065326633165,1.1295210166177909,1.0811695906432748,1.0447558770343581,1.2461579940684822,1.1454770755885997,1.0433408577878105,1,1.0008661758336943]
["Egypt",7.8109290502619233,5.8035681198097047,3.7962071893574865,3.3732394366197185,2.9974298804335682,2.6589129357343464,2.3968547090010128,2.1776851676453872,1.8875076230238776,1.6077679213617837,1.4656054783543082,1.3652048519806599,1.235009745392041,1.1092853992059992,1,0.90942172296495527]
["Georgia",2.6635913201895467,1.9860903131095629,1.308589306029579,1.202247191011236,1.1094767301663853,1.0304591265397536,0.98018747337025991,0.93936300530828909,0.91181133571145456,0.88600038513383406,0.8479542941393291,0.9178136844205067,0.96315679296629686,0.98375026726534098,1,1.0167955801104973]
["Jordan",19.968992415240056,15.694834888546943,11.420677361853832,9.3260553129548764,7.5465253239104833,6.0386427898209236,4.2628077178975383,3.5535219079312257,2.9620896902450302,2.4361216730038024,1.9611264156718702,1.5342432950191571,1.3666808873720135,1.2215443279313631,1,0.96738638079420203]
["Serbia Montenegro",1.4372648672774082,1.3352375377354133,1.2332102081934184,1.1634722002217646,1.1030184712419282,1.0554677396177612,1.0133830022075054,0.98842686044946848,0.96797575118608326,0.95142487046632129,0.94335987670177246,0.95501235209985702,0.96593897948448182,0.9790722474006931,1,1.0234081092378431]
["Serbia",1.4372648672774082,1.3352375377354133,1.2332102081934184,1.1634722002217646,1.1030184712419282,1.0554677396177612,1.0133830022075054,0.98842686044946848,0.96797575118608326,0.95142487046632129,0.94335987670177246,0.95501235209985702,0.96593897948448182,0.9790722474006931,1,1.0234081092378431]
["Yemen",7.4755724061330744,6.196965604364423,4.9183588025957716,4.4624881291547958,4.001192098092643,3.6090629800307221,3.3100873485488869,2.9613057726241494,2.572539143764371,2.2291271347248576,1.8923163659793814,1.5808774054635983,1.3497443557189637,1.1548291963627426,1,0.88105148685641432]
["Angola",7.7634744644452054,5.4684298014309558,3.1733851384167071,2.9545557314040245,2.724202626641651,2.5448880233690359,2.3310738494470211,2.2205607476635514,1.9380097879282219,1.7228740936058009,1.5750271182355069,1.3874084297696145,1.2593235039028621,1.116255231912531,1,0.90479817212490476]
["Madagascar",6.7923692112285847,5.6994313588610455,4.6064935064935062,4.253847691385169,3.882159795695002,3.5060955518945636,3.1454330475908958,2.7987901104681745,2.4487400759406284,2.1220460664074183,1.8294507005931402,1.5727165237954479,1.3519247871934952,1.1621887287024901,1,0.86333211634416451]
["Malawi",11.088028841729766,8.285938453523741,5.483848065317714,5.0025906735751295,4.4776811594202899,3.9468574348492589,3.4267968056787934,2.9053977807034044,2.4681258987058636,2.1075034106412005,1.6182694322229205,1.5050662509742789,1.3089306897136079,1.1449747998814113,1,0.8720293536550946]
["Mozambique",5.3730626385447842,4.4514113192723919,3.52976,3.2528752580359774,2.9524892933618845,2.6576316106493194,2.3711306964746344,2.1145404006517778,1.8227712137486574,1.6888157391104646,1.7416120628404517,1.3993656834760546,1.2171586206896552,1.0946214151037015,1,0.91289414880410491]
["South Africa",10.420352227436988,7.0161852340480024,3.6120182406590176,3.1953282581820548,2.8196015387265314,2.4680369886420745,2.1595866314863676,1.9023435986829362,1.6788253794612333,1.4336719799147546,1.276354090861836,1.1629487543809796,1.0897612284750577,1.0342438346355538,1,1.0170442778445099]
["Zambia",11.552644182963492,8.1376616919517808,4.7226792009400702,4.2025095852213319,3.7052858020897359,3.2639415268002168,2.8356067732831609,2.4486190089358244,2.115263157894737,1.7770081061164333,1.5112810228127351,1.3246539222148979,1.1814796668299854,1.0847503373819163,1,0.92625028808481213]
["Zimbabwe",8.2562527617160217,6.1701873692912397,4.0841219768664567,3.4180111469639192,2.9050112191473447,2.487086446104589,2.1127833182230282,1.8372753074739829,1.6251046025104603,1.361214953271028,1.1473020874359985,1.0441795859844072,0.98578680203045688,1.0011169344445399,1,0.81883345045678146]
["Benin",11.022765421020278,8.2178979525902349,5.4130304841601911,4.9057421451787651,4.4068126520681261,3.9186499350930335,3.4564885496183204,3.0226969292389851,2.6188548293811453,2.2471464019851117,1.9247608926673752,1.6036833717017887,1.3681825049101073,1.1643095911545385,1,0.86668580725428268]
["Cameroon",8.0369173105352338,5.9920674932381566,3.9472176759410802,3.7025522932258683,3.4398288464967015,3.1608781127129753,2.8681433031068826,2.5650093060356287,2.2020086738187628,1.8932391325679521,1.623527431841131,1.4183635962655297,1.2575115687935867,1.1177799663982388,1,0.90213681208210594]
["Chad",8.2310865903890775,6.1368239700411644,4.0425613496932513,3.7586452762923352,3.4658119658119659,3.1518684603886395,2.8288167426884896,2.5441602316602316,2.3314904909332155,2.0811290959336755,1.8049991439821949,1.557311669128508,1.3273322422258593,1.1214764386767364,1,0.90645688246926315]
["Ghana",12.878885401754239,8.7369696028971315,4.5950538040400231,4.0238055877004459,3.4981316470250072,3.0387016229712858,2.769370804414609,2.4058515370169022,2.2105167559713013,1.8398971955552197,1.579698857736241,1.3748305467690918,1.2322802754151478,1.1032544646904179,1,0.91555388376904268]
["Liberia",8.7329712709238478,6.5109031111900793,4.2888349514563107,3.8081896551724137,3.3497630331753556,2.9230769230769229,2.5297065139584825,2.1868811881188117,1.9113034072471606,1.6537201684604586,1.6693434104865374,1.789367088607595,1.3113172541743969,1.2177808407994486,1,0.90084119296456788]
["Mali",7.6166693385303814,5.6787251247966442,3.7407809110629069,3.3888479489069026,3.0691879866518352,2.7713941341904378,2.4875586007933648,2.2187198456095207,2.0222808560539431,1.837996269650946,1.6567791521556383,1.4777206512425021,1.2989360700499011,1.1369704961265865,1,0.87771981168087543]
["Morocco",6.7810982911835689,5.0830997182129982,3.3851011452424276,2.9333147838990912,2.5458423891169604,2.2484714915398833,1.9879942171098119,1.7881494883247584,1.6229794221788885,1.4612363703566809,1.3177916666666667,1.2095380143796848,1.1249955536584497,1.0577238219457543,1,0.94910422230891578]
["Niger",13.026844379555802,8.9405087076623406,4.8541730357688779,4.4613655521213822,4.0577561972910807,3.6551565377532227,3.2799008469324518,2.9300608968444362,2.6059412440505496,2.3115446207599359,2.0247385870951287,1.7260571801282749,1.449913249931513,1.2038820228978695,1,0.8341914468845224]
["Sierra Leone",5.1174837745870629,3.8155698700438911,2.5136559655007189,2.3493058665472457,2.189482470784641,2.0317583268783888,1.8809609178917175,1.7313531353135314,1.5730134932533733,1.4166891709424791,1.2407757805108799,1.351713475908271,1.3772643738514045,1.1142735768903993,1,0.89232862731757101]
["Togo",10.771205935341529,8.0306541622100127,5.2901023890784984,4.7765793528505389,4.2582417582417582,3.762135922330097,3.1568228105906315,2.8130671506352085,2.4989923417976621,2.1059782608695654,1.7663817663817665,1.562106324011086,1.3152312261349173,1.1477230655312847,1,0.87434776477224652]
[]
[null,1900,1925,1950,1955,1960,1965,1970,1975,1980,1985,1990,1995,2000,2005,2010,2015]

{"sheet":"Outliers","index":17,"n_rows":39,"n_cols":11,"rows_kept":39,"cut":false,"hidden":true,"merged":[]}
["E[x] + X*σ","Asia","Latin America and Carribean","East and Central Africa","West Africa","Southern Africa","Middle East and Europe",null,null,"STDEV Mult:","User input"]
["Earthquake",13975809.86866199,5492012.2869732399,271086.4030415556,169723.45669795031,155178.01693532651,275630.920829123,null,"Asia",9]
["Flood",63522695.474939324,3556708.850310056,1871738.7182407829,2011939.8063764479,4297338.1528206468,485125.5884744681,null,"East and Central Africa",5]
["Mass Movement",2061650.8353283487,3480991.357122635,11021.313148452278,57540.293976111519,14198.671942511008,3080.3457183782557,null,"Latin America and Carribean",5]
["Storm",16410388.660487382,5557931.8664710196,86499.472314605737,26365.387555299658,3987033.8331851447,40001.171655897837,null,"Middle East and Europe",5]
["Volcano",494401.43684033677,674542.17544136744,45991.198872959139,62057.871015118268,{"$error":"#DIV/0!"},{"$error":"#DIV/0!"},null,"Southern Africa",5]
[null,null,null,null,null,null,null,null,"West Africa",5]
[]
["Location","St Dev Mult","Disaster","Dist","Number of Observations (N)","Sqrt (N)","Mean","Variance","Standard Deviation","X * Std Dev","Mean + X*StDev"]
["Asia",{"$f":"$J$2","v":9},"Earthquake","Geometric",172,13.114877048604001,334227.65116279072,5085529150222.0059,2255111.7822010522,20296006.039809469,20630233.690972261]
["Asia",{"$f":"$J$2","v":9},"Flood","Geometric",694,26.343879744638983,2535302.7478386168,106243965101120.97,10307471.324292926,92767241.918636337,95302544.666474953]
["Asia",{"$f":"$J$2","v":9},"Mass Movement","Geometric",70,8.3666002653407556,100872.3,239663069550.5607,489553.94958120876,4405985.5462308787,4506857.8462308785]
["Asia",{"$f":"$J$2","v":9},"Storm","Geometric",385,19.621416870348583,934224.10389610392,11823331557859.074,3438507.1699589454,30946564.529630508,31880788.633526612]
["Asia",{"$f":"$J$2","v":9},"Volcano","Geometric",57,7.5498344352707498,38132.912280701756,9061158677.6528854,95190.118592493018,856711.06733243715,894843.97961313894]
["East and Central Africa",{"$f":"$J$3","v":5},"Earthquake","Geometric",13,3.6055512754639891,18861.23076923077,1440082686.1923077,37948.421392625911,189742.10696312954,208603.33773236032]
["East and Central Africa",{"$f":"$J$3","v":5},"Flood","Geometric",166,12.884098726725126,104879.25903614458,182098777238.27789,426730.33315933601,2133651.6657966799,2238530.9248328246]
["East and Central Africa",{"$f":"$J$3","v":5},"Mass Movement","Geometric",4,2,1867.75,4575306.916666666,2138.996707960689,10694.983539803445,12562.733539803445]
["East and Central Africa",{"$f":"$J$3","v":5},"Storm","Geometric",10,3.1622776601683795,8397.5,202002736.72222221,14212.76668077761,71063.833403888042,79461.333403888042]
["East and Central Africa",{"$f":"$J$3","v":5},"Volcano","Geometric",2,1.4142135623730951,6459,33702050,5805.346673541555,29026.733367707777,35485.733367707777]
["Latin America and Carribean",{"$f":"$J$4","v":5},"Earthquake","Geometric",99,9.9498743710661994,332416.52525252523,2051054911425.21,1432150.4499965115,7160752.2499825573,7493168.775235083]
["Latin America and Carribean",{"$f":"$J$4","v":5},"Flood","Geometric",338,18.384776310850235,156642.93786982249,480540072808.7948,693209.97743021185,3466049.8871510592,3622692.8250208818]
["Latin America and Carribean",{"$f":"$J$4","v":5},"Mass Movement","Geometric",67,8.1853527718724504,172784.94029850746,1408902319314.2085,1186971.9117629568,5934859.5588147836,6107644.4991132915]
["Latin America and Carribean",{"$f":"$J$4","v":5},"Storm","Geometric",122,11.045361017187261,234675.6475409836,507974624090.9574,712723.38539643656,3563616.926982183,3798292.5745231668]
["Latin America and Carribean",{"$f":"$J$4","v":5},"Volcano","Geometric",35,5.9160797830996161,43067.285714285717,9643823236.8571415,98202.969592864873,491014.84796432435,534082.13367861009]
["Middle East and Europe",{"$f":"$J$5","v":5},"Earthquake","Geometric",8,2.8284271247461903,30402.625,2485362870.8392854,49853.413833350322,249267.06916675161,279669.69416675158]
["Middle East and Europe",{"$f":"$J$5","v":5},"Flood","Geometric",44,6.6332495807107996,32044.545454545456,5999751011.7420712,77458.059695180011,387290.29847590008,419334.84393044555]
["Middle East and Europe",{"$f":"$J$5","v":5},"Mass Movement","Geometric",3,1.7320508075688772,573.33333333333337,36894.333333333336,192.07897681249068,960.39488406245346,1533.7282173957869]
["Middle East and Europe",{"$f":"$J$5","v":5},"Storm","Geometric",4,2,7680,189457670,13764.362317230682,68821.811586153402,76501.811586153402]
["Middle East and Europe",{"$f":"$J$5","v":5},"Volcano","Geometric",0,0,0,0,0,0,0]
["Southern Africa",{"$f":"$J$6","v":5},"Earthquake","Geometric",5,2.2360679774997898,17102.599999999999,1280175661.3,35779.542497075054,178897.71248537526,196000.31248537527]
["Southern Africa",{"$f":"$J$6","v":5},"Flood","Geometric",111,10.535653752852738,174989.95495495494,245883019201.27979,495865.9286553975,2479329.6432769876,2654319.5982319424]
["Southern Africa",{"$f":"$J$6","v":5},"Mass Movement","Geometric",1,1,3149,0,0,0,3149]
["Southern Africa",{"$f":"$J$6","v":5},"Storm","Geometric",65,8.0622577482985491,364117.32307692309,1166681304968.0029,1080130.2259301899,5400651.1296509495,5764768.4527278729]
["Southern Africa",{"$f":"$J$6","v":5},"Volcano","Geometric",0,0,0,0,0,0,0]
["West Africa",{"$f":"$J$7","v":5},"Earthquake","Geometric",3,1.7320508075688772,36593.666666666664,2539137714.333333,50389.857256528652,251949.28628264327,288542.95294930995]
["West Africa",{"$f":"$J$7","v":5},"Flood","Geometric",103,10.148891565092219,125360.33009708738,137899910908.85074,371348.7725963972,1856743.862981986,1982104.1930790734]
["West Africa",{"$f":"$J$7","v":5},"Mass Movement","Geometric",3,1.7320508075688772,6810.666666666667,127116449.33333333,11274.593089479253,56372.965447396266,63183.63211406293]
["West Africa",{"$f":"$J$7","v":5},"Storm","Geometric",8,2.8284271247461903,3803.75,31984425.071428571,5655.4774397418096,28277.387198709046,32081.137198709046]
["West Africa",{"$f":"$J$7","v":5},"Volcano","Geometric",2,1.4142135623730951,13425,185859200,13633.018741276635,68165.093706383181,81590.093706383181]

{"sheet":"EPP","index":18,"n_rows":29,"n_cols":4,"rows_kept":29,"cut":false,"hidden":true,"merged":[]}
["Country","Region","Disaster","AvgOfTotal Population Affected (EPP)"]
["Burundi","East and Central Africa","Armed Conflict",3500000]
["Ghana","West Africa","Drought",2676884]
["Indonesia","Asia","Earthquake",1000000]
["Indonesia","Asia","Flood",3333333.3333333335]
["Kosovo","Middle East and Europe","Avian Flu Epidemic",1000000]
["Kosovo","Middle East and Europe","Interethnic Violence",40000]
["Mozambique","Southern Africa","Storm",686000]
["Mozambique","Southern Africa","Drought",357000]
["Mozambique","Southern Africa","Flood",210500]
["Nepal","Asia","Drought",400000]
["Nepal","Asia","Earthquake",400000]
["Nepal","Asia","Flood",450000]
["Niger","West Africa","Drought",1800000]
["Somalia","East and Central Africa","Civil Insecurity",4000000]
["Somalia","East and Central Africa","Drought",1700000]
["Somalia","East and Central Africa","Flood",100000]
["Sri Lanka","Asia","Flood",45000]
["Sudan ","East and Central Africa","Drought",750000]
["Sudan ","East and Central Africa","Flood",90000]
["Takikistan","Asia","Drought",2000000]
["Takikistan","Asia","Earthquake",100000]
["Takikistan","Asia","Flood",1610000]
["Uganda","East and Central Africa","Avain Flu Outbreak",1200000]
["Uganda","East and Central Africa","Displacement of Population",1000000]
["Uganda","East and Central Africa","IDP Movements",300000]
["Yemen","Middle East and Europe","Armed Conflict",2500000]
["Yemen","Middle East and Europe","Earthquake",3000000]
["Yemen","Middle East and Europe","Somali Refugee Crisis",90000]

{"sheet":"ItemData","index":19,"n_rows":44,"n_cols":12,"rows_kept":44,"cut":false,"hidden":true,"merged":[]}
["Item","Category","Vendor","Unit","UnitsPerPackage","PackageWeightKG","UnitWeightKG","PackageCoverage","UnitCoverage","PackagePrice","UnitPrice","Comment"]
["BP5Biscuit","FOOD",null,"Box",216,13.6,6.3E-2,5.14,2.3800000000000002E-2,null,null,"1 carton box contains 24 packs, 9 bars per pack; 216 bars per box; 5 person HH eating 3 bars per day for two week is 210 bars"]
["PlumpyNut","FOOD","Techno Relief","Carton",150,13.8,9.1999999999999998E-2,3.57,2.3800000000000002E-2,73.27,0.49,"Carton/box of 150 satchets; 20 month shelf life; 50 beneficiaries per day per carton; 3.57 beneficiaries per two week per carton"]
["ORS","REHYDRATION","Techno Relief","Carton",null,null,null,null,null,null,0.105,"Oral Rehydration Salts; treats diarrhoeal dehydration"]
["ORS","REHYDRATION","UNICEF",null,1000,null,null,null,null,106.5,0.107]
["Water Tank 5kL","WATERTANK","Scan-Water","Single",1,83,83,"3 per disaster for now",null,1456.9,1456.9,"Water storage tank, collapsible, 5,000 litres with truck harness; www.scan-water.com"]
["Water Tank 5kL","WATERTANK","Techno Relief",null,null,null,null,null,null,1179]
["Water Tank 10kL","WATERTANK"]
["TapStands","TAPSTAND","Scan-Water","Single",4,80,19,6000,1500,436.21,109.05,"6-tap station; www.scan-water.com; Standard is 250 people / 50 HH per tap"]
["TapStands","TAPSTAND","Techno Relief",null,null,null,null,null,null,820]
["NorAid Sanitation Module","WATERPURIFIER","Mediq Norge","Box",1,94,94,9000,9000,61500,61500,"NorAid Sanitation Module / Outdoor Ecomaster 2000; up to 1800 L/hr"]
["NorAid Sanitation filters","WATERPURIFIER","Mediq Norge",null,null,null,null,null,null,null,null,"NorAid Sanitation Module / Outdoor Ecomaster 2000; repalcement filters"]
["EmWat Kit 4000","WATERPURIFIER","Scan-Water","Single",1,950,950,20000,20000,20333,20333,"EmWat Kit 4000: with 2 10,000 L pillow tanks and 4 6-tap stands"]
["EmWat Kit 4000 & U-CANs","WATERPURIFIER","Scan-Water","Single",null,1580,1580,20000,20000,33200,33200,"EmWat Kit 4000: with 2 10,000 L pillow tanks and 4 6-tap stands and 4,000 U-CANs"]
["EmWat Unit","WATERPURIFIER","Scan-Water","Single",1,700,700,20000,20000,16833,16833,"EmWat Unit; up to 4,000 L/hr"]
["EmWat filters","WATERPURIFIER","Scan-Water",null,null,null,null,null,107.14,null,null,"EmWat replacement filters"]
["PUR Relief Kits","WATERPURIFIER","Techno Relief","Carton",null,null,null,null,3.5700000000000003E-2,null,0.09,"Water purification powder"]
["U-CAN","JERRYCAN","Scan-Water","Box",250,38,0.152,625,2.5,992.5,3.97,"10 L; >10,000 gets 10% discount"]
["Jerrycan","JERRYCAN","Techno Relief",null,null,null,null,null,2.5,null,1.02]
["Jerrycan Collapsable","JERRYCAN","Dinsons","Carton",30,6,0.2,300,2.5,75,2.5,"10 L; spout; 30 pieces per carton; Vendor: HSNDS \"H. Sheikh Noor-ud-Din & Sons FZCO\" www.dinsons.com"]
["Jerrycan Collapsable","JERRYCAN","Priyanka","Bale",50,11.5,0.23,125,2.5,99,1.98,"10 L; screw cap; 50 pcs per bale; Vendor: Priyanka"]
["Family Tent 4x4m","SHELTER","Techno Relief",null,null,null,null,null,null,130,130,"below HH space standards"]
["Family Tent 4x6m","SHELTER","Priyanka","Single",1,75,75,5,5,285,285,"Family Ridge Tent, double fly, 4x6m; Vendor: Priyanka"]
["Family Tent 4x6m","SHELTER","National Tent House","Single",1,null,null,5,5,189,189,"Family Ridge Tent, triple fly, 4x6m;"]
["Plastic Sheeting 4x6m","SHELTER","Reltex","Bale",5,20.9,4.18,25,5,59.5,11.9,"Reltex Relief Supplies; Bales of 5 Tarpaulins; stock 10,000, produce 5,000 per day"]
["Plastic Sheeting 4x6m","SHELTER","Toyop",null,null,null,null,null,5,null,12.3]
["Plastic Sheeting 4x6m","SHELTER","Techno Relief",null,null,null,null,null,5,null,11.32]
["Plastic Sheeting 4x5m","SHELTER","Dinsons","Bale",5,20.5,4.0999999999999996,25,5,48.5,9.6999999999999993,"Bales of 5 sheets; Vendor: HSNDS \"H. Sheikh Noor-ud-Din & Sons FZCO\" www.dinsons.com"]
["Blanket","BLANKET","Dinsons","Bale",30,45,1.5,50,1.66,85.5,2.85,"30 per bale; 150 x 200 cm; 50% wool, 50% synthetic fibers; Vendor: HSNDS \"H. Sheikh Noor-ud-Din & Sons FZCO\" www.dinsons.com"]
["Blanket","BLANKET","Toyop",null,null,null,null,null,1.66,null,2.2000000000000002]
["Blanket","BLANKET","Techno Relief",null,null,null,null,null,1.66,null,2.4500000000000002]
["Blanket","BLANKET","Priyanka","Bale",30,42,1.4,50,1.66,81,2.7,"30 per bale; 150 x 200 cm; 50% wool, 50% synthetic fibers; Vendor: Priyanka, USD 2.70 Each FOB Mumbai"]
["Mosquito Net","MOSQUITONET","Toyop",null,null,null,null,null,null,null,4.2,"size unknown"]
["Mosquito Net","MOSQUITONET","Techno Relief",null,null,null,null,null,2.5,null,5.9]
["Mosquito Net","MOSQUITONET","Olyset","Bale",40,25.2,0.63,100,2.5,360,9,"160x180x150 cm; Rectangular \"large family\"; Olyset Net made by Sumitomo Chemical America; discount at 270 & 630 bales ($7.50 & $7.25)"]
["Mosquito Net","MOSQUITONET","Priyanka","Bale",100,74,0.74,250,2.5,475,4.75,"160x180x150 cm; Rectangular; Priyanka_Vietnam; 100 pc per bale"]
["Mosquito Net","MOSQUITONET","Dinsons","Bale",50,37.04,0.74,125,2.5,275,5.5,"160x180x150 cm; Rectangular \"DuraNet\"; 50 pc per bale; Vendor: HSNDS \"H. Sheikh Noor-ud-Din & Sons FZCO\" www.dinsons.com"]
["Plastic Sleeping Mat","SLEEPMAT","Toyop",null,null,null,null,null,2.5,null,1.25]
["Plastic Sleeping Mat","SLEEPMAT","Techno Relief",null,null,null,null,null,2.5,null,1.63]
["Plastic Sleeping Mat","SLEEPMAT","Priyanka","Bale",25,20,0.8,62.5,2.5,31.25,1.25,"1.8 x 0.9m; Priyanka_Mumbai"]
["Plastic Sleeping Mat","SLEEPMAT","Dinsons","Bale",50,40.5,0.81,125,2.5,98,1.96,"Bale of 50 pieces; Sleeping Mats: Waterproof & Tearproof Woven Mats; Vendor: HSNDS \"H. Sheikh Noor-ud-Din & Sons FZCO\" www.dinsons.com"]
["Hygiene Kit","HYGIENEKIT","Toyop",null,null,null,null,null,5,null,15]
["Hygiene Kit","HYGIENEKIT","Dinsons","Single",1,8.1999999999999993,8.1999999999999993,5,5,20,20,"Family hygiene parcel; Vendor: HSNDS \"H. Sheikh Noor-ud-Din & Sons FZCO\" www.dinsons.com"]
["Hygiene Kit","HYGIENEKIT","Priyanka","Single",1,8.1999999999999993,8.1999999999999993,5,5,13.3,13.3,"Family hygiene parcel; Vendor: Priyanka India, Exports: Works(hop?)"]

{"sheet":"DisasterSupplyBasis","index":20,"n_rows":31,"n_cols":13,"rows_kept":31,"cut":false,"hidden":true,"merged":[]}
["DisasterType","Region","FOOD","WATERPURIFIER","WATERTANK","TAPSTAND","JERRYCAN","SHELTER","BLANKET","SLEEPMAT","HYGIENEKIT","MOSQUITONET","REHYDRATION"]
["Earthquake","EastAndCentralAfrica",1,1,1,1,1,1,1,1,1,0,0]
["Earthquake","WestAfrica",1,1,1,1,1,1,1,1,1,0,0]
["Earthquake","SouthernAfrica",1,1,1,1,1,1,1,1,1,0,0]
["Earthquake","Asia",1,1,1,1,1,1,1,1,1,0,0]
["Earthquake","LatinAmericaAndTheCaribbean",1,1,1,1,1,1,1,1,1,0,0]
["Earthquake","MiddleEastAndEurope",1,1,1,1,1,1,1,1,1,0,0]
["MassMovement","EastAndCentralAfrica",1,1,1,1,1,1,1,1,1,0,0]
["MassMovement","WestAfrica",1,1,1,1,1,1,1,1,1,0,0]
["MassMovement","SouthernAfrica",1,1,1,1,1,1,1,1,1,0,0]
["MassMovement","Asia",1,1,1,1,1,1,1,1,1,0,0]
["MassMovement","LatinAmericaAndTheCaribbean",1,1,1,1,1,1,1,1,1,0,0]
["MassMovement","MiddleEastAndEurope",1,1,1,1,1,1,1,1,1,0,0]
["Storm","EastAndCentralAfrica",1,1,1,1,1,1,1,1,1,1,1]
["Storm","WestAfrica",1,1,1,1,1,1,1,1,1,1,1]
["Storm","SouthernAfrica",1,1,1,1,1,1,1,1,1,1,1]
["Storm","Asia",1,1,1,1,1,1,1,1,1,1,1]
["Storm","LatinAmericaAndTheCaribbean",1,1,1,1,1,1,1,1,1,0,0]
["Storm","MiddleEastAndEurope",1,1,1,1,1,1,1,1,1,0,0]
["Flood","EastAndCentralAfrica",1,1,1,1,1,1,1,1,1,1,1]
["Flood","WestAfrica",1,1,1,1,1,1,1,1,1,1,1]
["Flood","SouthernAfrica",1,1,1,1,1,1,1,1,1,1,1]
["Flood","Asia",1,1,1,1,1,1,1,1,1,1,1]
["Flood","LatinAmericaAndTheCaribbean",1,1,1,1,1,1,1,1,1,0,0]
["Flood","MiddleEastAndEurope",1,1,1,1,1,1,1,1,1,0,0]
["Volcano","EastAndCentralAfrica",1,1,1,1,1,1,1,1,1,0,0]
["Volcano","WestAfrica",1,1,1,1,1,1,1,1,1,0,0]
["Volcano","SouthernAfrica",1,1,1,1,1,1,1,1,1,0,0]
["Volcano","Asia",1,1,1,1,1,1,1,1,1,0,0]
["Volcano","LatinAmericaAndTheCaribbean",1,1,1,1,1,1,1,1,1,0,0]
["Volcano","MiddleEastAndEurope",1,1,1,1,1,1,1,1,1,0,0]